51.222.253.4 - - [30/Dec/2022:05:58:13 -0800] "GET /2014/equilibristi_it.html HTTP/1.1" 200 3107 "-" "Mozilla/5.0 (compatible; AhrefsBot/7.0; +http://ahrefs.com/robot/)" "italianfilmfestivalstlouis.com"
51.222.253.20 - - [30/Dec/2022:05:58:17 -0800] "GET /2014/assets/640300Equilibristi.jpg HTTP/1.1" 200 64860 "-" "Mozilla/5.0 (compatible; AhrefsBot/7.0; +http://ahrefs.com/robot/)" "italianfilmfestivalstlouis.com"
167.114.113.132 - - [30/Dec/2022:06:08:51 -0800] "HEAD / HTTP/1.1" 200 - "-" "Mozilla/5.0 (Windows NT 10.0; Win64; x64) AppleWebKit/537.36 (KHTML, like Gecko) Chrome/74.0.3729.169 Safari/537.36" "www.italianfilmfestivalstlouis.com"
167.114.113.132 - - [30/Dec/2022:06:08:51 -0800] "HEAD /wordpress HTTP/1.1" 404 - "-" "Mozilla/5.0 (Windows NT 10.0; Win64; x64) AppleWebKit/537.36 (KHTML, like Gecko) Chrome/74.0.3729.169 Safari/537.36" "www.italianfilmfestivalstlouis.com"
167.114.113.132 - - [30/Dec/2022:06:08:51 -0800] "HEAD /Wordpress HTTP/1.1" 404 - "-" "Mozilla/5.0 (Windows NT 10.0; Win64; x64) AppleWebKit/537.36 (KHTML, like Gecko) Chrome/74.0.3729.169 Safari/537.36" "www.italianfilmfestivalstlouis.com"
167.114.113.132 - - [30/Dec/2022:06:08:51 -0800] "HEAD /WORDPRESS HTTP/1.1" 404 - "-" "Mozilla/5.0 (Windows NT 10.0; Win64; x64) AppleWebKit/537.36 (KHTML, like Gecko) Chrome/74.0.3729.169 Safari/537.36" "www.italianfilmfestivalstlouis.com"
167.114.113.132 - - [30/Dec/2022:06:08:51 -0800] "HEAD /WordPress HTTP/1.1" 404 - "-" "Mozilla/5.0 (Windows NT 10.0; Win64; x64) AppleWebKit/537.36 (KHTML, like Gecko) Chrome/74.0.3729.169 Safari/537.36" "www.italianfilmfestivalstlouis.com"
167.114.113.132 - - [30/Dec/2022:06:08:51 -0800] "HEAD /wp HTTP/1.1" 404 - "-" "Mozilla/5.0 (Windows NT 10.0; Win64; x64) AppleWebKit/537.36 (KHTML, like Gecko) Chrome/74.0.3729.169 Safari/537.36" "www.italianfilmfestivalstlouis.com"
167.114.113.132 - - [30/Dec/2022:06:08:51 -0800] "HEAD /Wp HTTP/1.1" 404 - "-" "Mozilla/5.0 (Windows NT 10.0; Win64; x64) AppleWebKit/537.36 (KHTML, like Gecko) Chrome/74.0.3729.169 Safari/537.36" "www.italianfilmfestivalstlouis.com"
167.114.113.132 - - [30/Dec/2022:06:08:51 -0800] "HEAD /WP HTTP/1.1" 404 - "-" "Mozilla/5.0 (Windows NT 10.0; Win64; x64) AppleWebKit/537.36 (KHTML, like Gecko) Chrome/74.0.3729.169 Safari/537.36" "www.italianfilmfestivalstlouis.com"
167.114.113.132 - - [30/Dec/2022:06:08:51 -0800] "HEAD /old HTTP/1.1" 404 - "-" "Mozilla/5.0 (Windows NT 10.0; Win64; x64) AppleWebKit/537.36 (KHTML, like Gecko) Chrome/74.0.3729.169 Safari/537.36" "www.italianfilmfestivalstlouis.com"
167.114.113.132 - - [30/Dec/2022:06:08:52 -0800] "HEAD /Old HTTP/1.1" 404 - "-" "Mozilla/5.0 (Windows NT 10.0; Win64; x64) AppleWebKit/537.36 (KHTML, like Gecko) Chrome/74.0.3729.169 Safari/537.36" "www.italianfilmfestivalstlouis.com"
167.114.113.132 - - [30/Dec/2022:06:08:52 -0800] "HEAD /OLD HTTP/1.1" 404 - "-" "Mozilla/5.0 (Windows NT 10.0; Win64; x64) AppleWebKit/537.36 (KHTML, like Gecko) Chrome/74.0.3729.169 Safari/537.36" "www.italianfilmfestivalstlouis.com"
167.114.113.132 - - [30/Dec/2022:06:08:52 -0800] "HEAD /oldsite HTTP/1.1" 404 - "-" "Mozilla/5.0 (Windows NT 10.0; Win64; x64) AppleWebKit/537.36 (KHTML, like Gecko) Chrome/74.0.3729.169 Safari/537.36" "www.italianfilmfestivalstlouis.com"
167.114.113.132 - - [30/Dec/2022:06:08:52 -0800] "HEAD /new HTTP/1.1" 404 - "-" "Mozilla/5.0 (Windows NT 10.0; Win64; x64) AppleWebKit/537.36 (KHTML, like Gecko) Chrome/74.0.3729.169 Safari/537.36" "www.italianfilmfestivalstlouis.com"
167.114.113.132 - - [30/Dec/2022:06:08:52 -0800] "HEAD /New HTTP/1.1" 404 - "-" "Mozilla/5.0 (Windows NT 10.0; Win64; x64) AppleWebKit/537.36 (KHTML, like Gecko) Chrome/74.0.3729.169 Safari/537.36" "www.italianfilmfestivalstlouis.com"
167.114.113.132 - - [30/Dec/2022:06:08:52 -0800] "HEAD /NEW HTTP/1.1" 404 - "-" "Mozilla/5.0 (Windows NT 10.0; Win64; x64) AppleWebKit/537.36 (KHTML, like Gecko) Chrome/74.0.3729.169 Safari/537.36" "www.italianfilmfestivalstlouis.com"
167.114.113.132 - - [30/Dec/2022:06:08:52 -0800] "HEAD /wp-old HTTP/1.1" 404 - "-" "Mozilla/5.0 (Windows NT 10.0; Win64; x64) AppleWebKit/537.36 (KHTML, like Gecko) Chrome/74.0.3729.169 Safari/537.36" "www.italianfilmfestivalstlouis.com"
167.114.113.132 - - [30/Dec/2022:06:08:52 -0800] "HEAD /2022 HTTP/1.1" 404 - "-" "Mozilla/5.0 (Windows NT 10.0; Win64; x64) AppleWebKit/537.36 (KHTML, like Gecko) Chrome/74.0.3729.169 Safari/537.36" "www.italianfilmfestivalstlouis.com"
167.114.113.132 - - [30/Dec/2022:06:08:52 -0800] "HEAD /2020 HTTP/1.1" 404 - "-" "Mozilla/5.0 (Windows NT 10.0; Win64; x64) AppleWebKit/537.36 (KHTML, like Gecko) Chrome/74.0.3729.169 Safari/537.36" "www.italianfilmfestivalstlouis.com"
167.114.113.132 - - [30/Dec/2022:06:08:52 -0800] "HEAD /2019 HTTP/1.1" 404 - "-" "Mozilla/5.0 (Windows NT 10.0; Win64; x64) AppleWebKit/537.36 (KHTML, like Gecko) Chrome/74.0.3729.169 Safari/537.36" "www.italianfilmfestivalstlouis.com"
167.114.113.132 - - [30/Dec/2022:06:08:52 -0800] "HEAD /2018 HTTP/1.1" 404 - "-" "Mozilla/5.0 (Windows NT 10.0; Win64; x64) AppleWebKit/537.36 (KHTML, like Gecko) Chrome/74.0.3729.169 Safari/537.36" "www.italianfilmfestivalstlouis.com"
167.114.113.132 - - [30/Dec/2022:06:08:53 -0800] "HEAD /backup HTTP/1.1" 404 - "-" "Mozilla/5.0 (Windows NT 10.0; Win64; x64) AppleWebKit/537.36 (KHTML, like Gecko) Chrome/74.0.3729.169 Safari/537.36" "www.italianfilmfestivalstlouis.com"
167.114.113.132 - - [30/Dec/2022:06:08:53 -0800] "HEAD /test HTTP/1.1" 301 - "-" "Mozilla/5.0 (Windows NT 10.0; Win64; x64) AppleWebKit/537.36 (KHTML, like Gecko) Chrome/74.0.3729.169 Safari/537.36" "www.italianfilmfestivalstlouis.com"
185.191.171.23 - - [30/Dec/2022:06:11:06 -0800] "GET /2012/directions_st_louis_it.html HTTP/1.1" 200 2258 "-" "Mozilla/5.0 (compatible; SemrushBot/7~bl; +http://www.semrush.com/bot.html)" "www.italianfilmfestivalstlouis.com"
51.222.253.11 - - [30/Dec/2022:06:13:43 -0800] "GET /2014/women_workers.html HTTP/1.1" 200 2555 "-" "Mozilla/5.0 (compatible; AhrefsBot/7.0; +http://ahrefs.com/robot/)" "italianfilmfestivalstlouis.com"
185.191.171.24 - - [30/Dec/2022:06:14:33 -0800] "GET /2014/sponsors_it.html HTTP/1.1" 200 3191 "-" "Mozilla/5.0 (compatible; SemrushBot/7~bl; +http://www.semrush.com/bot.html)" "italianfilmfestivalstlouis.com"
51.222.253.16 - - [30/Dec/2022:06:21:16 -0800] "GET /2014/rosso_blu.html HTTP/1.1" 200 2850 "-" "Mozilla/5.0 (compatible; AhrefsBot/7.0; +http://ahrefs.com/robot/)" "italianfilmfestivalstlouis.com"
185.191.171.23 - - [30/Dec/2022:06:22:35 -0800] "GET /2015/awards.html HTTP/1.1" 200 2870 "-" "Mozilla/5.0 (compatible; SemrushBot/7~bl; +http://www.semrush.com/bot.html)" "italianfilmfestivalstlouis.com"
51.222.253.11 - - [30/Dec/2022:06:29:06 -0800] "GET /2016/directions_st_louis.html HTTP/1.1" 200 3510 "-" "Mozilla/5.0 (compatible; AhrefsBot/7.0; +http://ahrefs.com/robot/)" "www.italianfilmfestivalstlouis.com"
51.222.253.1 - - [30/Dec/2022:06:37:02 -0800] "GET /2011/awards.html HTTP/1.1" 200 2423 "-" "Mozilla/5.0 (compatible; AhrefsBot/7.0; +http://ahrefs.com/robot/)" "www.italianfilmfestivalstlouis.com"
51.222.253.10 - - [30/Dec/2022:06:37:06 -0800] "GET /2011/assets/SkylineFinalVersion.jpg HTTP/1.1" 200 41588 "-" "Mozilla/5.0 (compatible; AhrefsBot/7.0; +http://ahrefs.com/robot/)" "www.italianfilmfestivalstlouis.com"
51.222.253.2 - - [30/Dec/2022:06:37:07 -0800] "GET /2011/assets/USA.jpg HTTP/1.1" 200 3278 "-" "Mozilla/5.0 (compatible; AhrefsBot/7.0; +http://ahrefs.com/robot/)" "www.italianfilmfestivalstlouis.com"
51.222.253.1 - - [30/Dec/2022:06:37:08 -0800] "GET /2011/stylesheet.css HTTP/1.1" 200 1198 "-" "Mozilla/5.0 (compatible; AhrefsBot/7.0; +http://ahrefs.com/robot/)" "www.italianfilmfestivalstlouis.com"
51.222.253.16 - - [30/Dec/2022:06:37:08 -0800] "GET /2011/SpryAssets/SpryMenuBarHorizontal.css HTTP/1.1" 200 1696 "-" "Mozilla/5.0 (compatible; AhrefsBot/7.0; +http://ahrefs.com/robot/)" "www.italianfilmfestivalstlouis.com"
51.222.253.11 - - [30/Dec/2022:06:37:09 -0800] "GET /2011/assets/italy.jpg HTTP/1.1" 200 879 "-" "Mozilla/5.0 (compatible; AhrefsBot/7.0; +http://ahrefs.com/robot/)" "www.italianfilmfestivalstlouis.com"
51.222.253.1 - - [30/Dec/2022:06:37:39 -0800] "GET /2011/SpryAssets/SpryMenuBar.js HTTP/1.1" 200 6259 "-" "Mozilla/5.0 (compatible; AhrefsBot/7.0; +http://ahrefs.com/robot/)" "www.italianfilmfestivalstlouis.com"
51.222.253.4 - - [30/Dec/2022:06:37:40 -0800] "GET /2011/assets/2011newlogo.jpg HTTP/1.1" 200 20723 "-" "Mozilla/5.0 (compatible; AhrefsBot/7.0; +http://ahrefs.com/robot/)" "www.italianfilmfestivalstlouis.com"
49.7.21.104 - - [30/Dec/2022:06:43:08 -0800] "GET / HTTP/1.1" 200 682 "-" "Sogou web spider/4.0(+http://www.sogou.com/docs/help/webmasters.htm#07)" "italianfilmfestivalstlouis.com"
65.108.79.209 - - [30/Dec/2022:06:43:50 -0800] "GET /2009/ HTTP/1.1" 200 2865 "http://www.italianfilmfestivalstlouis.com/" "Mozilla/5.0 (compatible; SEOkicks; +https://www.seokicks.de/robot.html)" "www.italianfilmfestivalstlouis.com"
65.108.79.209 - - [30/Dec/2022:06:43:51 -0800] "GET /2010/ HTTP/1.1" 200 2334 "http://www.italianfilmfestivalstlouis.com/" "Mozilla/5.0 (compatible; SEOkicks; +https://www.seokicks.de/robot.html)" "www.italianfilmfestivalstlouis.com"
65.108.79.209 - - [30/Dec/2022:06:43:52 -0800] "GET /2010a/ HTTP/1.1" 200 2458 "http://www.italianfilmfestivalstlouis.com/" "Mozilla/5.0 (compatible; SEOkicks; +https://www.seokicks.de/robot.html)" "www.italianfilmfestivalstlouis.com"
65.108.79.209 - - [30/Dec/2022:06:44:14 -0800] "GET /2011/ HTTP/1.1" 200 2414 "http://www.italianfilmfestivalstlouis.com/" "Mozilla/5.0 (compatible; SEOkicks; +https://www.seokicks.de/robot.html)" "www.italianfilmfestivalstlouis.com"
65.108.79.209 - - [30/Dec/2022:06:44:15 -0800] "GET /2012/ HTTP/1.1" 200 2383 "http://www.italianfilmfestivalstlouis.com/" "Mozilla/5.0 (compatible; SEOkicks; +https://www.seokicks.de/robot.html)" "www.italianfilmfestivalstlouis.com"
65.108.79.209 - - [30/Dec/2022:06:44:17 -0800] "GET /2013/ HTTP/1.1" 200 2637 "http://www.italianfilmfestivalstlouis.com/" "Mozilla/5.0 (compatible; SEOkicks; +https://www.seokicks.de/robot.html)" "www.italianfilmfestivalstlouis.com"
65.108.79.209 - - [30/Dec/2022:06:44:18 -0800] "GET /2014/ HTTP/1.1" 200 2740 "http://www.italianfilmfestivalstlouis.com/" "Mozilla/5.0 (compatible; SEOkicks; +https://www.seokicks.de/robot.html)" "www.italianfilmfestivalstlouis.com"
65.108.79.209 - - [30/Dec/2022:06:44:20 -0800] "GET /2015/ HTTP/1.1" 200 2899 "http://www.italianfilmfestivalstlouis.com/" "Mozilla/5.0 (compatible; SEOkicks; +https://www.seokicks.de/robot.html)" "www.italianfilmfestivalstlouis.com"
65.108.79.209 - - [30/Dec/2022:06:44:21 -0800] "GET /2016/ HTTP/1.1" 200 2842 "http://www.italianfilmfestivalstlouis.com/" "Mozilla/5.0 (compatible; SEOkicks; +https://www.seokicks.de/robot.html)" "www.italianfilmfestivalstlouis.com"
65.108.79.209 - - [30/Dec/2022:06:44:23 -0800] "GET /2017/ HTTP/1.1" 200 2975 "http://www.italianfilmfestivalstlouis.com/" "Mozilla/5.0 (compatible; SEOkicks; +https://www.seokicks.de/robot.html)" "www.italianfilmfestivalstlouis.com"
51.222.253.19 - - [30/Dec/2022:06:44:44 -0800] "GET /2009/indice.html HTTP/1.1" 200 2552 "-" "Mozilla/5.0 (compatible; AhrefsBot/7.0; +http://ahrefs.com/robot/)" "www.italianfilmfestivalstlouis.com"
51.222.253.2 - - [30/Dec/2022:06:44:48 -0800] "GET /2009/images/NotturnoBus.jpg HTTP/1.1" 200 108929 "-" "Mozilla/5.0 (compatible; AhrefsBot/7.0; +http://ahrefs.com/robot/)" "www.italianfilmfestivalstlouis.com"
51.222.253.7 - - [30/Dec/2022:06:44:49 -0800] "GET /2009/images/GiustaDistanzaLocandina.jpg HTTP/1.1" 200 84645 "-" "Mozilla/5.0 (compatible; AhrefsBot/7.0; +http://ahrefs.com/robot/)" "www.italianfilmfestivalstlouis.com"
51.222.253.4 - - [30/Dec/2022:06:45:20 -0800] "GET /2009/images/ColpoLocandino.jpg HTTP/1.1" 200 110712 "-" "Mozilla/5.0 (compatible; AhrefsBot/7.0; +http://ahrefs.com/robot/)" "www.italianfilmfestivalstlouis.com"
51.222.253.3 - - [30/Dec/2022:06:45:21 -0800] "GET /2009/images/MarNeroLocandinaSm.jpg HTTP/1.1" 200 63138 "-" "Mozilla/5.0 (compatible; AhrefsBot/7.0; +http://ahrefs.com/robot/)" "www.italianfilmfestivalstlouis.com"
51.222.253.14 - - [30/Dec/2022:06:45:21 -0800] "GET /2009/images/RAC.jpg HTTP/1.1" 200 3375 "-" "Mozilla/5.0 (compatible; AhrefsBot/7.0; +http://ahrefs.com/robot/)" "www.italianfilmfestivalstlouis.com"
51.222.253.8 - - [30/Dec/2022:06:45:22 -0800] "GET /2009/images/WU.jpg HTTP/1.1" 200 12872 "-" "Mozilla/5.0 (compatible; AhrefsBot/7.0; +http://ahrefs.com/robot/)" "www.italianfilmfestivalstlouis.com"
51.222.253.8 - - [30/Dec/2022:06:45:22 -0800] "GET /2009/images/IICChicago2.gif HTTP/1.1" 200 49719 "-" "Mozilla/5.0 (compatible; AhrefsBot/7.0; +http://ahrefs.com/robot/)" "www.italianfilmfestivalstlouis.com"
51.222.253.15 - - [30/Dec/2022:06:45:26 -0800] "GET /2009/images/VentoLocandina.jpg HTTP/1.1" 200 3853 "-" "Mozilla/5.0 (compatible; AhrefsBot/7.0; +http://ahrefs.com/robot/)" "www.italianfilmfestivalstlouis.com"
54.36.149.94 - - [30/Dec/2022:07:00:20 -0800] "GET /robots.txt HTTP/1.1" 404 88 "-" "Mozilla/5.0 (compatible; AhrefsBot/7.0; +http://ahrefs.com/robot/)" "italianfilmfestivalstlouis.com"
51.222.253.3 - - [30/Dec/2022:07:00:25 -0800] "GET /2014/gioiellino_it.html HTTP/1.1" 200 3080 "-" "Mozilla/5.0 (compatible; AhrefsBot/7.0; +http://ahrefs.com/robot/)" "italianfilmfestivalstlouis.com"
51.222.253.12 - - [30/Dec/2022:07:00:59 -0800] "GET /2014/assets/640300Gioiellino.jpg HTTP/1.1" 200 53414 "-" "Mozilla/5.0 (compatible; AhrefsBot/7.0; +http://ahrefs.com/robot/)" "italianfilmfestivalstlouis.com"
51.222.253.8 - - [30/Dec/2022:07:06:32 -0800] "GET /2014/press.html HTTP/1.1" 200 2285 "-" "Mozilla/5.0 (compatible; AhrefsBot/7.0; +http://ahrefs.com/robot/)" "italianfilmfestivalstlouis.com"
185.191.171.38 - - [30/Dec/2022:07:12:29 -0800] "GET /robots.txt HTTP/1.1" 404 88 "-" "Mozilla/5.0 (compatible; SemrushBot/7~bl; +http://www.semrush.com/bot.html)" "www.italianfilmfestivalstlouis.com"
185.191.171.40 - - [30/Dec/2022:07:12:30 -0800] "GET /2015/capitale_umano_it.html HTTP/1.1" 200 3181 "-" "Mozilla/5.0 (compatible; SemrushBot/7~bl; +http://www.semrush.com/bot.html)" "www.italianfilmfestivalstlouis.com"
51.222.253.3 - - [30/Dec/2022:07:13:18 -0800] "GET /2014/women_workers_it.html HTTP/1.1" 200 2660 "-" "Mozilla/5.0 (compatible; AhrefsBot/7.0; +http://ahrefs.com/robot/)" "italianfilmfestivalstlouis.com"
51.222.253.17 - - [30/Dec/2022:07:13:22 -0800] "GET /2014/assets/640300women.jpg HTTP/1.1" 200 74144 "-" "Mozilla/5.0 (compatible; AhrefsBot/7.0; +http://ahrefs.com/robot/)" "italianfilmfestivalstlouis.com"
93.158.161.28 - - [30/Dec/2022:07:19:14 -0800] "GET /robots.txt HTTP/1.1" 404 73 "-" "Mozilla/5.0 (compatible; YandexBot/3.0; +http://yandex.com/bots)" "www.italianfilmfestivalstlouis.com"
77.88.5.51 - - [30/Dec/2022:07:19:18 -0800] "GET /2015/assets/favicon.ico HTTP/1.1" 404 88 "-" "Mozilla/5.0 (compatible; YandexFavicons/1.0; +http://yandex.com/bots)" "www.italianfilmfestivalstlouis.com"
51.222.253.4 - - [30/Dec/2022:07:20:06 -0800] "GET /2014/sponsors_it.html HTTP/1.1" 200 3191 "-" "Mozilla/5.0 (compatible; AhrefsBot/7.0; +http://ahrefs.com/robot/)" "italianfilmfestivalstlouis.com"
51.222.253.17 - - [30/Dec/2022:07:20:09 -0800] "GET /2014/assets/DiGregorios50.jpg HTTP/1.1" 200 15590 "-" "Mozilla/5.0 (compatible; AhrefsBot/7.0; +http://ahrefs.com/robot/)" "italianfilmfestivalstlouis.com"
51.222.253.11 - - [30/Dec/2022:07:20:10 -0800] "GET /2014/assets/ILPensiero.jpg HTTP/1.1" 200 29907 "-" "Mozilla/5.0 (compatible; AhrefsBot/7.0; +http://ahrefs.com/robot/)" "italianfilmfestivalstlouis.com"
51.222.253.7 - - [30/Dec/2022:07:20:11 -0800] "GET /2014/assets/LouJeff.jpg HTTP/1.1" 200 38434 "-" "Mozilla/5.0 (compatible; AhrefsBot/7.0; +http://ahrefs.com/robot/)" "italianfilmfestivalstlouis.com"
51.222.253.16 - - [30/Dec/2022:07:20:11 -0800] "GET /2014/assets/WUromance.jpg HTTP/1.1" 200 36168 "-" "Mozilla/5.0 (compatible; AhrefsBot/7.0; +http://ahrefs.com/robot/)" "italianfilmfestivalstlouis.com"
51.222.253.6 - - [30/Dec/2022:07:20:12 -0800] "GET /2014/assets/PostDispatch.gif HTTP/1.1" 200 969 "-" "Mozilla/5.0 (compatible; AhrefsBot/7.0; +http://ahrefs.com/robot/)" "italianfilmfestivalstlouis.com"
51.222.253.13 - - [30/Dec/2022:07:20:12 -0800] "GET /2014/assets/minervapictures.jpg HTTP/1.1" 200 12297 "-" "Mozilla/5.0 (compatible; AhrefsBot/7.0; +http://ahrefs.com/robot/)" "italianfilmfestivalstlouis.com"
51.222.253.5 - - [30/Dec/2022:07:20:13 -0800] "GET /2014/assets/Poulos.jpg HTTP/1.1" 200 23814 "-" "Mozilla/5.0 (compatible; AhrefsBot/7.0; +http://ahrefs.com/robot/)" "italianfilmfestivalstlouis.com"
51.222.253.19 - - [30/Dec/2022:07:20:13 -0800] "GET /2014/assets/Mondia.jpg HTTP/1.1" 200 31998 "-" "Mozilla/5.0 (compatible; AhrefsBot/7.0; +http://ahrefs.com/robot/)" "italianfilmfestivalstlouis.com"
51.222.253.5 - - [30/Dec/2022:07:20:17 -0800] "GET /2014/assets/ItaliaUsaLogo.JPG HTTP/1.1" 200 8007 "-" "Mozilla/5.0 (compatible; AhrefsBot/7.0; +http://ahrefs.com/robot/)" "italianfilmfestivalstlouis.com"
51.222.253.11 - - [30/Dec/2022:07:20:18 -0800] "GET /2014/assets/RAC.jpg HTTP/1.1" 200 3375 "-" "Mozilla/5.0 (compatible; AhrefsBot/7.0; +http://ahrefs.com/robot/)" "italianfilmfestivalstlouis.com"
51.222.253.1 - - [30/Dec/2022:07:20:18 -0800] "GET /2014/assets/Anonymous.jpg HTTP/1.1" 200 31592 "-" "Mozilla/5.0 (compatible; AhrefsBot/7.0; +http://ahrefs.com/robot/)" "italianfilmfestivalstlouis.com"
51.222.253.14 - - [30/Dec/2022:07:20:19 -0800] "GET /2014/assets/Volpi-logoSmall.jpg HTTP/1.1" 200 159621 "-" "Mozilla/5.0 (compatible; AhrefsBot/7.0; +http://ahrefs.com/robot/)" "italianfilmfestivalstlouis.com"
51.222.253.10 - - [30/Dec/2022:07:20:20 -0800] "GET /2014/assets/CinemaStLouisLogo.jpg HTTP/1.1" 200 19743 "-" "Mozilla/5.0 (compatible; AhrefsBot/7.0; +http://ahrefs.com/robot/)" "italianfilmfestivalstlouis.com"
51.222.253.14 - - [30/Dec/2022:07:20:20 -0800] "GET /2014/assets/WUfms.jpg HTTP/1.1" 200 37232 "-" "Mozilla/5.0 (compatible; AhrefsBot/7.0; +http://ahrefs.com/robot/)" "italianfilmfestivalstlouis.com"
185.191.171.8 - - [30/Dec/2022:07:22:22 -0800] "GET /2006/indice_files/caterina.html HTTP/1.1" 200 2570 "-" "Mozilla/5.0 (compatible; SemrushBot/7~bl; +http://www.semrush.com/bot.html)" "www.italianfilmfestivalstlouis.com"
185.191.171.23 - - [30/Dec/2022:07:26:22 -0800] "GET /2015/allacciate_cinture_it.html HTTP/1.1" 200 3210 "-" "Mozilla/5.0 (compatible; SemrushBot/7~bl; +http://www.semrush.com/bot.html)" "www.italianfilmfestivalstlouis.com"
51.222.253.2 - - [30/Dec/2022:07:27:15 -0800] "GET /2014/become_a_sponsor_it.html HTTP/1.1" 200 2903 "-" "Mozilla/5.0 (compatible; AhrefsBot/7.0; +http://ahrefs.com/robot/)" "italianfilmfestivalstlouis.com"
185.191.171.10 - - [30/Dec/2022:07:43:40 -0800] "GET /robots.txt HTTP/1.1" 404 88 "-" "Mozilla/5.0 (compatible; SemrushBot/7~bl; +http://www.semrush.com/bot.html)" "italianfilmfestivalstlouis.com"
185.191.171.1 - - [30/Dec/2022:07:43:41 -0800] "GET /2016/sponsors_it.html HTTP/1.1" 200 3172 "-" "Mozilla/5.0 (compatible; SemrushBot/7~bl; +http://www.semrush.com/bot.html)" "italianfilmfestivalstlouis.com"
51.222.253.13 - - [30/Dec/2022:07:43:52 -0800] "GET /2014/teorema_venezia_it.html HTTP/1.1" 200 2885 "-" "Mozilla/5.0 (compatible; AhrefsBot/7.0; +http://ahrefs.com/robot/)" "italianfilmfestivalstlouis.com"
185.191.171.3 - - [30/Dec/2022:07:44:32 -0800] "GET /2016/directions_st_louis_it.html HTTP/1.1" 200 3515 "-" "Mozilla/5.0 (compatible; SemrushBot/7~bl; +http://www.semrush.com/bot.html)" "italianfilmfestivalstlouis.com"
157.230.15.179 - - [30/Dec/2022:07:45:31 -0800] "GET /2013/ HTTP/1.1" 200 2637 "-" "Mozilla/5.0 (Macintosh; Intel Mac OS X 10_15_7) AppleWebKit/537.36 (KHTML, like Gecko) Chrome/107.0.0.0 Safari/537.36" "www.italianfilmfestivalstlouis.com"
51.222.253.1 - - [30/Dec/2022:07:50:59 -0800] "GET /2011/directions_st_louis.html HTTP/1.1" 200 2243 "-" "Mozilla/5.0 (compatible; AhrefsBot/7.0; +http://ahrefs.com/robot/)" "www.italianfilmfestivalstlouis.com"
51.222.253.12 - - [30/Dec/2022:07:57:16 -0800] "GET /2014/buongiorno_papa_it.html HTTP/1.1" 200 3049 "-" "Mozilla/5.0 (compatible; AhrefsBot/7.0; +http://ahrefs.com/robot/)" "www.italianfilmfestivalstlouis.com"
51.222.253.16 - - [30/Dec/2022:07:57:19 -0800] "GET /2014/assets/2014Verdana2.jpg HTTP/1.1" 200 26654 "-" "Mozilla/5.0 (compatible; AhrefsBot/7.0; +http://ahrefs.com/robot/)" "www.italianfilmfestivalstlouis.com"
51.222.253.7 - - [30/Dec/2022:07:57:20 -0800] "GET /2014/assets/640300Buongiorno.jpg HTTP/1.1" 200 118253 "-" "Mozilla/5.0 (compatible; AhrefsBot/7.0; +http://ahrefs.com/robot/)" "www.italianfilmfestivalstlouis.com"
51.222.253.9 - - [30/Dec/2022:07:57:22 -0800] "GET /2014/SpryAssets/SpryMenuBar.js HTTP/1.1" 200 6259 "-" "Mozilla/5.0 (compatible; AhrefsBot/7.0; +http://ahrefs.com/robot/)" "www.italianfilmfestivalstlouis.com"
51.222.253.6 - - [30/Dec/2022:07:57:22 -0800] "GET /2014/assets/laurelwreathcurved.jpg HTTP/1.1" 200 47652 "-" "Mozilla/5.0 (compatible; AhrefsBot/7.0; +http://ahrefs.com/robot/)" "www.italianfilmfestivalstlouis.com"
51.222.253.14 - - [30/Dec/2022:07:57:23 -0800] "GET /2014/assets/italy.jpg HTTP/1.1" 200 879 "-" "Mozilla/5.0 (compatible; AhrefsBot/7.0; +http://ahrefs.com/robot/)" "www.italianfilmfestivalstlouis.com"
51.222.253.13 - - [30/Dec/2022:07:57:23 -0800] "GET /2014/assets/twitter.jpg HTTP/1.1" 200 27696 "-" "Mozilla/5.0 (compatible; AhrefsBot/7.0; +http://ahrefs.com/robot/)" "www.italianfilmfestivalstlouis.com"
51.222.253.11 - - [30/Dec/2022:07:57:24 -0800] "GET /2014/assets/SkylineFinalVersion.jpg HTTP/1.1" 200 41588 "-" "Mozilla/5.0 (compatible; AhrefsBot/7.0; +http://ahrefs.com/robot/)" "www.italianfilmfestivalstlouis.com"
51.222.253.11 - - [30/Dec/2022:07:57:25 -0800] "GET /2014/assets/USA.jpg HTTP/1.1" 200 3278 "-" "Mozilla/5.0 (compatible; AhrefsBot/7.0; +http://ahrefs.com/robot/)" "www.italianfilmfestivalstlouis.com"
51.222.253.19 - - [30/Dec/2022:07:57:26 -0800] "GET /2014/assets/GoldSponsor.jpg HTTP/1.1" 200 14369 "-" "Mozilla/5.0 (compatible; AhrefsBot/7.0; +http://ahrefs.com/robot/)" "www.italianfilmfestivalstlouis.com"
51.222.253.10 - - [30/Dec/2022:07:57:27 -0800] "GET /2014/assets/facebook.jpg HTTP/1.1" 200 1251 "-" "Mozilla/5.0 (compatible; AhrefsBot/7.0; +http://ahrefs.com/robot/)" "www.italianfilmfestivalstlouis.com"
51.222.253.6 - - [30/Dec/2022:07:57:27 -0800] "GET /2014/assets/FIAT140.jpg HTTP/1.1" 200 47592 "-" "Mozilla/5.0 (compatible; AhrefsBot/7.0; +http://ahrefs.com/robot/)" "www.italianfilmfestivalstlouis.com"
51.222.253.7 - - [30/Dec/2022:07:57:28 -0800] "GET /2014/assets/2011newlogo.jpg HTTP/1.1" 200 20723 "-" "Mozilla/5.0 (compatible; AhrefsBot/7.0; +http://ahrefs.com/robot/)" "www.italianfilmfestivalstlouis.com"
51.222.253.6 - - [30/Dec/2022:07:57:29 -0800] "GET /2014/stylesheet.css HTTP/1.1" 200 1204 "-" "Mozilla/5.0 (compatible; AhrefsBot/7.0; +http://ahrefs.com/robot/)" "www.italianfilmfestivalstlouis.com"
66.249.79.53 - - [30/Dec/2022:08:01:45 -0800] "GET /robots.txt HTTP/1.1" 404 88 "-" "Mozilla/5.0 (compatible; Googlebot/2.1; +http://www.google.com/bot.html)" "italianfilmfestivalstlouis.com"
51.222.253.18 - - [30/Dec/2022:08:03:42 -0800] "GET /2014/become_a_sponsor.html HTTP/1.1" 200 2828 "-" "Mozilla/5.0 (compatible; AhrefsBot/7.0; +http://ahrefs.com/robot/)" "italianfilmfestivalstlouis.com"
77.75.79.31 - - [30/Dec/2022:08:06:12 -0800] "GET /robots.txt HTTP/1.1" 404 88 "-" "Mozilla/5.0 (compatible; SeznamBot/4.0-RC1; +http://napoveda.seznam.cz/seznambot-intro/)" "www.italianfilmfestivalstlouis.com"
77.75.79.31 - - [30/Dec/2022:08:06:12 -0800] "GET /2013/ HTTP/1.1" 304 - "-" "Mozilla/5.0 (compatible; SeznamBot/4.0-RC1; +http://napoveda.seznam.cz/seznambot-intro/)" "www.italianfilmfestivalstlouis.com"
51.222.253.13 - - [30/Dec/2022:08:10:57 -0800] "GET /2014/awards.html HTTP/1.1" 200 2749 "-" "Mozilla/5.0 (compatible; AhrefsBot/7.0; +http://ahrefs.com/robot/)" "italianfilmfestivalstlouis.com"
185.191.171.11 - - [30/Dec/2022:08:11:09 -0800] "GET /2012/scialla.html HTTP/1.1" 200 2630 "-" "Mozilla/5.0 (compatible; SemrushBot/7~bl; +http://www.semrush.com/bot.html)" "italianfilmfestivalstlouis.com"
51.222.253.5 - - [30/Dec/2022:08:18:12 -0800] "GET /2014/qualche_nuvola_it.html HTTP/1.1" 200 2952 "-" "Mozilla/5.0 (compatible; AhrefsBot/7.0; +http://ahrefs.com/robot/)" "italianfilmfestivalstlouis.com"
65.108.79.209 - - [30/Dec/2022:08:19:16 -0800] "GET /2017/la_buca.html HTTP/1.1" 404 88 "http://www.italianfilmfestivalstlouis.com/2017/" "Mozilla/5.0 (compatible; SEOkicks; +https://www.seokicks.de/robot.html)" "www.italianfilmfestivalstlouis.com"
65.108.79.209 - - [30/Dec/2022:08:19:17 -0800] "GET /SpryAssets/ HTTP/1.1" 200 315 "http://www.italianfilmfestivalstlouis.com/" "Mozilla/5.0 (compatible; SEOkicks; +https://www.seokicks.de/robot.html)" "www.italianfilmfestivalstlouis.com"
65.108.79.209 - - [30/Dec/2022:08:19:18 -0800] "GET /Templates/ HTTP/1.1" 200 383 "http://www.italianfilmfestivalstlouis.com/" "Mozilla/5.0 (compatible; SEOkicks; +https://www.seokicks.de/robot.html)" "www.italianfilmfestivalstlouis.com"
65.108.79.209 - - [30/Dec/2022:08:19:20 -0800] "GET /_private/ HTTP/1.1" 403 170 "http://www.italianfilmfestivalstlouis.com/" "Mozilla/5.0 (compatible; SEOkicks; +https://www.seokicks.de/robot.html)" "www.italianfilmfestivalstlouis.com"
65.108.79.209 - - [30/Dec/2022:08:19:41 -0800] "GET /assets/ HTTP/1.1" 200 370 "http://www.italianfilmfestivalstlouis.com/" "Mozilla/5.0 (compatible; SEOkicks; +https://www.seokicks.de/robot.html)" "www.italianfilmfestivalstlouis.com"
65.108.79.209 - - [30/Dec/2022:08:19:43 -0800] "GET /files/ HTTP/1.1" 200 429 "http://www.italianfilmfestivalstlouis.com/" "Mozilla/5.0 (compatible; SEOkicks; +https://www.seokicks.de/robot.html)" "www.italianfilmfestivalstlouis.com"
65.108.79.209 - - [30/Dec/2022:08:19:44 -0800] "GET /images/ HTTP/1.1" 200 696 "http://www.italianfilmfestivalstlouis.com/" "Mozilla/5.0 (compatible; SEOkicks; +https://www.seokicks.de/robot.html)" "www.italianfilmfestivalstlouis.com"
65.108.79.209 - - [30/Dec/2022:08:19:46 -0800] "GET /index_files/ HTTP/1.1" 200 1004 "http://www.italianfilmfestivalstlouis.com/" "Mozilla/5.0 (compatible; SEOkicks; +https://www.seokicks.de/robot.html)" "www.italianfilmfestivalstlouis.com"
65.108.79.209 - - [30/Dec/2022:08:19:47 -0800] "GET /spryassets/ HTTP/1.1" 200 314 "http://www.italianfilmfestivalstlouis.com/" "Mozilla/5.0 (compatible; SEOkicks; +https://www.seokicks.de/robot.html)" "www.italianfilmfestivalstlouis.com"
51.222.253.13 - - [30/Dec/2022:08:25:34 -0800] "GET /2014/viva_liberta.html HTTP/1.1" 200 2940 "-" "Mozilla/5.0 (compatible; AhrefsBot/7.0; +http://ahrefs.com/robot/)" "italianfilmfestivalstlouis.com"
51.222.253.6 - - [30/Dec/2022:08:25:36 -0800] "GET /2014/assets/640300Liberta.jpg HTTP/1.1" 200 155094 "-" "Mozilla/5.0 (compatible; AhrefsBot/7.0; +http://ahrefs.com/robot/)" "italianfilmfestivalstlouis.com"
66.249.79.226 - - [30/Dec/2022:08:25:42 -0800] "GET /robots.txt HTTP/1.1" 404 88 "-" "Mozilla/5.0 (compatible; Googlebot/2.1; +http://www.google.com/bot.html)" "www.italianfilmfestivalstlouis.com"
66.249.79.253 - - [30/Dec/2022:08:26:26 -0800] "GET /2016/assets/favicon.ico HTTP/1.1" 404 88 "-" "Googlebot-Image/1.0" "www.italianfilmfestivalstlouis.com"
51.222.253.15 - - [30/Dec/2022:08:33:17 -0800] "GET /2014/directions_st_louis_it.html HTTP/1.1" 200 3149 "-" "Mozilla/5.0 (compatible; AhrefsBot/7.0; +http://ahrefs.com/robot/)" "italianfilmfestivalstlouis.com"
51.222.253.10 - - [30/Dec/2022:08:39:19 -0800] "GET /2014/reality_it.html HTTP/1.1" 200 3119 "-" "Mozilla/5.0 (compatible; AhrefsBot/7.0; +http://ahrefs.com/robot/)" "italianfilmfestivalstlouis.com"
51.222.253.16 - - [30/Dec/2022:08:39:23 -0800] "GET /2014/assets/640300Reality.jpg HTTP/1.1" 200 114867 "-" "Mozilla/5.0 (compatible; AhrefsBot/7.0; +http://ahrefs.com/robot/)" "italianfilmfestivalstlouis.com"
51.222.253.1 - - [30/Dec/2022:08:46:02 -0800] "GET /2014/migliore_offerta_it.html HTTP/1.1" 200 3022 "-" "Mozilla/5.0 (compatible; AhrefsBot/7.0; +http://ahrefs.com/robot/)" "italianfilmfestivalstlouis.com"
51.222.253.7 - - [30/Dec/2022:08:53:07 -0800] "GET /2013/ HTTP/1.1" 200 2637 "-" "Mozilla/5.0 (compatible; AhrefsBot/7.0; +http://ahrefs.com/robot/)" "italianfilmfestivalstlouis.com"
51.222.253.1 - - [30/Dec/2022:08:53:09 -0800] "GET /2013/assets/TerrafermaLocandinaAdj.jpg HTTP/1.1" 404 88 "-" "Mozilla/5.0 (compatible; AhrefsBot/7.0; +http://ahrefs.com/robot/)" "italianfilmfestivalstlouis.com"
51.222.253.11 - - [30/Dec/2022:08:53:10 -0800] "GET /2013/assets/RomanzoLocandinaAdj.jpg HTTP/1.1" 404 88 "-" "Mozilla/5.0 (compatible; AhrefsBot/7.0; +http://ahrefs.com/robot/)" "italianfilmfestivalstlouis.com"
51.222.253.15 - - [30/Dec/2022:08:53:10 -0800] "GET /2013/assets/PrimiLocandinaAdj.jpg HTTP/1.1" 404 88 "-" "Mozilla/5.0 (compatible; AhrefsBot/7.0; +http://ahrefs.com/robot/)" "italianfilmfestivalstlouis.com"
51.222.253.12 - - [30/Dec/2022:08:53:11 -0800] "GET /2013/assets/GiornoLocandinaAdj.jpg HTTP/1.1" 404 88 "-" "Mozilla/5.0 (compatible; AhrefsBot/7.0; +http://ahrefs.com/robot/)" "italianfilmfestivalstlouis.com"
51.222.253.11 - - [30/Dec/2022:08:53:11 -0800] "GET /2013/assets/FiglioLocandinaAdj.jpg HTTP/1.1" 404 88 "-" "Mozilla/5.0 (compatible; AhrefsBot/7.0; +http://ahrefs.com/robot/)" "italianfilmfestivalstlouis.com"
51.222.253.18 - - [30/Dec/2022:08:53:12 -0800] "GET /2013/assets/ImmaturiLocandinaAdj.jpg HTTP/1.1" 404 88 "-" "Mozilla/5.0 (compatible; AhrefsBot/7.0; +http://ahrefs.com/robot/)" "italianfilmfestivalstlouis.com"
51.222.253.1 - - [30/Dec/2022:08:53:12 -0800] "GET /2013/assets/nessunolocandinaAdj.jpg HTTP/1.1" 404 88 "-" "Mozilla/5.0 (compatible; AhrefsBot/7.0; +http://ahrefs.com/robot/)" "italianfilmfestivalstlouis.com"
51.222.253.20 - - [30/Dec/2022:08:53:13 -0800] "GET /2013/assets/BenvenutiLocandinaAdj.jpg HTTP/1.1" 404 88 "-" "Mozilla/5.0 (compatible; AhrefsBot/7.0; +http://ahrefs.com/robot/)" "italianfilmfestivalstlouis.com"
51.222.253.15 - - [30/Dec/2022:08:53:13 -0800] "GET /2013/assets/IndustrialeLocandinaAdj.jpg HTTP/1.1" 404 88 "-" "Mozilla/5.0 (compatible; AhrefsBot/7.0; +http://ahrefs.com/robot/)" "italianfilmfestivalstlouis.com"
51.222.253.19 - - [30/Dec/2022:08:53:14 -0800] "GET /2013/assets/TormentiLocandinaAdj.jpg HTTP/1.1" 404 88 "-" "Mozilla/5.0 (compatible; AhrefsBot/7.0; +http://ahrefs.com/robot/)" "italianfilmfestivalstlouis.com"
40.77.167.0 - - [30/Dec/2022:08:55:50 -0800] "GET /index_files/ HTTP/1.1" 200 1004 "-" "Mozilla/5.0 AppleWebKit/537.36 (KHTML, like Gecko; compatible; bingbot/2.0; +http://www.bing.com/bingbot.htm) Chrome/103.0.5060.134 Safari/537.36" "italianfilmfestivalstlouis.com"
141.94.55.52 - - [30/Dec/2022:08:56:53 -0800] "GET /wp-login.php HTTP/1.1" 404 88 "-" "Mozilla/5.0 (Windows NT 10; Win64; x64; rv:75.0) Gecko/20100101 Firefox/75.0" "italianfilmfestivalstlouis.com"
185.191.171.12 - - [30/Dec/2022:08:58:54 -0800] "GET /robots.txt HTTP/1.1" 404 88 "-" "Mozilla/5.0 (compatible; SemrushBot/7~bl; +http://www.semrush.com/bot.html)" "www.italianfilmfestivalstlouis.com"
185.191.171.10 - - [30/Dec/2022:08:58:54 -0800] "GET /2006/index_files/sponsors.html HTTP/1.1" 200 2784 "-" "Mozilla/5.0 (compatible; SemrushBot/7~bl; +http://www.semrush.com/bot.html)" "www.italianfilmfestivalstlouis.com"
51.222.253.13 - - [30/Dec/2022:09:00:10 -0800] "GET /2014/press_it.html HTTP/1.1" 200 2316 "-" "Mozilla/5.0 (compatible; AhrefsBot/7.0; +http://ahrefs.com/robot/)" "italianfilmfestivalstlouis.com"
51.222.253.10 - - [30/Dec/2022:09:06:38 -0800] "GET /2014/contact.html HTTP/1.1" 200 2528 "-" "Mozilla/5.0 (compatible; AhrefsBot/7.0; +http://ahrefs.com/robot/)" "italianfilmfestivalstlouis.com"
185.191.171.15 - - [30/Dec/2022:09:11:59 -0800] "GET /robots.txt HTTP/1.1" 404 88 "-" "Mozilla/5.0 (compatible; SemrushBot/7~bl; +http://www.semrush.com/bot.html)" "italianfilmfestivalstlouis.com"
185.191.171.18 - - [30/Dec/2022:09:12:00 -0800] "GET /2017/index_it.html HTTP/1.1" 200 3047 "-" "Mozilla/5.0 (compatible; SemrushBot/7~bl; +http://www.semrush.com/bot.html)" "italianfilmfestivalstlouis.com"
51.222.253.3 - - [30/Dec/2022:09:13:29 -0800] "GET /2016/become_a_sponsor.html HTTP/1.1" 200 2654 "-" "Mozilla/5.0 (compatible; AhrefsBot/7.0; +http://ahrefs.com/robot/)" "www.italianfilmfestivalstlouis.com"
66.249.79.48 - - [30/Dec/2022:09:17:59 -0800] "GET /2013/assets/italy.jpg HTTP/1.1" 404 88 "-" "Googlebot-Image/1.0" "italianfilmfestivalstlouis.com"
51.222.253.12 - - [30/Dec/2022:09:20:51 -0800] "GET /2009/press_it.html HTTP/1.1" 200 2165 "-" "Mozilla/5.0 (compatible; AhrefsBot/7.0; +http://ahrefs.com/robot/)" "www.italianfilmfestivalstlouis.com"
51.222.253.14 - - [30/Dec/2022:09:20:58 -0800] "GET /2009/images/BLACKhome.jpg HTTP/1.1" 200 2608 "-" "Mozilla/5.0 (compatible; AhrefsBot/7.0; +http://ahrefs.com/robot/)" "www.italianfilmfestivalstlouis.com"
185.191.171.8 - - [30/Dec/2022:09:26:01 -0800] "GET /2013/industriale.html HTTP/1.1" 200 2792 "-" "Mozilla/5.0 (compatible; SemrushBot/7~bl; +http://www.semrush.com/bot.html)" "italianfilmfestivalstlouis.com"
18.204.166.15 - - [30/Dec/2022:09:27:29 -0800] "GET /2010/assets/RAGAZZAlocandina.jpg HTTP/1.1" 200 44382 "-" "Mozilla/5.0 (Macintosh; Intel Mac OS X 10.15; rv:101.0) Gecko/20100101 Firefox/101.0" "italianfilmfestivalstlouis.com"
51.222.253.10 - - [30/Dec/2022:09:28:56 -0800] "GET /2014/buongiorno_papa.html HTTP/1.1" 200 2988 "-" "Mozilla/5.0 (compatible; AhrefsBot/7.0; +http://ahrefs.com/robot/)" "italianfilmfestivalstlouis.com"
17.241.75.62 - - [30/Dec/2022:09:34:39 -0800] "GET /robots.txt HTTP/1.1" 404 88 "-" "Mozilla/5.0 (Macintosh; Intel Mac OS X 10_15_5) AppleWebKit/605.1.15 (KHTML, like Gecko) Version/13.1.1 Safari/605.1.15 (Applebot/0.1; +http://www.apple.com/go/applebot)" "www.italianfilmfestivalstlouis.com"
17.241.75.62 - - [30/Dec/2022:09:34:39 -0800] "GET /_private/ HTTP/1.1" 403 170 "-" "Mozilla/5.0 (Macintosh; Intel Mac OS X 10_15_5) AppleWebKit/605.1.15 (KHTML, like Gecko) Version/13.1.1 Safari/605.1.15 (Applebot/0.1; +http://www.apple.com/go/applebot)" "www.italianfilmfestivalstlouis.com"
51.222.253.11 - - [30/Dec/2022:09:36:18 -0800] "GET /2014/viva_liberta_it.html HTTP/1.1" 200 2975 "-" "Mozilla/5.0 (compatible; AhrefsBot/7.0; +http://ahrefs.com/robot/)" "italianfilmfestivalstlouis.com"
51.222.253.3 - - [30/Dec/2022:09:44:13 -0800] "GET /2006/index.html HTTP/1.1" 200 2277 "-" "Mozilla/5.0 (compatible; AhrefsBot/7.0; +http://ahrefs.com/robot/)" "www.italianfilmfestivalstlouis.com"
51.222.253.19 - - [30/Dec/2022:09:44:22 -0800] "GET /visit.webhosting.yahoo.com/visitfdf6.gif?us1143152850 HTTP/1.1" 404 88 "-" "Mozilla/5.0 (compatible; AhrefsBot/7.0; +http://ahrefs.com/robot/)" "www.italianfilmfestivalstlouis.com"
51.222.253.4 - - [30/Dec/2022:09:44:23 -0800] "GET /2006/img_logo.gif HTTP/1.1" 200 3913 "-" "Mozilla/5.0 (compatible; AhrefsBot/7.0; +http://ahrefs.com/robot/)" "www.italianfilmfestivalstlouis.com"
51.222.253.8 - - [30/Dec/2022:09:44:23 -0800] "GET /2006/hostingprod.com/js_source/geov2.js HTTP/1.1" 404 88 "-" "Mozilla/5.0 (compatible; AhrefsBot/7.0; +http://ahrefs.com/robot/)" "www.italianfilmfestivalstlouis.com"
51.222.253.17 - - [30/Dec/2022:09:44:24 -0800] "GET /2006/wulogo.gif HTTP/1.1" 200 2068 "-" "Mozilla/5.0 (compatible; AhrefsBot/7.0; +http://ahrefs.com/robot/)" "www.italianfilmfestivalstlouis.com"
51.222.253.4 - - [30/Dec/2022:09:44:25 -0800] "GET /2006/videobank.gif HTTP/1.1" 200 4352 "-" "Mozilla/5.0 (compatible; AhrefsBot/7.0; +http://ahrefs.com/robot/)" "www.italianfilmfestivalstlouis.com"
51.222.253.16 - - [30/Dec/2022:09:44:25 -0800] "GET /hostingprod.com/js_source/geov2.js HTTP/1.1" 404 88 "-" "Mozilla/5.0 (compatible; AhrefsBot/7.0; +http://ahrefs.com/robot/)" "www.italianfilmfestivalstlouis.com"
51.222.253.18 - - [30/Dec/2022:09:44:26 -0800] "GET /2006/visit.webhosting.yahoo.com/visit2a642a64.gif?us1140490587 HTTP/1.1" 404 88 "-" "Mozilla/5.0 (compatible; AhrefsBot/7.0; +http://ahrefs.com/robot/)" "www.italianfilmfestivalstlouis.com"
51.222.253.7 - - [30/Dec/2022:09:44:39 -0800] "GET /2006/italy.jpg HTTP/1.1" 200 879 "-" "Mozilla/5.0 (compatible; AhrefsBot/7.0; +http://ahrefs.com/robot/)" "www.italianfilmfestivalstlouis.com"
51.222.253.11 - - [30/Dec/2022:09:44:40 -0800] "GET /2006/index_files/main.jpg HTTP/1.1" 200 5757 "-" "Mozilla/5.0 (compatible; AhrefsBot/7.0; +http://ahrefs.com/robot/)" "www.italianfilmfestivalstlouis.com"
65.108.79.209 - - [30/Dec/2022:09:44:49 -0800] "GET /test/ HTTP/1.1" 200 2678 "http://www.italianfilmfestivalstlouis.com/" "Mozilla/5.0 (compatible; SEOkicks; +https://www.seokicks.de/robot.html)" "www.italianfilmfestivalstlouis.com"
65.108.79.209 - - [30/Dec/2022:09:44:51 -0800] "GET /tmp/ HTTP/1.1" 403 170 "http://www.italianfilmfestivalstlouis.com/" "Mozilla/5.0 (compatible; SEOkicks; +https://www.seokicks.de/robot.html)" "www.italianfilmfestivalstlouis.com"
65.108.79.209 - - [30/Dec/2022:09:44:53 -0800] "GET /?C=N;O=A HTTP/1.1" 200 682 "http://www.italianfilmfestivalstlouis.com/?C=N;O=D" "Mozilla/5.0 (compatible; SEOkicks; +https://www.seokicks.de/robot.html)" "www.italianfilmfestivalstlouis.com"
65.108.79.209 - - [30/Dec/2022:09:44:54 -0800] "GET /?C=M;O=D HTTP/1.1" 200 688 "http://www.italianfilmfestivalstlouis.com/?C=M;O=A" "Mozilla/5.0 (compatible; SEOkicks; +https://www.seokicks.de/robot.html)" "www.italianfilmfestivalstlouis.com"
65.108.79.209 - - [30/Dec/2022:09:44:56 -0800] "GET /?C=S;O=D HTTP/1.1" 200 685 "http://www.italianfilmfestivalstlouis.com/?C=S;O=A" "Mozilla/5.0 (compatible; SEOkicks; +https://www.seokicks.de/robot.html)" "www.italianfilmfestivalstlouis.com"
65.108.79.209 - - [30/Dec/2022:09:44:58 -0800] "GET /?C=D;O=D HTTP/1.1" 200 685 "http://www.italianfilmfestivalstlouis.com/?C=D;O=A" "Mozilla/5.0 (compatible; SEOkicks; +https://www.seokicks.de/robot.html)" "www.italianfilmfestivalstlouis.com"
65.108.79.209 - - [30/Dec/2022:09:45:21 -0800] "GET /2006/index_files/filelist.xml HTTP/1.1" 200 197 "http://www.italianfilmfestivalstlouis.com/2006/" "Mozilla/5.0 (compatible; SEOkicks; +https://www.seokicks.de/robot.html)" "www.italianfilmfestivalstlouis.com"
65.108.79.209 - - [30/Dec/2022:09:45:22 -0800] "GET /2006/indice.html HTTP/1.1" 200 2256 "http://www.italianfilmfestivalstlouis.com/2006/" "Mozilla/5.0 (compatible; SEOkicks; +https://www.seokicks.de/robot.html)" "www.italianfilmfestivalstlouis.com"
65.108.79.209 - - [30/Dec/2022:09:45:24 -0800] "GET /2006/index.html HTTP/1.1" 200 2277 "http://www.italianfilmfestivalstlouis.com/2006/" "Mozilla/5.0 (compatible; SEOkicks; +https://www.seokicks.de/robot.html)" "www.italianfilmfestivalstlouis.com"
185.191.171.11 - - [30/Dec/2022:09:50:23 -0800] "GET /test/ HTTP/1.1" 200 2678 "-" "Mozilla/5.0 (compatible; SemrushBot/7~bl; +http://www.semrush.com/bot.html)" "italianfilmfestivalstlouis.com"
51.222.253.1 - - [30/Dec/2022:09:51:44 -0800] "GET /2013/become_a_sponsor.html HTTP/1.1" 200 2655 "-" "Mozilla/5.0 (compatible; AhrefsBot/7.0; +http://ahrefs.com/robot/)" "italianfilmfestivalstlouis.com"
157.55.39.106 - - [30/Dec/2022:09:53:34 -0800] "GET /2010a/files/2005.pdf HTTP/1.1" 404 88 "-" "Mozilla/5.0 AppleWebKit/537.36 (KHTML, like Gecko; compatible; bingbot/2.0; +http://www.bing.com/bingbot.htm) Chrome/103.0.5060.134 Safari/537.36" "www.italianfilmfestivalstlouis.com"
51.222.253.13 - - [30/Dec/2022:09:59:18 -0800] "GET /2006/indice_files/directions.html HTTP/1.1" 200 2231 "-" "Mozilla/5.0 (compatible; AhrefsBot/7.0; +http://ahrefs.com/robot/)" "italianfilmfestivalstlouis.com"
185.191.171.38 - - [30/Dec/2022:10:03:07 -0800] "GET /robots.txt HTTP/1.1" 404 88 "-" "Mozilla/5.0 (compatible; SemrushBot/7~bl; +http://www.semrush.com/bot.html)" "www.italianfilmfestivalstlouis.com"
185.191.171.43 - - [30/Dec/2022:10:03:08 -0800] "GET /2014/qualche_nuvola.html HTTP/1.1" 200 2954 "-" "Mozilla/5.0 (compatible; SemrushBot/7~bl; +http://www.semrush.com/bot.html)" "www.italianfilmfestivalstlouis.com"
51.222.253.2 - - [30/Dec/2022:10:06:45 -0800] "GET /2012/sponsors.html HTTP/1.1" 200 3193 "-" "Mozilla/5.0 (compatible; AhrefsBot/7.0; +http://ahrefs.com/robot/)" "www.italianfilmfestivalstlouis.com"
51.222.253.14 - - [30/Dec/2022:10:06:50 -0800] "GET /2012/stylesheet.css HTTP/1.1" 200 1201 "-" "Mozilla/5.0 (compatible; AhrefsBot/7.0; +http://ahrefs.com/robot/)" "www.italianfilmfestivalstlouis.com"
51.222.253.13 - - [30/Dec/2022:10:06:51 -0800] "GET /2012/assets/RiverfrontTimesLogo.jpg HTTP/1.1" 200 2892 "-" "Mozilla/5.0 (compatible; AhrefsBot/7.0; +http://ahrefs.com/robot/)" "www.italianfilmfestivalstlouis.com"
51.222.253.14 - - [30/Dec/2022:10:06:51 -0800] "GET /2012/assets/MagnetiMarelli.JPG HTTP/1.1" 200 18025 "-" "Mozilla/5.0 (compatible; AhrefsBot/7.0; +http://ahrefs.com/robot/)" "www.italianfilmfestivalstlouis.com"
51.222.253.11 - - [30/Dec/2022:10:06:56 -0800] "GET /2012/assets/ILPensiero.jpg HTTP/1.1" 200 29907 "-" "Mozilla/5.0 (compatible; AhrefsBot/7.0; +http://ahrefs.com/robot/)" "www.italianfilmfestivalstlouis.com"
51.222.253.3 - - [30/Dec/2022:10:06:57 -0800] "GET /2012/assets/kmox.jpg HTTP/1.1" 200 3451 "-" "Mozilla/5.0 (compatible; AhrefsBot/7.0; +http://ahrefs.com/robot/)" "www.italianfilmfestivalstlouis.com"
51.222.253.19 - - [30/Dec/2022:10:06:58 -0800] "GET /2012/assets/PostDispatch.gif HTTP/1.1" 200 969 "-" "Mozilla/5.0 (compatible; AhrefsBot/7.0; +http://ahrefs.com/robot/)" "www.italianfilmfestivalstlouis.com"
51.222.253.1 - - [30/Dec/2022:10:06:59 -0800] "GET /2012/SpryAssets/SpryMenuBarHorizontal.css HTTP/1.1" 200 1696 "-" "Mozilla/5.0 (compatible; AhrefsBot/7.0; +http://ahrefs.com/robot/)" "www.italianfilmfestivalstlouis.com"
51.222.253.5 - - [30/Dec/2022:10:07:00 -0800] "GET /2012/assets/USA.jpg HTTP/1.1" 200 3278 "-" "Mozilla/5.0 (compatible; AhrefsBot/7.0; +http://ahrefs.com/robot/)" "www.italianfilmfestivalstlouis.com"
51.222.253.18 - - [30/Dec/2022:10:07:01 -0800] "GET /2012/assets/italy.jpg HTTP/1.1" 200 879 "-" "Mozilla/5.0 (compatible; AhrefsBot/7.0; +http://ahrefs.com/robot/)" "www.italianfilmfestivalstlouis.com"
51.222.253.4 - - [30/Dec/2022:10:07:03 -0800] "GET /2012/assets/GelatoDiRisoLogo.jpg HTTP/1.1" 200 42376 "-" "Mozilla/5.0 (compatible; AhrefsBot/7.0; +http://ahrefs.com/robot/)" "www.italianfilmfestivalstlouis.com"
51.222.253.11 - - [30/Dec/2022:10:07:04 -0800] "GET /2012/assets/CinemaStLouisLogo.jpg HTTP/1.1" 200 19743 "-" "Mozilla/5.0 (compatible; AhrefsBot/7.0; +http://ahrefs.com/robot/)" "www.italianfilmfestivalstlouis.com"
51.222.253.17 - - [30/Dec/2022:10:07:05 -0800] "GET /2012/assets/RAC.jpg HTTP/1.1" 200 3375 "-" "Mozilla/5.0 (compatible; AhrefsBot/7.0; +http://ahrefs.com/robot/)" "www.italianfilmfestivalstlouis.com"
51.222.253.1 - - [30/Dec/2022:10:07:05 -0800] "GET /2012/assets/LouJeff.jpg HTTP/1.1" 200 27302 "-" "Mozilla/5.0 (compatible; AhrefsBot/7.0; +http://ahrefs.com/robot/)" "www.italianfilmfestivalstlouis.com"
51.222.253.6 - - [30/Dec/2022:10:07:06 -0800] "GET /2012/assets/DruryInn.JPG HTTP/1.1" 200 25359 "-" "Mozilla/5.0 (compatible; AhrefsBot/7.0; +http://ahrefs.com/robot/)" "www.italianfilmfestivalstlouis.com"
51.222.253.12 - - [30/Dec/2022:10:07:07 -0800] "GET /2012/assets/ItaliaUsaLogo.JPG HTTP/1.1" 200 8007 "-" "Mozilla/5.0 (compatible; AhrefsBot/7.0; +http://ahrefs.com/robot/)" "www.italianfilmfestivalstlouis.com"
51.222.253.8 - - [30/Dec/2022:10:07:07 -0800] "GET /2012/SpryAssets/SpryMenuBar.js HTTP/1.1" 200 6259 "-" "Mozilla/5.0 (compatible; AhrefsBot/7.0; +http://ahrefs.com/robot/)" "www.italianfilmfestivalstlouis.com"
51.222.253.9 - - [30/Dec/2022:10:07:08 -0800] "GET /2012/assets/ItalianConsulateLogo.jpg HTTP/1.1" 200 30153 "-" "Mozilla/5.0 (compatible; AhrefsBot/7.0; +http://ahrefs.com/robot/)" "www.italianfilmfestivalstlouis.com"
51.222.253.3 - - [30/Dec/2022:10:07:09 -0800] "GET /2012/assets/IICChicago2.gif HTTP/1.1" 200 49719 "-" "Mozilla/5.0 (compatible; AhrefsBot/7.0; +http://ahrefs.com/robot/)" "www.italianfilmfestivalstlouis.com"
51.222.253.13 - - [30/Dec/2022:10:07:09 -0800] "GET /2012/assets/SkylineFinalVersion.jpg HTTP/1.1" 200 41588 "-" "Mozilla/5.0 (compatible; AhrefsBot/7.0; +http://ahrefs.com/robot/)" "www.italianfilmfestivalstlouis.com"
51.222.253.20 - - [30/Dec/2022:10:07:10 -0800] "GET /2012/assets/WU.jpg HTTP/1.1" 200 12872 "-" "Mozilla/5.0 (compatible; AhrefsBot/7.0; +http://ahrefs.com/robot/)" "www.italianfilmfestivalstlouis.com"
51.222.253.5 - - [30/Dec/2022:10:07:11 -0800] "GET /2012/assets/italianfilm75WEB.jpg HTTP/1.1" 200 41921 "-" "Mozilla/5.0 (compatible; AhrefsBot/7.0; +http://ahrefs.com/robot/)" "www.italianfilmfestivalstlouis.com"
51.222.253.7 - - [30/Dec/2022:10:07:12 -0800] "GET /2012/assets/IC.GIF HTTP/1.1" 200 2469 "-" "Mozilla/5.0 (compatible; AhrefsBot/7.0; +http://ahrefs.com/robot/)" "www.italianfilmfestivalstlouis.com"
66.249.79.58 - - [30/Dec/2022:10:14:24 -0800] "GET /2013/assets/navedolce3155.jpg HTTP/1.1" 404 88 "-" "Googlebot-Image/1.0" "italianfilmfestivalstlouis.com"
51.222.253.8 - - [30/Dec/2022:10:14:59 -0800] "GET /2011/basilicata_coast_to_coast.html HTTP/1.1" 200 2444 "-" "Mozilla/5.0 (compatible; AhrefsBot/7.0; +http://ahrefs.com/robot/)" "italianfilmfestivalstlouis.com"
51.222.253.14 - - [30/Dec/2022:10:15:03 -0800] "GET /2011/assets/basilicata3.jpg HTTP/1.1" 200 4918 "-" "Mozilla/5.0 (compatible; AhrefsBot/7.0; +http://ahrefs.com/robot/)" "italianfilmfestivalstlouis.com"
51.222.253.16 - - [30/Dec/2022:10:15:03 -0800] "GET /2011/assets/basilicata6.jpg HTTP/1.1" 200 36517 "-" "Mozilla/5.0 (compatible; AhrefsBot/7.0; +http://ahrefs.com/robot/)" "italianfilmfestivalstlouis.com"
51.222.253.4 - - [30/Dec/2022:10:15:04 -0800] "GET /2011/assets/SkylineFlagShortFINAL.jpg HTTP/1.1" 200 34424 "-" "Mozilla/5.0 (compatible; AhrefsBot/7.0; +http://ahrefs.com/robot/)" "italianfilmfestivalstlouis.com"
51.222.253.15 - - [30/Dec/2022:10:15:05 -0800] "GET /2011/assets/basilicata5.jpg HTTP/1.1" 200 6546 "-" "Mozilla/5.0 (compatible; AhrefsBot/7.0; +http://ahrefs.com/robot/)" "italianfilmfestivalstlouis.com"
17.241.219.225 - - [30/Dec/2022:10:15:14 -0800] "GET /2009/files/danforthmap.pdf HTTP/1.1" 404 88 "-" "Mozilla/5.0 (Macintosh; Intel Mac OS X 10_15_5) AppleWebKit/605.1.15 (KHTML, like Gecko) Version/13.1.1 Safari/605.1.15 (Applebot/0.1; +http://www.apple.com/go/applebot)" "www.italianfilmfestivalstlouis.com"
51.222.253.12 - - [30/Dec/2022:10:22:50 -0800] "GET /2015/ HTTP/1.1" 200 2899 "-" "Mozilla/5.0 (compatible; AhrefsBot/7.0; +http://ahrefs.com/robot/)" "www.italianfilmfestivalstlouis.com"
51.222.253.8 - - [30/Dec/2022:10:22:54 -0800] "GET /2015/assets/275Allacciate.gif HTTP/1.1" 200 35956 "-" "Mozilla/5.0 (compatible; AhrefsBot/7.0; +http://ahrefs.com/robot/)" "www.italianfilmfestivalstlouis.com"
51.222.253.19 - - [30/Dec/2022:10:22:55 -0800] "GET /2015/assets/italy.jpg HTTP/1.1" 200 879 "-" "Mozilla/5.0 (compatible; AhrefsBot/7.0; +http://ahrefs.com/robot/)" "www.italianfilmfestivalstlouis.com"
51.222.253.2 - - [30/Dec/2022:10:22:55 -0800] "GET /2015/assets/275CiVediamo.jpg HTTP/1.1" 200 92059 "-" "Mozilla/5.0 (compatible; AhrefsBot/7.0; +http://ahrefs.com/robot/)" "www.italianfilmfestivalstlouis.com"
51.222.253.20 - - [30/Dec/2022:10:22:56 -0800] "GET /2015/stylesheet.css HTTP/1.1" 200 1204 "-" "Mozilla/5.0 (compatible; AhrefsBot/7.0; +http://ahrefs.com/robot/)" "www.italianfilmfestivalstlouis.com"
51.222.253.4 - - [30/Dec/2022:10:22:57 -0800] "GET /2015/assets/275UltimaRuota.jpg HTTP/1.1" 200 68880 "-" "Mozilla/5.0 (compatible; AhrefsBot/7.0; +http://ahrefs.com/robot/)" "www.italianfilmfestivalstlouis.com"
51.222.253.19 - - [30/Dec/2022:10:22:58 -0800] "GET /2015/SpryAssets/SpryMenuBarHorizontal.css HTTP/1.1" 200 1696 "-" "Mozilla/5.0 (compatible; AhrefsBot/7.0; +http://ahrefs.com/robot/)" "www.italianfilmfestivalstlouis.com"
51.222.253.10 - - [30/Dec/2022:10:22:59 -0800] "GET /2015/assets/275SongNapule.jpg HTTP/1.1" 200 69825 "-" "Mozilla/5.0 (compatible; AhrefsBot/7.0; +http://ahrefs.com/robot/)" "www.italianfilmfestivalstlouis.com"
51.222.253.3 - - [30/Dec/2022:10:23:00 -0800] "GET /2015/assets/facebook.jpg HTTP/1.1" 200 1251 "-" "Mozilla/5.0 (compatible; AhrefsBot/7.0; +http://ahrefs.com/robot/)" "www.italianfilmfestivalstlouis.com"
51.222.253.10 - - [30/Dec/2022:10:23:02 -0800] "GET /2015/assets/USA.jpg HTTP/1.1" 200 3278 "-" "Mozilla/5.0 (compatible; AhrefsBot/7.0; +http://ahrefs.com/robot/)" "www.italianfilmfestivalstlouis.com"
51.222.253.10 - - [30/Dec/2022:10:23:03 -0800] "GET /2015/assets/NIAF160.png HTTP/1.1" 200 43421 "-" "Mozilla/5.0 (compatible; AhrefsBot/7.0; +http://ahrefs.com/robot/)" "www.italianfilmfestivalstlouis.com"
51.222.253.16 - - [30/Dec/2022:10:23:05 -0800] "GET /2015/assets/GoldSponsor.jpg HTTP/1.1" 200 14369 "-" "Mozilla/5.0 (compatible; AhrefsBot/7.0; +http://ahrefs.com/robot/)" "www.italianfilmfestivalstlouis.com"
51.222.253.1 - - [30/Dec/2022:10:23:05 -0800] "GET /2015/assets/275CapitaleUmano.gif HTTP/1.1" 200 26102 "-" "Mozilla/5.0 (compatible; AhrefsBot/7.0; +http://ahrefs.com/robot/)" "www.italianfilmfestivalstlouis.com"
51.222.253.19 - - [30/Dec/2022:10:23:06 -0800] "GET /2015/assets/275LaMafia.jpg HTTP/1.1" 200 53740 "-" "Mozilla/5.0 (compatible; AhrefsBot/7.0; +http://ahrefs.com/robot/)" "www.italianfilmfestivalstlouis.com"
51.222.253.18 - - [30/Dec/2022:10:23:07 -0800] "GET /2015/assets/SkylineFinalVersion.jpg HTTP/1.1" 200 41588 "-" "Mozilla/5.0 (compatible; AhrefsBot/7.0; +http://ahrefs.com/robot/)" "www.italianfilmfestivalstlouis.com"
51.222.253.20 - - [30/Dec/2022:10:23:08 -0800] "GET /2015/assets/275TiRicordi.jpg HTTP/1.1" 200 61751 "-" "Mozilla/5.0 (compatible; AhrefsBot/7.0; +http://ahrefs.com/robot/)" "www.italianfilmfestivalstlouis.com"
51.222.253.4 - - [30/Dec/2022:10:23:09 -0800] "GET /2015/assets/275Arbitro.jpg HTTP/1.1" 200 48428 "-" "Mozilla/5.0 (compatible; AhrefsBot/7.0; +http://ahrefs.com/robot/)" "www.italianfilmfestivalstlouis.com"
51.222.253.7 - - [30/Dec/2022:10:23:10 -0800] "GET /2015/assets/2015bluedate150.jpg HTTP/1.1" 200 27643 "-" "Mozilla/5.0 (compatible; AhrefsBot/7.0; +http://ahrefs.com/robot/)" "www.italianfilmfestivalstlouis.com"
