51.222.253.11 - - [27/Dec/2022:01:44:02 -0800] "GET /2008/directions_stl.html HTTP/1.1" 200 2632 "-" "Mozilla/5.0 (compatible; AhrefsBot/7.0; +http://ahrefs.com/robot/)" "www.italianfilmfestivalstlouis.com"
104.196.165.78 - - [27/Dec/2022:01:49:14 -0800] "GET /?C=S;O=A HTTP/1.1" 200 682 "-" "ZoominfoBot (zoominfobot at zoominfo dot com)" "www.italianfilmfestivalstlouis.com"
185.191.171.13 - - [27/Dec/2022:01:49:15 -0800] "GET /robots.txt HTTP/1.1" 404 88 "-" "Mozilla/5.0 (compatible; SemrushBot/7~bl; +http://www.semrush.com/bot.html)" "www.italianfilmfestivalstlouis.com"
185.191.171.33 - - [27/Dec/2022:01:49:15 -0800] "GET /2014/reality.html HTTP/1.1" 200 3030 "-" "Mozilla/5.0 (compatible; SemrushBot/7~bl; +http://www.semrush.com/bot.html)" "www.italianfilmfestivalstlouis.com"
104.196.165.78 - - [27/Dec/2022:02:00:56 -0800] "GET /?C=D;O=A HTTP/1.1" 200 682 "-" "ZoominfoBot (zoominfobot at zoominfo dot com)" "italianfilmfestivalstlouis.com"
51.222.253.4 - - [27/Dec/2022:02:11:02 -0800] "GET /SpryAssets/?C=S;O=A HTTP/1.1" 200 315 "-" "Mozilla/5.0 (compatible; AhrefsBot/7.0; +http://ahrefs.com/robot/)" "www.italianfilmfestivalstlouis.com"
157.55.39.62 - - [27/Dec/2022:02:28:18 -0800] "GET /robots.txt HTTP/1.1" 404 88 "-" "Mozilla/5.0 (compatible; bingbot/2.0; +http://www.bing.com/bingbot.htm)" "italianfilmfestivalstlouis.com"
157.55.39.167 - - [27/Dec/2022:02:28:23 -0800] "GET /2008/film4_stl.html HTTP/1.1" 200 3158 "-" "Mozilla/5.0 (compatible; bingbot/2.0; +http://www.bing.com/bingbot.htm)" "italianfilmfestivalstlouis.com"
51.222.253.8 - - [27/Dec/2022:02:36:19 -0800] "GET /robots.txt HTTP/1.1" 404 88 "-" "Mozilla/5.0 (compatible; AhrefsBot/7.0; +http://ahrefs.com/robot/)" "www.italianfilmfestivalstlouis.com"
51.222.253.10 - - [27/Dec/2022:02:36:20 -0800] "GET / HTTP/1.1" 200 682 "-" "Mozilla/5.0 (compatible; AhrefsBot/7.0; +http://ahrefs.com/robot/)" "www.italianfilmfestivalstlouis.com"
104.196.165.78 - - [27/Dec/2022:02:47:18 -0800] "GET /?C=M;O=A HTTP/1.1" 200 681 "-" "ZoominfoBot (zoominfobot at zoominfo dot com)" "italianfilmfestivalstlouis.com"
185.191.171.45 - - [27/Dec/2022:02:52:02 -0800] "GET /robots.txt HTTP/1.1" 404 88 "-" "Mozilla/5.0 (compatible; SemrushBot/7~bl; +http://www.semrush.com/bot.html)" "italianfilmfestivalstlouis.com"
185.191.171.24 - - [27/Dec/2022:02:52:03 -0800] "GET /2015/index_it.html HTTP/1.1" 200 2989 "-" "Mozilla/5.0 (compatible; SemrushBot/7~bl; +http://www.semrush.com/bot.html)" "italianfilmfestivalstlouis.com"
104.196.165.78 - - [27/Dec/2022:02:55:37 -0800] "GET /2013/ HTTP/1.1" 200 2637 "-" "ZoominfoBot (zoominfobot at zoominfo dot com)" "italianfilmfestivalstlouis.com"
51.222.253.11 - - [27/Dec/2022:02:56:00 -0800] "GET /2008/beasponsor_stl.html HTTP/1.1" 200 2184 "-" "Mozilla/5.0 (compatible; AhrefsBot/7.0; +http://ahrefs.com/robot/)" "www.italianfilmfestivalstlouis.com"
51.222.253.7 - - [27/Dec/2022:02:57:06 -0800] "GET /2008/images/italy.jpg HTTP/1.1" 200 879 "-" "Mozilla/5.0 (compatible; AhrefsBot/7.0; +http://ahrefs.com/robot/)" "www.italianfilmfestivalstlouis.com"
51.222.253.11 - - [27/Dec/2022:02:57:07 -0800] "GET /2008/images/title.jpg HTTP/1.1" 200 28248 "-" "Mozilla/5.0 (compatible; AhrefsBot/7.0; +http://ahrefs.com/robot/)" "www.italianfilmfestivalstlouis.com"
51.222.253.13 - - [27/Dec/2022:02:57:37 -0800] "GET /2008/images/film.gif HTTP/1.1" 200 480 "-" "Mozilla/5.0 (compatible; AhrefsBot/7.0; +http://ahrefs.com/robot/)" "www.italianfilmfestivalstlouis.com"
51.222.253.4 - - [27/Dec/2022:02:58:38 -0800] "GET /2008/images/USA.jpg HTTP/1.1" 200 3278 "-" "Mozilla/5.0 (compatible; AhrefsBot/7.0; +http://ahrefs.com/robot/)" "www.italianfilmfestivalstlouis.com"
51.222.253.11 - - [27/Dec/2022:02:59:38 -0800] "GET /2008/images/index.jpg HTTP/1.1" 200 10651 "-" "Mozilla/5.0 (compatible; AhrefsBot/7.0; +http://ahrefs.com/robot/)" "www.italianfilmfestivalstlouis.com"
17.241.227.8 - - [27/Dec/2022:03:02:05 -0800] "GET /2017/thanks.html HTTP/1.1" 200 2200 "-" "Mozilla/5.0 (Macintosh; Intel Mac OS X 10_15_5) AppleWebKit/605.1.15 (KHTML, like Gecko) Version/13.1.1 Safari/605.1.15 (Applebot/0.1; +http://www.apple.com/go/applebot)" "www.italianfilmfestivalstlouis.com"
185.191.171.26 - - [27/Dec/2022:03:04:01 -0800] "GET /robots.txt HTTP/1.1" 404 88 "-" "Mozilla/5.0 (compatible; SemrushBot/7~bl; +http://www.semrush.com/bot.html)" "www.italianfilmfestivalstlouis.com"
185.191.171.7 - - [27/Dec/2022:03:04:02 -0800] "GET /2014/become_a_sponsor.html HTTP/1.1" 200 2828 "-" "Mozilla/5.0 (compatible; SemrushBot/7~bl; +http://www.semrush.com/bot.html)" "www.italianfilmfestivalstlouis.com"
51.222.253.11 - - [27/Dec/2022:03:05:53 -0800] "GET /2008/directions_stl_it.html HTTP/1.1" 200 2708 "-" "Mozilla/5.0 (compatible; AhrefsBot/7.0; +http://ahrefs.com/robot/)" "www.italianfilmfestivalstlouis.com"
51.222.253.10 - - [27/Dec/2022:03:15:03 -0800] "GET /2011/index_it.html HTTP/1.1" 200 2392 "-" "Mozilla/5.0 (compatible; AhrefsBot/7.0; +http://ahrefs.com/robot/)" "italianfilmfestivalstlouis.com"
51.222.253.20 - - [27/Dec/2022:03:15:11 -0800] "GET /2011/assets/italy.jpg HTTP/1.1" 200 879 "-" "Mozilla/5.0 (compatible; AhrefsBot/7.0; +http://ahrefs.com/robot/)" "italianfilmfestivalstlouis.com"
51.222.253.13 - - [27/Dec/2022:03:15:12 -0800] "GET /2011/assets/facebook.jpg HTTP/1.1" 200 1251 "-" "Mozilla/5.0 (compatible; AhrefsBot/7.0; +http://ahrefs.com/robot/)" "italianfilmfestivalstlouis.com"
51.222.253.11 - - [27/Dec/2022:03:15:12 -0800] "GET /2011/assets/USA.jpg HTTP/1.1" 200 3278 "-" "Mozilla/5.0 (compatible; AhrefsBot/7.0; +http://ahrefs.com/robot/)" "italianfilmfestivalstlouis.com"
51.222.253.12 - - [27/Dec/2022:03:15:43 -0800] "GET /2011/assets/euroLoncandina.jpg HTTP/1.1" 200 9129 "-" "Mozilla/5.0 (compatible; AhrefsBot/7.0; +http://ahrefs.com/robot/)" "italianfilmfestivalstlouis.com"
51.222.253.15 - - [27/Dec/2022:03:16:13 -0800] "GET /2011/assets/Bellalocandina.jpg HTTP/1.1" 200 8588 "-" "Mozilla/5.0 (compatible; AhrefsBot/7.0; +http://ahrefs.com/robot/)" "italianfilmfestivalstlouis.com"
51.222.253.3 - - [27/Dec/2022:03:17:14 -0800] "GET /2011/assets/2011newlogo.jpg HTTP/1.1" 200 20723 "-" "Mozilla/5.0 (compatible; AhrefsBot/7.0; +http://ahrefs.com/robot/)" "italianfilmfestivalstlouis.com"
51.222.253.8 - - [27/Dec/2022:03:17:15 -0800] "GET /2011/assets/SkylineFinalVersion.jpg HTTP/1.1" 200 41588 "-" "Mozilla/5.0 (compatible; AhrefsBot/7.0; +http://ahrefs.com/robot/)" "italianfilmfestivalstlouis.com"
51.222.253.19 - - [27/Dec/2022:03:17:15 -0800] "GET /2011/assets/BasilicataLocandina.jpg HTTP/1.1" 200 9594 "-" "Mozilla/5.0 (compatible; AhrefsBot/7.0; +http://ahrefs.com/robot/)" "italianfilmfestivalstlouis.com"
51.222.253.20 - - [27/Dec/2022:03:17:16 -0800] "GET /2011/SpryAssets/SpryMenuBar.js HTTP/1.1" 200 6259 "-" "Mozilla/5.0 (compatible; AhrefsBot/7.0; +http://ahrefs.com/robot/)" "italianfilmfestivalstlouis.com"
51.222.253.15 - - [27/Dec/2022:03:17:17 -0800] "GET /2011/assets/FamilyLocandina.jpg HTTP/1.1" 200 11462 "-" "Mozilla/5.0 (compatible; AhrefsBot/7.0; +http://ahrefs.com/robot/)" "italianfilmfestivalstlouis.com"
51.222.253.12 - - [27/Dec/2022:03:17:17 -0800] "GET /2011/assets/18anniLocandina.jpg HTTP/1.1" 200 8161 "-" "Mozilla/5.0 (compatible; AhrefsBot/7.0; +http://ahrefs.com/robot/)" "italianfilmfestivalstlouis.com"
51.222.253.19 - - [27/Dec/2022:03:17:18 -0800] "GET /2011/SpryAssets/SpryMenuBarHorizontal.css HTTP/1.1" 200 1696 "-" "Mozilla/5.0 (compatible; AhrefsBot/7.0; +http://ahrefs.com/robot/)" "italianfilmfestivalstlouis.com"
51.222.253.10 - - [27/Dec/2022:03:17:18 -0800] "GET /2011/stylesheet.css HTTP/1.1" 200 1198 "-" "Mozilla/5.0 (compatible; AhrefsBot/7.0; +http://ahrefs.com/robot/)" "italianfilmfestivalstlouis.com"
51.222.253.7 - - [27/Dec/2022:03:17:48 -0800] "GET /2011/assets/UomoNeroLocandina.jpg HTTP/1.1" 200 9131 "-" "Mozilla/5.0 (compatible; AhrefsBot/7.0; +http://ahrefs.com/robot/)" "italianfilmfestivalstlouis.com"
185.191.171.23 - - [27/Dec/2022:03:18:00 -0800] "GET /2013/nave_dolce_it.html HTTP/1.1" 200 3100 "-" "Mozilla/5.0 (compatible; SemrushBot/7~bl; +http://www.semrush.com/bot.html)" "italianfilmfestivalstlouis.com"
104.196.165.78 - - [27/Dec/2022:03:19:48 -0800] "GET /?C=D;O=A HTTP/1.1" 200 682 "-" "ZoominfoBot (zoominfobot at zoominfo dot com)" "www.italianfilmfestivalstlouis.com"
185.191.171.10 - - [27/Dec/2022:03:23:07 -0800] "GET /2017/become_a_sponsor_it.html HTTP/1.1" 200 2953 "-" "Mozilla/5.0 (compatible; SemrushBot/7~bl; +http://www.semrush.com/bot.html)" "www.italianfilmfestivalstlouis.com"
185.191.171.41 - - [27/Dec/2022:03:24:01 -0800] "GET /2012/directions_st_louis.html HTTP/1.1" 200 2251 "-" "Mozilla/5.0 (compatible; SemrushBot/7~bl; +http://www.semrush.com/bot.html)" "italianfilmfestivalstlouis.com"
51.222.253.10 - - [27/Dec/2022:03:31:16 -0800] "GET /2012/ HTTP/1.1" 200 2383 "-" "Mozilla/5.0 (compatible; AhrefsBot/7.0; +http://ahrefs.com/robot/)" "www.italianfilmfestivalstlouis.com"
185.191.171.2 - - [27/Dec/2022:03:36:08 -0800] "GET /2011/happy_family.html HTTP/1.1" 200 2803 "-" "Mozilla/5.0 (compatible; SemrushBot/7~bl; +http://www.semrush.com/bot.html)" "italianfilmfestivalstlouis.com"
185.191.171.4 - - [27/Dec/2022:03:36:12 -0800] "GET /2016/storia_sbagliata.html HTTP/1.1" 200 2557 "-" "Mozilla/5.0 (compatible; SemrushBot/7~bl; +http://www.semrush.com/bot.html)" "italianfilmfestivalstlouis.com"
114.119.132.242 - - [27/Dec/2022:03:37:52 -0800] "GET /robots.txt HTTP/1.1" 404 88 "-" "Mozilla/5.0 (compatible;PetalBot;+https://webmaster.petalsearch.com/site/petalbot)" "italianfilmfestivalstlouis.com"
185.191.171.3 - - [27/Dec/2022:03:41:32 -0800] "GET /2013/contact_it.html HTTP/1.1" 200 2294 "-" "Mozilla/5.0 (compatible; SemrushBot/7~bl; +http://www.semrush.com/bot.html)" "italianfilmfestivalstlouis.com"
204.48.19.78 - - [27/Dec/2022:03:43:10 -0800] "GET / HTTP/1.1" 200 682 "-" "Mozilla/5.0 (Macintosh; Intel Mac OS X 10_15_7) AppleWebKit/537.36 (KHTML, like Gecko) Chrome/107.0.0.0 Safari/537.36" "italianfilmfestivalstlouis.com"
123.125.109.33 - - [27/Dec/2022:03:46:21 -0800] "GET / HTTP/1.1" 200 682 "-" "Sogou web spider/4.0(+http://www.sogou.com/docs/help/webmasters.htm#07)" "italianfilmfestivalstlouis.com"
146.190.248.230 - - [27/Dec/2022:03:47:10 -0800] "GET /robots.txt HTTP/1.1" 404 88 "-" "Mozilla/5.0 (Windows NT 6.1; WOW64; Trident/7.0; rv:11.0) like Gecko" "italianfilmfestivalstlouis.com"
157.230.214.11 - - [27/Dec/2022:03:48:51 -0800] "GET / HTTP/1.1" 200 682 "-" "Mozilla/5.0 (compatible; AhrefsBot/7.0; +http://ahrefs.com/robot/)" "italianfilmfestivalstlouis.com"
17.241.75.187 - - [27/Dec/2022:03:48:54 -0800] "GET /2012/become_a_sponsor.html HTTP/1.1" 200 2606 "-" "Mozilla/5.0 (Macintosh; Intel Mac OS X 10_15_5) AppleWebKit/605.1.15 (KHTML, like Gecko) Version/13.1.1 Safari/605.1.15 (Applebot/0.1; +http://www.apple.com/go/applebot)" "www.italianfilmfestivalstlouis.com"
206.81.14.203 - - [27/Dec/2022:03:52:30 -0800] "GET / HTTP/1.1" 200 682 "-" "Mozilla/5.0 (compatible; SemrushBot/7~bl; +http://www.semrush.com/bot.html)" "italianfilmfestivalstlouis.com"
51.222.253.19 - - [27/Dec/2022:03:53:40 -0800] "GET /2014/women_workers.html HTTP/1.1" 200 2555 "-" "Mozilla/5.0 (compatible; AhrefsBot/7.0; +http://ahrefs.com/robot/)" "italianfilmfestivalstlouis.com"
51.222.253.20 - - [27/Dec/2022:04:04:52 -0800] "GET /2014/women_workers_it.html HTTP/1.1" 200 2660 "-" "Mozilla/5.0 (compatible; AhrefsBot/7.0; +http://ahrefs.com/robot/)" "www.italianfilmfestivalstlouis.com"
51.222.253.20 - - [27/Dec/2022:04:05:00 -0800] "GET /2014/assets/2014Verdana2.jpg HTTP/1.1" 200 26654 "-" "Mozilla/5.0 (compatible; AhrefsBot/7.0; +http://ahrefs.com/robot/)" "www.italianfilmfestivalstlouis.com"
51.222.253.5 - - [27/Dec/2022:04:05:01 -0800] "GET /2014/SpryAssets/SpryMenuBar.js HTTP/1.1" 200 6259 "-" "Mozilla/5.0 (compatible; AhrefsBot/7.0; +http://ahrefs.com/robot/)" "www.italianfilmfestivalstlouis.com"
51.222.253.4 - - [27/Dec/2022:04:05:01 -0800] "GET /2014/assets/laurelwreathcurved.jpg HTTP/1.1" 200 47652 "-" "Mozilla/5.0 (compatible; AhrefsBot/7.0; +http://ahrefs.com/robot/)" "www.italianfilmfestivalstlouis.com"
51.222.253.6 - - [27/Dec/2022:04:05:02 -0800] "GET /2014/assets/italy.jpg HTTP/1.1" 200 879 "-" "Mozilla/5.0 (compatible; AhrefsBot/7.0; +http://ahrefs.com/robot/)" "www.italianfilmfestivalstlouis.com"
51.222.253.4 - - [27/Dec/2022:04:05:02 -0800] "GET /2014/assets/twitter.jpg HTTP/1.1" 200 27696 "-" "Mozilla/5.0 (compatible; AhrefsBot/7.0; +http://ahrefs.com/robot/)" "www.italianfilmfestivalstlouis.com"
51.222.253.17 - - [27/Dec/2022:04:05:03 -0800] "GET /2014/assets/SkylineFinalVersion.jpg HTTP/1.1" 200 41588 "-" "Mozilla/5.0 (compatible; AhrefsBot/7.0; +http://ahrefs.com/robot/)" "www.italianfilmfestivalstlouis.com"
51.222.253.2 - - [27/Dec/2022:04:05:04 -0800] "GET /2014/assets/USA.jpg HTTP/1.1" 200 3278 "-" "Mozilla/5.0 (compatible; AhrefsBot/7.0; +http://ahrefs.com/robot/)" "www.italianfilmfestivalstlouis.com"
51.222.253.11 - - [27/Dec/2022:04:05:04 -0800] "GET /2014/assets/GoldSponsor.jpg HTTP/1.1" 200 14369 "-" "Mozilla/5.0 (compatible; AhrefsBot/7.0; +http://ahrefs.com/robot/)" "www.italianfilmfestivalstlouis.com"
51.222.253.1 - - [27/Dec/2022:04:05:05 -0800] "GET /2014/assets/facebook.jpg HTTP/1.1" 200 1251 "-" "Mozilla/5.0 (compatible; AhrefsBot/7.0; +http://ahrefs.com/robot/)" "www.italianfilmfestivalstlouis.com"
51.222.253.10 - - [27/Dec/2022:04:05:05 -0800] "GET /2014/assets/FIAT140.jpg HTTP/1.1" 200 47592 "-" "Mozilla/5.0 (compatible; AhrefsBot/7.0; +http://ahrefs.com/robot/)" "www.italianfilmfestivalstlouis.com"
185.191.171.7 - - [27/Dec/2022:04:05:18 -0800] "GET /robots.txt HTTP/1.1" 404 88 "-" "Mozilla/5.0 (compatible; SemrushBot/7~bl; +http://www.semrush.com/bot.html)" "www.italianfilmfestivalstlouis.com"
185.191.171.16 - - [27/Dec/2022:04:05:18 -0800] "GET /2012/fughe_e_approdi_it.html HTTP/1.1" 200 2967 "-" "Mozilla/5.0 (compatible; SemrushBot/7~bl; +http://www.semrush.com/bot.html)" "www.italianfilmfestivalstlouis.com"
51.222.253.7 - - [27/Dec/2022:04:05:36 -0800] "GET /2014/assets/640300women.jpg HTTP/1.1" 200 74144 "-" "Mozilla/5.0 (compatible; AhrefsBot/7.0; +http://ahrefs.com/robot/)" "www.italianfilmfestivalstlouis.com"
51.222.253.19 - - [27/Dec/2022:04:05:37 -0800] "GET /2014/assets/2011newlogo.jpg HTTP/1.1" 200 20723 "-" "Mozilla/5.0 (compatible; AhrefsBot/7.0; +http://ahrefs.com/robot/)" "www.italianfilmfestivalstlouis.com"
51.222.253.9 - - [27/Dec/2022:04:05:38 -0800] "GET /2014/stylesheet.css HTTP/1.1" 200 1204 "-" "Mozilla/5.0 (compatible; AhrefsBot/7.0; +http://ahrefs.com/robot/)" "www.italianfilmfestivalstlouis.com"
114.119.157.108 - - [27/Dec/2022:04:06:13 -0800] "GET /robots.txt HTTP/1.1" 404 88 "-" "Mozilla/5.0 (compatible;PetalBot;+https://webmaster.petalsearch.com/site/petalbot)" "www.italianfilmfestivalstlouis.com"
157.55.39.106 - - [27/Dec/2022:04:11:29 -0800] "GET /2012/press_it.html HTTP/1.1" 200 2118 "-" "Mozilla/5.0 AppleWebKit/537.36 (KHTML, like Gecko; compatible; bingbot/2.0; +http://www.bing.com/bingbot.htm) Chrome/103.0.5060.134 Safari/537.36" "italianfilmfestivalstlouis.com"
51.222.253.14 - - [27/Dec/2022:04:16:59 -0800] "GET /2010a/indice.html HTTP/1.1" 200 2145 "-" "Mozilla/5.0 (compatible; AhrefsBot/7.0; +http://ahrefs.com/robot/)" "italianfilmfestivalstlouis.com"
51.222.253.14 - - [27/Dec/2022:04:17:04 -0800] "GET /2010a/images/blackbutton.jpg HTTP/1.1" 404 88 "-" "Mozilla/5.0 (compatible; AhrefsBot/7.0; +http://ahrefs.com/robot/)" "italianfilmfestivalstlouis.com"
51.222.253.20 - - [27/Dec/2022:04:17:04 -0800] "GET /2010a/images/WU.jpg HTTP/1.1" 404 88 "-" "Mozilla/5.0 (compatible; AhrefsBot/7.0; +http://ahrefs.com/robot/)" "italianfilmfestivalstlouis.com"
51.222.253.7 - - [27/Dec/2022:04:17:04 -0800] "GET /2010a/images/IICChicago2.gif HTTP/1.1" 404 88 "-" "Mozilla/5.0 (compatible; AhrefsBot/7.0; +http://ahrefs.com/robot/)" "italianfilmfestivalstlouis.com"
51.222.253.11 - - [27/Dec/2022:04:17:05 -0800] "GET /2010a/images/italianfilm75WEB.jpg HTTP/1.1" 404 88 "-" "Mozilla/5.0 (compatible; AhrefsBot/7.0; +http://ahrefs.com/robot/)" "italianfilmfestivalstlouis.com"
51.222.253.2 - - [27/Dec/2022:04:17:05 -0800] "GET /2010a/images/bluebackground.jpg HTTP/1.1" 404 88 "-" "Mozilla/5.0 (compatible; AhrefsBot/7.0; +http://ahrefs.com/robot/)" "italianfilmfestivalstlouis.com"
51.222.253.19 - - [27/Dec/2022:04:17:06 -0800] "GET /2010a/images/whiteborder.jpg HTTP/1.1" 404 88 "-" "Mozilla/5.0 (compatible; AhrefsBot/7.0; +http://ahrefs.com/robot/)" "italianfilmfestivalstlouis.com"
51.222.253.20 - - [27/Dec/2022:04:17:06 -0800] "GET /2010a/images/blueplain.jpg HTTP/1.1" 404 88 "-" "Mozilla/5.0 (compatible; AhrefsBot/7.0; +http://ahrefs.com/robot/)" "italianfilmfestivalstlouis.com"
51.222.253.11 - - [27/Dec/2022:04:17:07 -0800] "GET /2010a/images/USA.jpg HTTP/1.1" 404 88 "-" "Mozilla/5.0 (compatible; AhrefsBot/7.0; +http://ahrefs.com/robot/)" "italianfilmfestivalstlouis.com"
51.222.253.16 - - [27/Dec/2022:04:17:07 -0800] "GET /2010a/images/italy.jpg HTTP/1.1" 404 88 "-" "Mozilla/5.0 (compatible; AhrefsBot/7.0; +http://ahrefs.com/robot/)" "italianfilmfestivalstlouis.com"
104.196.165.78 - - [27/Dec/2022:04:19:00 -0800] "GET /2012/ HTTP/1.1" 200 2383 "-" "ZoominfoBot (zoominfobot at zoominfo dot com)" "italianfilmfestivalstlouis.com"
17.241.75.220 - - [27/Dec/2022:04:19:26 -0800] "GET /2009/film6_stl_it.html HTTP/1.1" 200 3027 "-" "Mozilla/5.0 (Macintosh; Intel Mac OS X 10_15_5) AppleWebKit/605.1.15 (KHTML, like Gecko) Version/13.1.1 Safari/605.1.15 (Applebot/0.1; +http://www.apple.com/go/applebot)" "www.italianfilmfestivalstlouis.com"
185.191.171.14 - - [27/Dec/2022:04:23:08 -0800] "GET /robots.txt HTTP/1.1" 404 88 "-" "Mozilla/5.0 (compatible; SemrushBot/7~bl; +http://www.semrush.com/bot.html)" "italianfilmfestivalstlouis.com"
185.191.171.33 - - [27/Dec/2022:04:23:09 -0800] "GET /2015/la_sedia_felicita_it.html HTTP/1.1" 200 3047 "-" "Mozilla/5.0 (compatible; SemrushBot/7~bl; +http://www.semrush.com/bot.html)" "italianfilmfestivalstlouis.com"
185.191.171.1 - - [27/Dec/2022:04:32:53 -0800] "GET /2012/noi_credevamo_it.html HTTP/1.1" 200 3023 "-" "Mozilla/5.0 (compatible; SemrushBot/7~bl; +http://www.semrush.com/bot.html)" "www.italianfilmfestivalstlouis.com"
185.191.171.15 - - [27/Dec/2022:04:34:57 -0800] "GET /2013/nave_dolce.html HTTP/1.1" 200 3056 "-" "Mozilla/5.0 (compatible; SemrushBot/7~bl; +http://www.semrush.com/bot.html)" "italianfilmfestivalstlouis.com"
51.222.253.14 - - [27/Dec/2022:04:38:31 -0800] "GET /2008/awards_stl_it.html HTTP/1.1" 200 2078 "-" "Mozilla/5.0 (compatible; AhrefsBot/7.0; +http://ahrefs.com/robot/)" "www.italianfilmfestivalstlouis.com"
104.196.165.78 - - [27/Dec/2022:04:45:37 -0800] "GET /2014/ HTTP/1.1" 200 2740 "-" "ZoominfoBot (zoominfobot at zoominfo dot com)" "www.italianfilmfestivalstlouis.com"
51.222.253.17 - - [27/Dec/2022:04:49:54 -0800] "GET /2008/thanks_stl_it.html HTTP/1.1" 200 1773 "-" "Mozilla/5.0 (compatible; AhrefsBot/7.0; +http://ahrefs.com/robot/)" "www.italianfilmfestivalstlouis.com"
51.222.253.10 - - [27/Dec/2022:05:00:43 -0800] "GET /2008/thanks_stl.html HTTP/1.1" 200 1733 "-" "Mozilla/5.0 (compatible; AhrefsBot/7.0; +http://ahrefs.com/robot/)" "www.italianfilmfestivalstlouis.com"
104.196.165.78 - - [27/Dec/2022:05:02:30 -0800] "GET /?C=M;O=A HTTP/1.1" 200 681 "-" "ZoominfoBot (zoominfobot at zoominfo dot com)" "www.italianfilmfestivalstlouis.com"
77.75.77.119 - - [27/Dec/2022:05:04:36 -0800] "GET /2009/contact.html HTTP/1.1" 304 - "-" "Mozilla/5.0 (compatible; SeznamBot/4.0-RC1; +http://napoveda.seznam.cz/seznambot-intro/)" "www.italianfilmfestivalstlouis.com"
51.222.253.2 - - [27/Dec/2022:05:11:32 -0800] "GET /robots.txt HTTP/1.1" 404 88 "-" "Mozilla/5.0 (compatible; AhrefsBot/7.0; +http://ahrefs.com/robot/)" "www.italianfilmfestivalstlouis.com"
51.222.253.11 - - [27/Dec/2022:05:11:35 -0800] "GET /2008/awards_stl.html HTTP/1.1" 200 2027 "-" "Mozilla/5.0 (compatible; AhrefsBot/7.0; +http://ahrefs.com/robot/)" "www.italianfilmfestivalstlouis.com"
185.191.171.18 - - [27/Dec/2022:05:16:05 -0800] "GET /2014/migliore_offerta_it.html HTTP/1.1" 200 3022 "-" "Mozilla/5.0 (compatible; SemrushBot/7~bl; +http://www.semrush.com/bot.html)" "italianfilmfestivalstlouis.com"
118.184.177.44 - - [27/Dec/2022:05:20:52 -0800] "GET / HTTP/1.1" 200 682 "-" "Sogou web spider/4.0(+http://www.sogou.com/docs/help/webmasters.htm#07)" "italianfilmfestivalstlouis.com"
114.119.154.59 - - [27/Dec/2022:05:21:50 -0800] "GET /assets?D=A HTTP/1.1" 301 1418 "http://italianfilmfestivalstlouis.com/assets" "Mozilla/5.0 (Linux; Android 7.0;) AppleWebKit/537.36 (KHTML, like Gecko) Mobile Safari/537.36 (compatible; PetalBot;+https://webmaster.petalsearch.com/site/petalbot)" "italianfilmfestivalstlouis.com"
114.119.154.59 - - [27/Dec/2022:05:21:58 -0800] "GET /assets/?D=A HTTP/1.1" 200 370 "http://italianfilmfestivalstlouis.com/assets" "Mozilla/5.0 (Linux; Android 7.0;) AppleWebKit/537.36 (KHTML, like Gecko) Mobile Safari/537.36 (compatible; PetalBot;+https://webmaster.petalsearch.com/site/petalbot)" "italianfilmfestivalstlouis.com"
185.191.171.37 - - [27/Dec/2022:05:22:57 -0800] "GET /robots.txt HTTP/1.1" 404 88 "-" "Mozilla/5.0 (compatible; SemrushBot/7~bl; +http://www.semrush.com/bot.html)" "www.italianfilmfestivalstlouis.com"
185.191.171.24 - - [27/Dec/2022:05:22:58 -0800] "GET /2014/index.html HTTP/1.1" 200 2740 "-" "Mozilla/5.0 (compatible; SemrushBot/7~bl; +http://www.semrush.com/bot.html)" "www.italianfilmfestivalstlouis.com"
51.222.253.14 - - [27/Dec/2022:05:23:36 -0800] "GET /2009/film4_stl.html HTTP/1.1" 200 2837 "-" "Mozilla/5.0 (compatible; AhrefsBot/7.0; +http://ahrefs.com/robot/)" "www.italianfilmfestivalstlouis.com"
185.191.171.4 - - [27/Dec/2022:05:33:21 -0800] "GET /robots.txt HTTP/1.1" 404 88 "-" "Mozilla/5.0 (compatible; SemrushBot/7~bl; +http://www.semrush.com/bot.html)" "italianfilmfestivalstlouis.com"
185.191.171.6 - - [27/Dec/2022:05:33:21 -0800] "GET /2009/press.html HTTP/1.1" 200 1996 "-" "Mozilla/5.0 (compatible; SemrushBot/7~bl; +http://www.semrush.com/bot.html)" "italianfilmfestivalstlouis.com"
51.222.253.19 - - [27/Dec/2022:05:36:43 -0800] "GET /2009/film3_stl.html HTTP/1.1" 200 2767 "-" "Mozilla/5.0 (compatible; AhrefsBot/7.0; +http://ahrefs.com/robot/)" "www.italianfilmfestivalstlouis.com"
51.222.253.10 - - [27/Dec/2022:05:36:47 -0800] "GET /2009/images/MarNero1.jpg HTTP/1.1" 200 50197 "-" "Mozilla/5.0 (compatible; AhrefsBot/7.0; +http://ahrefs.com/robot/)" "www.italianfilmfestivalstlouis.com"
51.222.253.10 - - [27/Dec/2022:05:36:48 -0800] "GET /2009/images/blackbutton.jpg HTTP/1.1" 200 1383 "-" "Mozilla/5.0 (compatible; AhrefsBot/7.0; +http://ahrefs.com/robot/)" "www.italianfilmfestivalstlouis.com"
51.222.253.9 - - [27/Dec/2022:05:36:48 -0800] "GET /2009/images/BLACKhome.jpg HTTP/1.1" 200 2608 "-" "Mozilla/5.0 (compatible; AhrefsBot/7.0; +http://ahrefs.com/robot/)" "www.italianfilmfestivalstlouis.com"
51.222.253.19 - - [27/Dec/2022:05:36:49 -0800] "GET /2009/images/MarNero5.jpg HTTP/1.1" 200 58396 "-" "Mozilla/5.0 (compatible; AhrefsBot/7.0; +http://ahrefs.com/robot/)" "www.italianfilmfestivalstlouis.com"
51.222.253.14 - - [27/Dec/2022:05:36:50 -0800] "GET /2009/images/italy.jpg HTTP/1.1" 200 879 "-" "Mozilla/5.0 (compatible; AhrefsBot/7.0; +http://ahrefs.com/robot/)" "www.italianfilmfestivalstlouis.com"
51.222.253.9 - - [27/Dec/2022:05:36:50 -0800] "GET /2009/images/MarNero3.jpg HTTP/1.1" 200 51365 "-" "Mozilla/5.0 (compatible; AhrefsBot/7.0; +http://ahrefs.com/robot/)" "www.italianfilmfestivalstlouis.com"
51.222.253.11 - - [27/Dec/2022:05:36:51 -0800] "GET /2009/images/bluebackground.jpg HTTP/1.1" 200 59675 "-" "Mozilla/5.0 (compatible; AhrefsBot/7.0; +http://ahrefs.com/robot/)" "www.italianfilmfestivalstlouis.com"
51.222.253.17 - - [27/Dec/2022:05:36:52 -0800] "GET /2009/images/USA.jpg HTTP/1.1" 200 3278 "-" "Mozilla/5.0 (compatible; AhrefsBot/7.0; +http://ahrefs.com/robot/)" "www.italianfilmfestivalstlouis.com"
51.222.253.17 - - [27/Dec/2022:05:36:52 -0800] "GET /2009/images/whiteborder.jpg HTTP/1.1" 200 1383 "-" "Mozilla/5.0 (compatible; AhrefsBot/7.0; +http://ahrefs.com/robot/)" "www.italianfilmfestivalstlouis.com"
51.222.253.6 - - [27/Dec/2022:05:36:53 -0800] "GET /2009/images/mediumblue.jpg HTTP/1.1" 200 1385 "-" "Mozilla/5.0 (compatible; AhrefsBot/7.0; +http://ahrefs.com/robot/)" "www.italianfilmfestivalstlouis.com"
51.222.253.6 - - [27/Dec/2022:05:36:53 -0800] "GET /2009/images/MarNero2.jpg HTTP/1.1" 200 42798 "-" "Mozilla/5.0 (compatible; AhrefsBot/7.0; +http://ahrefs.com/robot/)" "www.italianfilmfestivalstlouis.com"
51.222.253.8 - - [27/Dec/2022:05:36:54 -0800] "GET /2009/images/blueplain.jpg HTTP/1.1" 200 1385 "-" "Mozilla/5.0 (compatible; AhrefsBot/7.0; +http://ahrefs.com/robot/)" "www.italianfilmfestivalstlouis.com"
104.196.165.78 - - [27/Dec/2022:05:39:02 -0800] "GET /2011/ HTTP/1.1" 200 2414 "-" "ZoominfoBot (zoominfobot at zoominfo dot com)" "italianfilmfestivalstlouis.com"
104.196.165.78 - - [27/Dec/2022:05:48:13 -0800] "GET /2012/ HTTP/1.1" 200 2383 "-" "ZoominfoBot (zoominfobot at zoominfo dot com)" "www.italianfilmfestivalstlouis.com"
204.48.19.78 - - [27/Dec/2022:05:48:50 -0800] "GET /?C=M;O=A HTTP/1.1" 200 681 "-" "Mozilla/5.0 (Macintosh; Intel Mac OS X 10_15_7) AppleWebKit/537.36 (KHTML, like Gecko) Chrome/107.0.0.0 Safari/537.36" "www.italianfilmfestivalstlouis.com"
51.222.253.5 - - [27/Dec/2022:05:49:41 -0800] "GET /2009/film5_stl.html HTTP/1.1" 200 2677 "-" "Mozilla/5.0 (compatible; AhrefsBot/7.0; +http://ahrefs.com/robot/)" "www.italianfilmfestivalstlouis.com"
51.222.253.18 - - [27/Dec/2022:05:49:46 -0800] "GET /2009/images/colpo1.jpg HTTP/1.1" 200 35681 "-" "Mozilla/5.0 (compatible; AhrefsBot/7.0; +http://ahrefs.com/robot/)" "www.italianfilmfestivalstlouis.com"
51.222.253.8 - - [27/Dec/2022:05:49:47 -0800] "GET /2009/images/colpo2.jpg HTTP/1.1" 200 33911 "-" "Mozilla/5.0 (compatible; AhrefsBot/7.0; +http://ahrefs.com/robot/)" "www.italianfilmfestivalstlouis.com"
51.222.253.18 - - [27/Dec/2022:05:49:47 -0800] "GET /2009/images/colpo3.jpg HTTP/1.1" 200 45027 "-" "Mozilla/5.0 (compatible; AhrefsBot/7.0; +http://ahrefs.com/robot/)" "www.italianfilmfestivalstlouis.com"
185.191.171.21 - - [27/Dec/2022:05:53:09 -0800] "GET /2011/uomo_che_verra.html HTTP/1.1" 200 2889 "-" "Mozilla/5.0 (compatible; SemrushBot/7~bl; +http://www.semrush.com/bot.html)" "italianfilmfestivalstlouis.com"
51.222.253.18 - - [27/Dec/2022:05:56:35 -0800] "GET /test/ HTTP/1.1" 200 2678 "-" "Mozilla/5.0 (compatible; AhrefsBot/7.0; +http://ahrefs.com/robot/)" "www.italianfilmfestivalstlouis.com"
51.222.253.4 - - [27/Dec/2022:05:56:39 -0800] "GET /test/images/Picture1.jpg HTTP/1.1" 404 88 "-" "Mozilla/5.0 (compatible; AhrefsBot/7.0; +http://ahrefs.com/robot/)" "www.italianfilmfestivalstlouis.com"
51.222.253.14 - - [27/Dec/2022:05:56:39 -0800] "GET /test/index_files/pellicola.gif HTTP/1.1" 200 480 "-" "Mozilla/5.0 (compatible; AhrefsBot/7.0; +http://ahrefs.com/robot/)" "www.italianfilmfestivalstlouis.com"
51.222.253.7 - - [27/Dec/2022:05:56:40 -0800] "GET /test/index_files/usa.jpg HTTP/1.1" 200 3278 "-" "Mozilla/5.0 (compatible; AhrefsBot/7.0; +http://ahrefs.com/robot/)" "www.italianfilmfestivalstlouis.com"
51.222.253.1 - - [27/Dec/2022:05:56:40 -0800] "GET /test/index_files/arc.jpg HTTP/1.1" 200 3416 "-" "Mozilla/5.0 (compatible; AhrefsBot/7.0; +http://ahrefs.com/robot/)" "www.italianfilmfestivalstlouis.com"
51.222.253.10 - - [27/Dec/2022:05:57:11 -0800] "GET /test/index_files/nav4491945277i.gif HTTP/1.1" 200 1221 "-" "Mozilla/5.0 (compatible; AhrefsBot/7.0; +http://ahrefs.com/robot/)" "www.italianfilmfestivalstlouis.com"
51.222.253.9 - - [27/Dec/2022:05:57:12 -0800] "GET /test/index_files/nuvola.jpg HTTP/1.1" 200 5596 "-" "Mozilla/5.0 (compatible; AhrefsBot/7.0; +http://ahrefs.com/robot/)" "www.italianfilmfestivalstlouis.com"
51.222.253.8 - - [27/Dec/2022:05:57:12 -0800] "GET /test/index_files/IIC.jpg HTTP/1.1" 200 3439 "-" "Mozilla/5.0 (compatible; AhrefsBot/7.0; +http://ahrefs.com/robot/)" "www.italianfilmfestivalstlouis.com"
51.222.253.3 - - [27/Dec/2022:05:57:12 -0800] "GET /test/index_files/nav4491945271i.gif HTTP/1.1" 200 1174 "-" "Mozilla/5.0 (compatible; AhrefsBot/7.0; +http://ahrefs.com/robot/)" "www.italianfilmfestivalstlouis.com"
51.222.253.6 - - [27/Dec/2022:05:57:13 -0800] "GET /test/index_files/WU.jpg HTTP/1.1" 200 2264 "-" "Mozilla/5.0 (compatible; AhrefsBot/7.0; +http://ahrefs.com/robot/)" "www.italianfilmfestivalstlouis.com"
51.222.253.16 - - [27/Dec/2022:05:57:13 -0800] "GET /test/index_files/nav4491945274i.gif HTTP/1.1" 200 1171 "-" "Mozilla/5.0 (compatible; AhrefsBot/7.0; +http://ahrefs.com/robot/)" "www.italianfilmfestivalstlouis.com"
51.222.253.16 - - [27/Dec/2022:05:57:14 -0800] "GET /test/index_files/nav4491945270i.gif HTTP/1.1" 200 1185 "-" "Mozilla/5.0 (compatible; AhrefsBot/7.0; +http://ahrefs.com/robot/)" "www.italianfilmfestivalstlouis.com"
51.222.253.10 - - [27/Dec/2022:05:57:14 -0800] "GET /test/index_files/nav4491945275i.gif HTTP/1.1" 200 1169 "-" "Mozilla/5.0 (compatible; AhrefsBot/7.0; +http://ahrefs.com/robot/)" "www.italianfilmfestivalstlouis.com"
51.222.253.16 - - [27/Dec/2022:05:57:16 -0800] "GET /test/index_files/nav4491945272i.gif HTTP/1.1" 200 1180 "-" "Mozilla/5.0 (compatible; AhrefsBot/7.0; +http://ahrefs.com/robot/)" "www.italianfilmfestivalstlouis.com"
51.222.253.2 - - [27/Dec/2022:05:57:16 -0800] "GET /test/index_files/italy.jpg HTTP/1.1" 200 879 "-" "Mozilla/5.0 (compatible; AhrefsBot/7.0; +http://ahrefs.com/robot/)" "www.italianfilmfestivalstlouis.com"
51.222.253.6 - - [27/Dec/2022:05:57:16 -0800] "GET /test/index_files/nav4491945273i.gif HTTP/1.1" 200 1189 "-" "Mozilla/5.0 (compatible; AhrefsBot/7.0; +http://ahrefs.com/robot/)" "www.italianfilmfestivalstlouis.com"
51.222.253.4 - - [27/Dec/2022:05:57:53 -0800] "GET /test/index_files/nav4491945276i.gif HTTP/1.1" 200 1220 "-" "Mozilla/5.0 (compatible; AhrefsBot/7.0; +http://ahrefs.com/robot/)" "www.italianfilmfestivalstlouis.com"
51.222.253.13 - - [27/Dec/2022:06:04:01 -0800] "GET /index_files/cachedata.xml HTTP/1.1" 200 492 "-" "Mozilla/5.0 (compatible; AhrefsBot/7.0; +http://ahrefs.com/robot/)" "www.italianfilmfestivalstlouis.com"
185.191.171.4 - - [27/Dec/2022:06:05:56 -0800] "GET /2017/belli_it.html HTTP/1.1" 200 2841 "-" "Mozilla/5.0 (compatible; SemrushBot/7~bl; +http://www.semrush.com/bot.html)" "www.italianfilmfestivalstlouis.com"
104.196.165.78 - - [27/Dec/2022:06:10:31 -0800] "GET /2008/ HTTP/1.1" 200 2568 "-" "ZoominfoBot (zoominfobot at zoominfo dot com)" "www.italianfilmfestivalstlouis.com"
66.249.79.253 - - [27/Dec/2022:06:12:29 -0800] "GET /2015/assets/favicon.ico HTTP/1.1" 404 88 "-" "Googlebot-Image/1.0" "www.italianfilmfestivalstlouis.com"
185.191.171.26 - - [27/Dec/2022:06:15:35 -0800] "GET /2012/directions_st_louis.html HTTP/1.1" 200 2251 "-" "Mozilla/5.0 (compatible; SemrushBot/7~bl; +http://www.semrush.com/bot.html)" "www.italianfilmfestivalstlouis.com"
51.222.253.10 - - [27/Dec/2022:06:16:11 -0800] "GET /index_files/ HTTP/1.1" 200 1004 "-" "Mozilla/5.0 (compatible; AhrefsBot/7.0; +http://ahrefs.com/robot/)" "italianfilmfestivalstlouis.com"
185.191.171.22 - - [27/Dec/2022:06:31:01 -0800] "GET /2014/thanks_it.html HTTP/1.1" 200 2229 "-" "Mozilla/5.0 (compatible; SemrushBot/7~bl; +http://www.semrush.com/bot.html)" "italianfilmfestivalstlouis.com"
51.222.253.1 - - [27/Dec/2022:06:31:46 -0800] "GET /2008/prress_stl.html HTTP/1.1" 200 1520 "-" "Mozilla/5.0 (compatible; AhrefsBot/7.0; +http://ahrefs.com/robot/)" "www.italianfilmfestivalstlouis.com"
185.191.171.16 - - [27/Dec/2022:06:32:52 -0800] "GET /robots.txt HTTP/1.1" 404 88 "-" "Mozilla/5.0 (compatible; SemrushBot/7~bl; +http://www.semrush.com/bot.html)" "www.italianfilmfestivalstlouis.com"
185.191.171.36 - - [27/Dec/2022:06:32:52 -0800] "GET /2014/women_workers_it.html HTTP/1.1" 200 2660 "-" "Mozilla/5.0 (compatible; SemrushBot/7~bl; +http://www.semrush.com/bot.html)" "www.italianfilmfestivalstlouis.com"
185.191.171.11 - - [27/Dec/2022:06:33:16 -0800] "GET /2015/un_ragazzo.html HTTP/1.1" 200 2874 "-" "Mozilla/5.0 (compatible; SemrushBot/7~bl; +http://www.semrush.com/bot.html)" "www.italianfilmfestivalstlouis.com"
185.191.171.12 - - [27/Dec/2022:06:37:52 -0800] "GET /robots.txt HTTP/1.1" 404 88 "-" "Mozilla/5.0 (compatible; SemrushBot/7~bl; +http://www.semrush.com/bot.html)" "italianfilmfestivalstlouis.com"
185.191.171.8 - - [27/Dec/2022:06:37:52 -0800] "GET /2006/index_files/caterina.html HTTP/1.1" 200 2586 "-" "Mozilla/5.0 (compatible; SemrushBot/7~bl; +http://www.semrush.com/bot.html)" "italianfilmfestivalstlouis.com"
51.222.253.16 - - [27/Dec/2022:06:39:22 -0800] "GET /2010/the_girl_by_the_lake.html HTTP/1.1" 200 2968 "-" "Mozilla/5.0 (compatible; AhrefsBot/7.0; +http://ahrefs.com/robot/)" "www.italianfilmfestivalstlouis.com"
51.222.253.9 - - [27/Dec/2022:06:39:25 -0800] "GET /2010/SpryAssets/SpryMenuBarHorizontal.css HTTP/1.1" 200 1698 "-" "Mozilla/5.0 (compatible; AhrefsBot/7.0; +http://ahrefs.com/robot/)" "www.italianfilmfestivalstlouis.com"
51.222.253.14 - - [27/Dec/2022:06:39:26 -0800] "GET /2010/assets/italy.jpg HTTP/1.1" 200 879 "-" "Mozilla/5.0 (compatible; AhrefsBot/7.0; +http://ahrefs.com/robot/)" "www.italianfilmfestivalstlouis.com"
51.222.253.6 - - [27/Dec/2022:06:39:26 -0800] "GET /2010/assets/Ragazza3.jpg HTTP/1.1" 200 24303 "-" "Mozilla/5.0 (compatible; AhrefsBot/7.0; +http://ahrefs.com/robot/)" "www.italianfilmfestivalstlouis.com"
51.222.253.18 - - [27/Dec/2022:06:39:27 -0800] "GET /2010/assets/Ragazza4.jpg HTTP/1.1" 200 28647 "-" "Mozilla/5.0 (compatible; AhrefsBot/7.0; +http://ahrefs.com/robot/)" "www.italianfilmfestivalstlouis.com"
51.222.253.7 - - [27/Dec/2022:06:39:27 -0800] "GET /2010/assets/USA.jpg HTTP/1.1" 200 3278 "-" "Mozilla/5.0 (compatible; AhrefsBot/7.0; +http://ahrefs.com/robot/)" "www.italianfilmfestivalstlouis.com"
51.222.253.17 - - [27/Dec/2022:06:39:31 -0800] "GET /2010/SpryAssets/SpryMenuBarVertical.css HTTP/1.1" 200 1580 "-" "Mozilla/5.0 (compatible; AhrefsBot/7.0; +http://ahrefs.com/robot/)" "www.italianfilmfestivalstlouis.com"
51.222.253.20 - - [27/Dec/2022:06:39:31 -0800] "GET /2010/assets/Ragazza2.jpg HTTP/1.1" 200 28391 "-" "Mozilla/5.0 (compatible; AhrefsBot/7.0; +http://ahrefs.com/robot/)" "www.italianfilmfestivalstlouis.com"
51.222.253.16 - - [27/Dec/2022:06:39:32 -0800] "GET /2010/stylesheet.css HTTP/1.1" 200 1136 "-" "Mozilla/5.0 (compatible; AhrefsBot/7.0; +http://ahrefs.com/robot/)" "www.italianfilmfestivalstlouis.com"
51.222.253.9 - - [27/Dec/2022:06:39:32 -0800] "GET /2010/assets/Ragazza1.jpg HTTP/1.1" 200 25228 "-" "Mozilla/5.0 (compatible; AhrefsBot/7.0; +http://ahrefs.com/robot/)" "www.italianfilmfestivalstlouis.com"
51.222.253.11 - - [27/Dec/2022:06:39:33 -0800] "GET /2010/assets/Logo2FilmReels.jpg HTTP/1.1" 200 82667 "-" "Mozilla/5.0 (compatible; AhrefsBot/7.0; +http://ahrefs.com/robot/)" "www.italianfilmfestivalstlouis.com"
51.222.253.7 - - [27/Dec/2022:06:39:34 -0800] "GET /2010/SpryAssets/SpryMenuBar.js HTTP/1.1" 200 6259 "-" "Mozilla/5.0 (compatible; AhrefsBot/7.0; +http://ahrefs.com/robot/)" "www.italianfilmfestivalstlouis.com"
51.222.253.13 - - [27/Dec/2022:06:46:33 -0800] "GET /2011/uomo_che_verra.html HTTP/1.1" 200 2889 "-" "Mozilla/5.0 (compatible; AhrefsBot/7.0; +http://ahrefs.com/robot/)" "www.italianfilmfestivalstlouis.com"
51.222.253.8 - - [27/Dec/2022:06:46:36 -0800] "GET /2011/assets/2011newlogo.jpg HTTP/1.1" 200 20723 "-" "Mozilla/5.0 (compatible; AhrefsBot/7.0; +http://ahrefs.com/robot/)" "www.italianfilmfestivalstlouis.com"
51.222.253.18 - - [27/Dec/2022:06:46:36 -0800] "GET /2011/assets/verra3.jpg HTTP/1.1" 200 4907 "-" "Mozilla/5.0 (compatible; AhrefsBot/7.0; +http://ahrefs.com/robot/)" "www.italianfilmfestivalstlouis.com"
51.222.253.17 - - [27/Dec/2022:06:46:37 -0800] "GET /2011/stylesheet.css HTTP/1.1" 200 1198 "-" "Mozilla/5.0 (compatible; AhrefsBot/7.0; +http://ahrefs.com/robot/)" "www.italianfilmfestivalstlouis.com"
51.222.253.18 - - [27/Dec/2022:06:46:37 -0800] "GET /2011/assets/verra2.jpg HTTP/1.1" 200 14391 "-" "Mozilla/5.0 (compatible; AhrefsBot/7.0; +http://ahrefs.com/robot/)" "www.italianfilmfestivalstlouis.com"
51.222.253.13 - - [27/Dec/2022:06:46:38 -0800] "GET /2011/assets/verra1.jpg HTTP/1.1" 200 4111 "-" "Mozilla/5.0 (compatible; AhrefsBot/7.0; +http://ahrefs.com/robot/)" "www.italianfilmfestivalstlouis.com"
51.222.253.5 - - [27/Dec/2022:06:46:38 -0800] "GET /2011/assets/verra4.jpg HTTP/1.1" 200 11698 "-" "Mozilla/5.0 (compatible; AhrefsBot/7.0; +http://ahrefs.com/robot/)" "www.italianfilmfestivalstlouis.com"
51.222.253.9 - - [27/Dec/2022:06:46:38 -0800] "GET /2011/assets/USA.jpg HTTP/1.1" 200 3278 "-" "Mozilla/5.0 (compatible; AhrefsBot/7.0; +http://ahrefs.com/robot/)" "www.italianfilmfestivalstlouis.com"
51.222.253.13 - - [27/Dec/2022:06:46:39 -0800] "GET /2011/assets/italy.jpg HTTP/1.1" 200 879 "-" "Mozilla/5.0 (compatible; AhrefsBot/7.0; +http://ahrefs.com/robot/)" "www.italianfilmfestivalstlouis.com"
51.222.253.13 - - [27/Dec/2022:06:46:39 -0800] "GET /2011/assets/facebook.jpg HTTP/1.1" 200 1251 "-" "Mozilla/5.0 (compatible; AhrefsBot/7.0; +http://ahrefs.com/robot/)" "www.italianfilmfestivalstlouis.com"
51.222.253.19 - - [27/Dec/2022:06:46:40 -0800] "GET /2011/SpryAssets/SpryMenuBarHorizontal.css HTTP/1.1" 200 1696 "-" "Mozilla/5.0 (compatible; AhrefsBot/7.0; +http://ahrefs.com/robot/)" "www.italianfilmfestivalstlouis.com"
51.222.253.4 - - [27/Dec/2022:06:46:40 -0800] "GET /2011/SpryAssets/SpryMenuBar.js HTTP/1.1" 200 6259 "-" "Mozilla/5.0 (compatible; AhrefsBot/7.0; +http://ahrefs.com/robot/)" "www.italianfilmfestivalstlouis.com"
51.222.253.18 - - [27/Dec/2022:06:46:40 -0800] "GET /2011/assets/SkylineFinalVersion.jpg HTTP/1.1" 200 41588 "-" "Mozilla/5.0 (compatible; AhrefsBot/7.0; +http://ahrefs.com/robot/)" "www.italianfilmfestivalstlouis.com"
185.191.171.38 - - [27/Dec/2022:06:47:53 -0800] "GET /2010a/ HTTP/1.1" 200 2458 "-" "Mozilla/5.0 (compatible; SemrushBot/7~bl; +http://www.semrush.com/bot.html)" "italianfilmfestivalstlouis.com"
104.196.165.78 - - [27/Dec/2022:06:51:43 -0800] "GET /2010/ HTTP/1.1" 200 2334 "-" "ZoominfoBot (zoominfobot at zoominfo dot com)" "www.italianfilmfestivalstlouis.com"
112.120.125.34 - - [27/Dec/2022:06:51:46 -0800] "GET / HTTP/1.1" 200 682 "-" "Mozilla/5.0 (Windows NT 10.0; Win64; x64) AppleWebKit/537.36 (KHTML, like Gecko) Chrome/85.0.4183.121 Safari/537.36" "italianfilmfestivalstlouis.com"
51.222.253.4 - - [27/Dec/2022:06:54:30 -0800] "GET /2014/become_a_sponsor_it.html HTTP/1.1" 200 2903 "-" "Mozilla/5.0 (compatible; AhrefsBot/7.0; +http://ahrefs.com/robot/)" "www.italianfilmfestivalstlouis.com"
104.196.165.78 - - [27/Dec/2022:06:59:09 -0800] "GET /2010/ HTTP/1.1" 200 2334 "-" "ZoominfoBot (zoominfobot at zoominfo dot com)" "italianfilmfestivalstlouis.com"
185.191.171.9 - - [27/Dec/2022:07:01:37 -0800] "GET /2009/directions_stl.html HTTP/1.1" 200 2236 "-" "Mozilla/5.0 (compatible; SemrushBot/7~bl; +http://www.semrush.com/bot.html)" "italianfilmfestivalstlouis.com"
51.222.253.11 - - [27/Dec/2022:07:02:20 -0800] "GET /SpryAssets/?C=D;O=A HTTP/1.1" 200 315 "-" "Mozilla/5.0 (compatible; AhrefsBot/7.0; +http://ahrefs.com/robot/)" "www.italianfilmfestivalstlouis.com"
185.191.171.3 - - [27/Dec/2022:07:05:08 -0800] "GET /2014/index.html HTTP/1.1" 200 2740 "-" "Mozilla/5.0 (compatible; SemrushBot/7~bl; +http://www.semrush.com/bot.html)" "italianfilmfestivalstlouis.com"
157.55.39.167 - - [27/Dec/2022:07:05:22 -0800] "GET /2008/film1_stl_it.html HTTP/1.1" 200 3021 "-" "Mozilla/5.0 (compatible; bingbot/2.0; +http://www.bing.com/bingbot.htm)" "www.italianfilmfestivalstlouis.com"
51.222.253.14 - - [27/Dec/2022:07:10:16 -0800] "GET /2006/index_files/about.html HTTP/1.1" 200 2309 "-" "Mozilla/5.0 (compatible; AhrefsBot/7.0; +http://ahrefs.com/robot/)" "www.italianfilmfestivalstlouis.com"
51.222.253.16 - - [27/Dec/2022:07:10:23 -0800] "GET /2006/home.jpg HTTP/1.1" 200 2270 "-" "Mozilla/5.0 (compatible; AhrefsBot/7.0; +http://ahrefs.com/robot/)" "www.italianfilmfestivalstlouis.com"
51.222.253.11 - - [27/Dec/2022:07:10:23 -0800] "GET /hostingprod.com/js_source/geov2.js HTTP/1.1" 404 88 "-" "Mozilla/5.0 (compatible; AhrefsBot/7.0; +http://ahrefs.com/robot/)" "www.italianfilmfestivalstlouis.com"
51.222.253.7 - - [27/Dec/2022:07:10:24 -0800] "GET /visit.webhosting.yahoo.com/visit6cff.gif?us1143152853 HTTP/1.1" 404 88 "-" "Mozilla/5.0 (compatible; AhrefsBot/7.0; +http://ahrefs.com/robot/)" "www.italianfilmfestivalstlouis.com"
51.222.253.8 - - [27/Dec/2022:07:10:24 -0800] "GET /2006/italy.jpg HTTP/1.1" 200 879 "-" "Mozilla/5.0 (compatible; AhrefsBot/7.0; +http://ahrefs.com/robot/)" "www.italianfilmfestivalstlouis.com"
51.222.253.9 - - [27/Dec/2022:07:10:24 -0800] "GET /2006/index_files/main.jpg HTTP/1.1" 200 5757 "-" "Mozilla/5.0 (compatible; AhrefsBot/7.0; +http://ahrefs.com/robot/)" "www.italianfilmfestivalstlouis.com"
185.191.171.7 - - [27/Dec/2022:07:14:27 -0800] "GET /2014/index_it.html HTTP/1.1" 200 2816 "-" "Mozilla/5.0 (compatible; SemrushBot/7~bl; +http://www.semrush.com/bot.html)" "www.italianfilmfestivalstlouis.com"
185.191.171.13 - - [27/Dec/2022:07:14:47 -0800] "GET /2012/index.html HTTP/1.1" 200 2383 "-" "Mozilla/5.0 (compatible; SemrushBot/7~bl; +http://www.semrush.com/bot.html)" "www.italianfilmfestivalstlouis.com"
104.196.165.78 - - [27/Dec/2022:07:14:50 -0800] "GET /2006/ HTTP/1.1" 200 2277 "-" "ZoominfoBot (zoominfobot at zoominfo dot com)" "www.italianfilmfestivalstlouis.com"
3.17.60.80 - - [27/Dec/2022:07:15:10 -0800] "GET / HTTP/1.1" 200 682 "-" "LG-GC900/V10a Obigo/WAP2.0 Profile/MIDP-2.1 Configuration/CLDC-1.1" "italianfilmfestivalstlouis.com"
185.191.171.35 - - [27/Dec/2022:07:17:47 -0800] "GET /2011/dieci_inverni_it.html HTTP/1.1" 200 2577 "-" "Mozilla/5.0 (compatible; SemrushBot/7~bl; +http://www.semrush.com/bot.html)" "italianfilmfestivalstlouis.com"
51.222.253.11 - - [27/Dec/2022:07:19:16 -0800] "GET /Templates/ HTTP/1.1" 200 383 "-" "Mozilla/5.0 (compatible; AhrefsBot/7.0; +http://ahrefs.com/robot/)" "www.italianfilmfestivalstlouis.com"
104.196.165.78 - - [27/Dec/2022:07:23:55 -0800] "GET /2009/ HTTP/1.1" 200 2865 "-" "ZoominfoBot (zoominfobot at zoominfo dot com)" "italianfilmfestivalstlouis.com"
51.222.253.14 - - [27/Dec/2022:07:28:13 -0800] "GET /2010a/be_a_sponsor_it.html HTTP/1.1" 200 2368 "-" "Mozilla/5.0 (compatible; AhrefsBot/7.0; +http://ahrefs.com/robot/)" "italianfilmfestivalstlouis.com"
185.191.171.36 - - [27/Dec/2022:07:35:39 -0800] "GET /2017/stoffa_it.html HTTP/1.1" 200 2938 "-" "Mozilla/5.0 (compatible; SemrushBot/7~bl; +http://www.semrush.com/bot.html)" "italianfilmfestivalstlouis.com"
51.222.253.19 - - [27/Dec/2022:07:36:40 -0800] "GET /2012/press_it.html HTTP/1.1" 200 2118 "-" "Mozilla/5.0 (compatible; AhrefsBot/7.0; +http://ahrefs.com/robot/)" "italianfilmfestivalstlouis.com"
51.222.253.11 - - [27/Dec/2022:07:36:44 -0800] "GET /2012/stylesheet.css HTTP/1.1" 200 1201 "-" "Mozilla/5.0 (compatible; AhrefsBot/7.0; +http://ahrefs.com/robot/)" "italianfilmfestivalstlouis.com"
51.222.253.12 - - [27/Dec/2022:07:36:45 -0800] "GET /2012/assets/USA.jpg HTTP/1.1" 200 3278 "-" "Mozilla/5.0 (compatible; AhrefsBot/7.0; +http://ahrefs.com/robot/)" "italianfilmfestivalstlouis.com"
51.222.253.20 - - [27/Dec/2022:07:36:45 -0800] "GET /2012/assets/italianfilm75WEB.jpg HTTP/1.1" 200 41921 "-" "Mozilla/5.0 (compatible; AhrefsBot/7.0; +http://ahrefs.com/robot/)" "italianfilmfestivalstlouis.com"
51.222.253.11 - - [27/Dec/2022:07:36:46 -0800] "GET /2012/assets/facebook.jpg HTTP/1.1" 200 1251 "-" "Mozilla/5.0 (compatible; AhrefsBot/7.0; +http://ahrefs.com/robot/)" "italianfilmfestivalstlouis.com"
51.222.253.14 - - [27/Dec/2022:07:36:46 -0800] "GET /2012/SpryAssets/SpryMenuBarHorizontal.css HTTP/1.1" 200 1696 "-" "Mozilla/5.0 (compatible; AhrefsBot/7.0; +http://ahrefs.com/robot/)" "italianfilmfestivalstlouis.com"
51.222.253.5 - - [27/Dec/2022:07:36:47 -0800] "GET /2012/assets/SkylineFinalVersion.jpg HTTP/1.1" 200 41588 "-" "Mozilla/5.0 (compatible; AhrefsBot/7.0; +http://ahrefs.com/robot/)" "italianfilmfestivalstlouis.com"
51.222.253.14 - - [27/Dec/2022:07:36:48 -0800] "GET /2012/SpryAssets/SpryMenuBar.js HTTP/1.1" 200 6259 "-" "Mozilla/5.0 (compatible; AhrefsBot/7.0; +http://ahrefs.com/robot/)" "italianfilmfestivalstlouis.com"
104.196.165.78 - - [27/Dec/2022:07:37:08 -0800] "GET /?C=S;O=A HTTP/1.1" 200 682 "-" "ZoominfoBot (zoominfobot at zoominfo dot com)" "italianfilmfestivalstlouis.com"
185.191.171.14 - - [27/Dec/2022:07:41:09 -0800] "GET /robots.txt HTTP/1.1" 404 88 "-" "Mozilla/5.0 (compatible; SemrushBot/7~bl; +http://www.semrush.com/bot.html)" "italianfilmfestivalstlouis.com"
185.191.171.24 - - [27/Dec/2022:07:41:10 -0800] "GET /2017/piuma.html HTTP/1.1" 200 2714 "-" "Mozilla/5.0 (compatible; SemrushBot/7~bl; +http://www.semrush.com/bot.html)" "italianfilmfestivalstlouis.com"
51.222.253.10 - - [27/Dec/2022:07:44:51 -0800] "GET /2006/indice_files/buongiornonotte.html HTTP/1.1" 200 2753 "-" "Mozilla/5.0 (compatible; AhrefsBot/7.0; +http://ahrefs.com/robot/)" "italianfilmfestivalstlouis.com"
51.222.253.16 - - [27/Dec/2022:07:44:58 -0800] "GET /2006/home.jpg HTTP/1.1" 200 2270 "-" "Mozilla/5.0 (compatible; AhrefsBot/7.0; +http://ahrefs.com/robot/)" "italianfilmfestivalstlouis.com"
51.222.253.17 - - [27/Dec/2022:07:44:58 -0800] "GET /2006/wulogo.gif HTTP/1.1" 200 2068 "-" "Mozilla/5.0 (compatible; AhrefsBot/7.0; +http://ahrefs.com/robot/)" "italianfilmfestivalstlouis.com"
51.222.253.13 - - [27/Dec/2022:07:44:59 -0800] "GET /hostingprod.com/js_source/geov2.js HTTP/1.1" 404 88 "-" "Mozilla/5.0 (compatible; AhrefsBot/7.0; +http://ahrefs.com/robot/)" "italianfilmfestivalstlouis.com"
51.222.253.1 - - [27/Dec/2022:07:44:59 -0800] "GET /2006/indice_files/buongiornonotte.jpg HTTP/1.1" 200 3504 "-" "Mozilla/5.0 (compatible; AhrefsBot/7.0; +http://ahrefs.com/robot/)" "italianfilmfestivalstlouis.com"
51.222.253.5 - - [27/Dec/2022:07:45:00 -0800] "GET /2006/usa.jpg HTTP/1.1" 200 3278 "-" "Mozilla/5.0 (compatible; AhrefsBot/7.0; +http://ahrefs.com/robot/)" "italianfilmfestivalstlouis.com"
51.222.253.6 - - [27/Dec/2022:07:45:01 -0800] "GET /2006/img_logo.gif HTTP/1.1" 200 3913 "-" "Mozilla/5.0 (compatible; AhrefsBot/7.0; +http://ahrefs.com/robot/)" "italianfilmfestivalstlouis.com"
51.222.253.16 - - [27/Dec/2022:07:45:01 -0800] "GET /2006/italy.jpg HTTP/1.1" 200 879 "-" "Mozilla/5.0 (compatible; AhrefsBot/7.0; +http://ahrefs.com/robot/)" "italianfilmfestivalstlouis.com"
51.222.253.7 - - [27/Dec/2022:07:45:02 -0800] "GET /2006/videobank.gif HTTP/1.1" 200 4352 "-" "Mozilla/5.0 (compatible; AhrefsBot/7.0; +http://ahrefs.com/robot/)" "italianfilmfestivalstlouis.com"
51.222.253.4 - - [27/Dec/2022:07:45:02 -0800] "GET /visit.webhosting.yahoo.com/visitb350.gif?us1143152856 HTTP/1.1" 404 88 "-" "Mozilla/5.0 (compatible; AhrefsBot/7.0; +http://ahrefs.com/robot/)" "italianfilmfestivalstlouis.com"
185.191.171.34 - - [27/Dec/2022:07:46:19 -0800] "GET /2012/thanks.html HTTP/1.1" 200 1991 "-" "Mozilla/5.0 (compatible; SemrushBot/7~bl; +http://www.semrush.com/bot.html)" "italianfilmfestivalstlouis.com"
5.102.173.71 - - [27/Dec/2022:07:55:09 -0800] "GET /robots.txt HTTP/1.1" 404 88 "-" "Mozilla/5.0 (compatible; MojeekBot/0.11; +https://www.mojeek.com/bot.html)" "www.italianfilmfestivalstlouis.com"
5.102.173.71 - - [27/Dec/2022:07:55:10 -0800] "GET /song_napule.html HTTP/1.1" 404 88 "-" "Mozilla/5.0 (compatible; MojeekBot/0.11; +https://www.mojeek.com/bot.html)" "www.italianfilmfestivalstlouis.com"
185.191.171.35 - - [27/Dec/2022:07:55:50 -0800] "GET /2017/corti.html HTTP/1.1" 200 3897 "-" "Mozilla/5.0 (compatible; SemrushBot/7~bl; +http://www.semrush.com/bot.html)" "italianfilmfestivalstlouis.com"
194.165.17.8 - - [27/Dec/2022:07:58:33 -0800] "GET /wp-load.php HTTP/1.1" 404 88 "www.bing.com" "wp_is_mobile" "www.italianfilmfestivalstlouis.com"
194.165.17.8 - - [27/Dec/2022:07:58:34 -0800] "GET /style.php HTTP/1.1" 404 88 "www.bing.com" "wp_is_mobile" "www.italianfilmfestivalstlouis.com"
194.165.17.8 - - [27/Dec/2022:07:58:35 -0800] "GET /wp-admin/style.php HTTP/1.1" 404 88 "www.bing.com" "wp_is_mobile" "www.italianfilmfestivalstlouis.com"
194.165.17.8 - - [27/Dec/2022:07:58:36 -0800] "GET /s_e.php HTTP/1.1" 404 88 "www.bing.com" "wp_is_mobile" "www.italianfilmfestivalstlouis.com"
194.165.17.8 - - [27/Dec/2022:07:58:37 -0800] "GET /s_ne.php HTTP/1.1" 404 88 "www.bing.com" "wp_is_mobile" "www.italianfilmfestivalstlouis.com"
194.165.17.8 - - [27/Dec/2022:07:58:38 -0800] "GET /1index.php HTTP/1.1" 404 88 "www.bing.com" "Mozilla/5.0 (Windows NT 10.0; Win64; x64) AppleWebKit/537.36 (KHTML, like Gecko) Chrome/90.0.4430.85 Safari/537.36" "www.italianfilmfestivalstlouis.com"
194.165.17.8 - - [27/Dec/2022:07:58:39 -0800] "GET /3index.php?f=/NmRtJOUjAdutReQj/scRjKUhleBpzmTyO.txt HTTP/1.1" 404 88 "www.bing.com" "Mozilla/5.0 (Windows NT 10.0; Win64; x64) AppleWebKit/537.36 (KHTML, like Gecko) Chrome/90.0.4430.85 Safari/537.36" "www.italianfilmfestivalstlouis.com"
194.165.17.8 - - [27/Dec/2022:07:58:41 -0800] "GET /wikindex.php?f=/NmRtJOUjAdutReQj/scRjKUhleBpzmTyO.txt HTTP/1.1" 404 88 "www.bing.com" "Mozilla/5.0 (Windows NT 10.0; Win64; x64) AppleWebKit/537.36 (KHTML, like Gecko) Chrome/90.0.4430.85 Safari/537.36" "www.italianfilmfestivalstlouis.com"
194.165.17.8 - - [27/Dec/2022:07:58:42 -0800] "GET /wp-content/mu-plugins-old/index.php?f=/NmRtJOUjAdutReQj/scRjKUhleBpzmTyO.txt HTTP/1.1" 404 88 "www.bing.com" "Mozilla/5.0 (Windows NT 10.0; Win64; x64) AppleWebKit/537.36 (KHTML, like Gecko) Chrome/90.0.4430.85 Safari/537.36" "www.italianfilmfestivalstlouis.com"
194.165.17.8 - - [27/Dec/2022:07:59:18 -0800] "GET /wp-load.php?daksldlkdsadas=1 HTTP/1.1" 404 88 "www.bing.com" "wp_is_mobile" "www.italianfilmfestivalstlouis.com"
194.165.17.8 - - [27/Dec/2022:07:59:20 -0800] "GET /old-index.php?daksldlkdsadas=1 HTTP/1.1" 404 88 "www.bing.com" "wp_is_mobile" "www.italianfilmfestivalstlouis.com"
