114.119.149.83 - - [11/Oct/2022:18:09:52 -0700] "GET /2014/qualche_nuvola.html HTTP/1.1" 200 2954 "https://www.italianfilmfestivalstlouis.com/2014/viva_liberta.html" "Mozilla/5.0 (Linux; Android 7.0;) AppleWebKit/537.36 (KHTML, like Gecko) Mobile Safari/537.36 (compatible; PetalBot;+https://webmaster.petalsearch.com/site/petalbot)" "www.italianfilmfestivalstlouis.com"
114.119.149.90 - - [11/Oct/2022:18:14:17 -0700] "GET /2009/film5_stl.html HTTP/1.1" 200 2677 "http://italianfilmfestivalstlouis.com/2009/film1_stl.html" "Mozilla/5.0 (Linux; Android 7.0;) AppleWebKit/537.36 (KHTML, like Gecko) Mobile Safari/537.36 (compatible; PetalBot;+https://webmaster.petalsearch.com/site/petalbot)" "italianfilmfestivalstlouis.com"
157.55.39.52 - - [11/Oct/2022:18:27:06 -0700] "GET /_private/ HTTP/1.1" 403 170 "-" "Mozilla/5.0 AppleWebKit/537.36 (KHTML, like Gecko; compatible; bingbot/2.0; +http://www.bing.com/bingbot.htm) Chrome/103.0.5060.134 Safari/537.36" "www.italianfilmfestivalstlouis.com"
157.55.39.151 - - [11/Oct/2022:18:31:11 -0700] "GET / HTTP/1.1" 200 682 "-" "Mozilla/5.0 (compatible; bingbot/2.0; +http://www.bing.com/bingbot.htm)" "www.italianfilmfestivalstlouis.com"
114.119.149.71 - - [11/Oct/2022:18:33:26 -0700] "GET /SpryAssets?D=A HTTP/1.1" 301 1422 "http://italianfilmfestivalstlouis.com/SpryAssets?N=D" "Mozilla/5.0 (Linux; Android 7.0;) AppleWebKit/537.36 (KHTML, like Gecko) Mobile Safari/537.36 (compatible; PetalBot;+https://webmaster.petalsearch.com/site/petalbot)" "italianfilmfestivalstlouis.com"
114.119.149.71 - - [11/Oct/2022:18:33:26 -0700] "GET /SpryAssets/?D=A HTTP/1.1" 200 315 "http://italianfilmfestivalstlouis.com/SpryAssets?N=D" "Mozilla/5.0 (Linux; Android 7.0;) AppleWebKit/537.36 (KHTML, like Gecko) Mobile Safari/537.36 (compatible; PetalBot;+https://webmaster.petalsearch.com/site/petalbot)" "italianfilmfestivalstlouis.com"
93.158.161.46 - - [11/Oct/2022:18:41:18 -0700] "GET /robots.txt HTTP/1.1" 404 73 "-" "Mozilla/5.0 (compatible; YandexBot/3.0; +http://yandex.com/bots)" "italianfilmfestivalstlouis.com"
93.158.161.46 - - [11/Oct/2022:18:41:23 -0700] "GET /2014/equilibristi_it.html HTTP/1.1" 200 3107 "-" "Mozilla/5.0 (compatible; YandexBot/3.0; +http://yandex.com/bots)" "italianfilmfestivalstlouis.com"
51.222.253.15 - - [11/Oct/2022:18:42:28 -0700] "GET /robots.txt HTTP/1.1" 404 88 "-" "Mozilla/5.0 (compatible; AhrefsBot/7.0; +http://ahrefs.com/robot/)" "www.italianfilmfestivalstlouis.com"
173.231.60.195 - - [11/Oct/2022:18:49:30 -0700] "GET /robots.txt HTTP/1.1" 404 88 "-" "Mozilla/5.0 (compatible; Adsbot/3.1; +https://seostar.co/robot/)" "www.italianfilmfestivalstlouis.com"
173.231.60.195 - - [11/Oct/2022:18:49:45 -0700] "GET /?C=S;O=A HTTP/1.1" 200 682 "http://www.italianfilmfestivalstlouis.com/" "Mozilla/5.0 (compatible; Adsbot/3.1; +https://seostar.co/robot/)" "www.italianfilmfestivalstlouis.com"
173.231.60.195 - - [11/Oct/2022:18:49:59 -0700] "GET /2006/ HTTP/1.1" 200 2277 "http://www.italianfilmfestivalstlouis.com/" "Mozilla/5.0 (compatible; Adsbot/3.1; +https://seostar.co/robot/)" "www.italianfilmfestivalstlouis.com"
173.231.60.195 - - [11/Oct/2022:18:50:26 -0700] "GET /2007/ HTTP/1.1" 200 312 "http://www.italianfilmfestivalstlouis.com/" "Mozilla/5.0 (compatible; Adsbot/3.1; +https://seostar.co/robot/)" "www.italianfilmfestivalstlouis.com"
173.231.60.195 - - [11/Oct/2022:18:51:14 -0700] "GET /2009/ HTTP/1.1" 200 2865 "http://www.italianfilmfestivalstlouis.com/" "Mozilla/5.0 (compatible; Adsbot/3.1; +https://seostar.co/robot/)" "www.italianfilmfestivalstlouis.com"
173.231.60.195 - - [11/Oct/2022:18:51:47 -0700] "GET /2010/ HTTP/1.1" 200 2334 "http://www.italianfilmfestivalstlouis.com/" "Mozilla/5.0 (compatible; Adsbot/3.1; +https://seostar.co/robot/)" "www.italianfilmfestivalstlouis.com"
173.231.60.195 - - [11/Oct/2022:18:52:03 -0700] "GET /?C=D;O=D HTTP/1.1" 200 685 "http://www.italianfilmfestivalstlouis.com/" "Mozilla/5.0 (compatible; Adsbot/3.1; +https://seostar.co/robot/)" "www.italianfilmfestivalstlouis.com"
173.231.60.195 - - [11/Oct/2022:18:52:10 -0700] "GET /?C=M;O=D HTTP/1.1" 200 688 "http://www.italianfilmfestivalstlouis.com/" "Mozilla/5.0 (compatible; Adsbot/3.1; +https://seostar.co/robot/)" "www.italianfilmfestivalstlouis.com"
173.231.60.195 - - [11/Oct/2022:18:52:22 -0700] "GET /?C=N;O=A HTTP/1.1" 200 682 "http://www.italianfilmfestivalstlouis.com/" "Mozilla/5.0 (compatible; Adsbot/3.1; +https://seostar.co/robot/)" "www.italianfilmfestivalstlouis.com"
173.231.60.195 - - [11/Oct/2022:18:52:29 -0700] "GET /?C=S;O=D HTTP/1.1" 200 685 "http://www.italianfilmfestivalstlouis.com/" "Mozilla/5.0 (compatible; Adsbot/3.1; +https://seostar.co/robot/)" "www.italianfilmfestivalstlouis.com"
114.119.149.71 - - [11/Oct/2022:18:59:47 -0700] "GET /2015/arbitro_it.html HTTP/1.1" 200 2989 "http://italianfilmfestivalstlouis.com/2015/directions_st_louis_it.html" "Mozilla/5.0 (Linux; Android 7.0;) AppleWebKit/537.36 (KHTML, like Gecko) Mobile Safari/537.36 (compatible; PetalBot;+https://webmaster.petalsearch.com/site/petalbot)" "italianfilmfestivalstlouis.com"
51.222.253.14 - - [11/Oct/2022:19:02:17 -0700] "GET /robots.txt HTTP/1.1" 404 88 "-" "Mozilla/5.0 (compatible; AhrefsBot/7.0; +http://ahrefs.com/robot/)" "italianfilmfestivalstlouis.com"
35.210.115.56 - - [11/Oct/2022:19:12:02 -0700] "GET /2017/contact.html HTTP/1.1" 200 2517 "-" "Mozilla/5.0 (compatible; VelenPublicWebCrawler/1.0; +https://velen.io)" "italianfilmfestivalstlouis.com"
195.191.219.131 - - [11/Oct/2022:19:42:41 -0700] "GET /robots.txt HTTP/1.1" 404 73 "-" "Mozilla/5.0 (compatible; MJ12bot/v1.4.8; http://mj12bot.com/)" "www.italianfilmfestivalstlouis.com"
195.191.219.131 - - [11/Oct/2022:19:42:43 -0700] "GET / HTTP/1.1" 200 682 "-" "Mozilla/5.0 (compatible; MJ12bot/v1.4.8; http://mj12bot.com/)" "www.italianfilmfestivalstlouis.com"
64.62.202.81 - - [11/Oct/2022:19:43:19 -0700] "GET /2009/film2_stl_it.html HTTP/1.1" 200 2840 "-" "Mozilla/5.0 (compatible; +centuryb.o.t9[at]gmail.com)" "www.italianfilmfestivalstlouis.com"
64.62.202.81 - - [11/Oct/2022:19:43:23 -0700] "GET /2016/noi_e_la_giulia.html HTTP/1.1" 200 2861 "-" "Mozilla/5.0 (compatible; +centuryb.o.t9[at]gmail.com)" "www.italianfilmfestivalstlouis.com"
64.62.202.81 - - [11/Oct/2022:19:43:27 -0700] "GET /indice_files/lavitachevorrei.html HTTP/1.1" 404 88 "-" "Mozilla/5.0 (compatible; +centuryb.o.t9[at]gmail.com)" "www.italianfilmfestivalstlouis.com"
64.62.202.81 - - [11/Oct/2022:19:43:28 -0700] "GET /2014/thanks.html HTTP/1.1" 200 2202 "-" "Mozilla/5.0 (compatible; +centuryb.o.t9[at]gmail.com)" "www.italianfilmfestivalstlouis.com"
64.62.202.81 - - [11/Oct/2022:19:43:33 -0700] "GET /2017/awards.html HTTP/1.1" 200 2807 "-" "Mozilla/5.0 (compatible; +centuryb.o.t9[at]gmail.com)" "www.italianfilmfestivalstlouis.com"
64.62.202.81 - - [11/Oct/2022:19:43:37 -0700] "GET /2008/prress_stl.html HTTP/1.1" 200 1520 "-" "Mozilla/5.0 (compatible; +centuryb.o.t9[at]gmail.com)" "www.italianfilmfestivalstlouis.com"
64.62.202.81 - - [11/Oct/2022:19:43:41 -0700] "GET /2016/before_neorealism.html HTTP/1.1" 200 2608 "-" "Mozilla/5.0 (compatible; +centuryb.o.t9[at]gmail.com)" "www.italianfilmfestivalstlouis.com"
64.62.202.81 - - [11/Oct/2022:19:43:46 -0700] "GET /2011/awards_it.html HTTP/1.1" 200 2334 "-" "Mozilla/5.0 (compatible; +centuryb.o.t9[at]gmail.com)" "www.italianfilmfestivalstlouis.com"
64.62.202.81 - - [11/Oct/2022:19:44:11 -0700] "GET /spryassets/?C=N;O=D HTTP/1.1" 200 312 "-" "Mozilla/5.0 (compatible; +centuryb.o.t9[at]gmail.com)" "www.italianfilmfestivalstlouis.com"
64.62.202.81 - - [11/Oct/2022:19:44:16 -0700] "GET /2016/toreneranno_prati.html HTTP/1.1" 200 2922 "-" "Mozilla/5.0 (compatible; +centuryb.o.t9[at]gmail.com)" "www.italianfilmfestivalstlouis.com"
64.62.202.81 - - [11/Oct/2022:19:44:20 -0700] "GET /2013/index.html HTTP/1.1" 200 2637 "-" "Mozilla/5.0 (compatible; +centuryb.o.t9[at]gmail.com)" "www.italianfilmfestivalstlouis.com"
64.62.202.81 - - [11/Oct/2022:19:44:25 -0700] "GET /2013/benvenuti_al_nord.html HTTP/1.1" 200 2826 "-" "Mozilla/5.0 (compatible; +centuryb.o.t9[at]gmail.com)" "www.italianfilmfestivalstlouis.com"
64.62.202.81 - - [11/Oct/2022:19:44:30 -0700] "GET /2016/se_Dio_vuole.html HTTP/1.1" 200 2774 "-" "Mozilla/5.0 (compatible; +centuryb.o.t9[at]gmail.com)" "www.italianfilmfestivalstlouis.com"
64.62.202.81 - - [11/Oct/2022:19:44:33 -0700] "GET /assets/?C=N;O=A HTTP/1.1" 200 370 "-" "Mozilla/5.0 (compatible; +centuryb.o.t9[at]gmail.com)" "www.italianfilmfestivalstlouis.com"
64.62.202.81 - - [11/Oct/2022:19:44:46 -0700] "GET /2016/awards.html HTTP/1.1" 200 2662 "-" "Mozilla/5.0 (compatible; +centuryb.o.t9[at]gmail.com)" "www.italianfilmfestivalstlouis.com"
114.119.149.90 - - [11/Oct/2022:19:55:08 -0700] "GET /SpryAssets?C=N%3BO%3DD HTTP/1.1" 301 1432 "http://italianfilmfestivalstlouis.com/SpryAssets?N=D" "Mozilla/5.0 (Linux; Android 7.0;) AppleWebKit/537.36 (KHTML, like Gecko) Mobile Safari/537.36 (compatible; PetalBot;+https://webmaster.petalsearch.com/site/petalbot)" "italianfilmfestivalstlouis.com"
114.119.149.90 - - [11/Oct/2022:19:55:08 -0700] "GET /SpryAssets/?C=N%3BO%3DD HTTP/1.1" 200 315 "http://italianfilmfestivalstlouis.com/SpryAssets?N=D" "Mozilla/5.0 (Linux; Android 7.0;) AppleWebKit/537.36 (KHTML, like Gecko) Mobile Safari/537.36 (compatible; PetalBot;+https://webmaster.petalsearch.com/site/petalbot)" "italianfilmfestivalstlouis.com"
114.119.149.78 - - [11/Oct/2022:19:57:34 -0700] "GET /2010a/ HTTP/1.1" 200 2458 "https://italianfilmfestivalstlouis.com/?C=S%3BO%3DA" "Mozilla/5.0 (Linux; Android 7.0;) AppleWebKit/537.36 (KHTML, like Gecko) Mobile Safari/537.36 (compatible; PetalBot;+https://webmaster.petalsearch.com/site/petalbot)" "italianfilmfestivalstlouis.com"
114.119.149.71 - - [11/Oct/2022:20:00:09 -0700] "GET /2010/mid_august_lunch_it.html HTTP/1.1" 200 2756 "http://italianfilmfestivalstlouis.com/2010/directions_st_louis_it.html" "Mozilla/5.0 (Linux; Android 7.0;) AppleWebKit/537.36 (KHTML, like Gecko) Mobile Safari/537.36 (compatible; PetalBot;+https://webmaster.petalsearch.com/site/petalbot)" "italianfilmfestivalstlouis.com"
114.119.134.216 - - [11/Oct/2022:20:04:25 -0700] "GET /robots.txt HTTP/1.1" 404 88 "-" "Mozilla/5.0 (compatible;PetalBot;+https://webmaster.petalsearch.com/site/petalbot)" "italianfilmfestivalstlouis.com"
114.119.135.212 - - [11/Oct/2022:20:04:56 -0700] "GET /2008/film4_stl_it.html HTTP/1.1" 200 3191 "http://www.italianfilmfestivalstlouis.com/2008/film4_stl.html" "Mozilla/5.0 (Linux; Android 7.0;) AppleWebKit/537.36 (KHTML, like Gecko) Mobile Safari/537.36 (compatible; PetalBot;+https://webmaster.petalsearch.com/site/petalbot)" "www.italianfilmfestivalstlouis.com"
114.119.149.90 - - [11/Oct/2022:20:12:29 -0700] "GET /2017/vuoi_it.html HTTP/1.1" 200 2946 "https://www.italianfilmfestivalstlouis.com/2017/thanks_it.html" "Mozilla/5.0 (Linux; Android 7.0;) AppleWebKit/537.36 (KHTML, like Gecko) Mobile Safari/537.36 (compatible; PetalBot;+https://webmaster.petalsearch.com/site/petalbot)" "www.italianfilmfestivalstlouis.com"
114.119.149.83 - - [11/Oct/2022:20:15:36 -0700] "GET /images/?C=S%3BO%3DA HTTP/1.1" 200 696 "http://italianfilmfestivalstlouis.com/images/?C=D%3BO%3DA" "Mozilla/5.0 (Linux; Android 7.0;) AppleWebKit/537.36 (KHTML, like Gecko) Mobile Safari/537.36 (compatible; PetalBot;+https://webmaster.petalsearch.com/site/petalbot)" "italianfilmfestivalstlouis.com"
114.119.149.90 - - [11/Oct/2022:20:22:19 -0700] "GET /index_files/award.html HTTP/1.1" 200 2321 "http://italianfilmfestivalstlouis.com/index_files?C=M%3BO%3DA" "Mozilla/5.0 (Linux; Android 7.0;) AppleWebKit/537.36 (KHTML, like Gecko) Mobile Safari/537.36 (compatible; PetalBot;+https://webmaster.petalsearch.com/site/petalbot)" "italianfilmfestivalstlouis.com"
49.7.21.104 - - [11/Oct/2022:20:24:23 -0700] "GET / HTTP/1.1" 200 682 "-" "Sogou web spider/4.0(+http://www.sogou.com/docs/help/webmasters.htm#07)" "italianfilmfestivalstlouis.com"
114.119.149.83 - - [11/Oct/2022:20:24:51 -0700] "GET /2006/index_files/manuale.html HTTP/1.1" 200 2784 "http://www.italianfilmfestivalstlouis.com/2006/index_files/directions.html" "Mozilla/5.0 (Linux; Android 7.0;) AppleWebKit/537.36 (KHTML, like Gecko) Mobile Safari/537.36 (compatible; PetalBot;+https://webmaster.petalsearch.com/site/petalbot)" "www.italianfilmfestivalstlouis.com"
207.46.13.91 - - [11/Oct/2022:20:34:10 -0700] "GET /2008/ HTTP/1.1" 200 2568 "-" "Mozilla/5.0 (compatible; bingbot/2.0; +http://www.bing.com/bingbot.htm)" "www.italianfilmfestivalstlouis.com"
157.55.39.52 - - [11/Oct/2022:20:37:08 -0700] "GET / HTTP/1.1" 200 682 "-" "Mozilla/5.0 AppleWebKit/537.36 (KHTML, like Gecko; compatible; bingbot/2.0; +http://www.bing.com/bingbot.htm) Chrome/103.0.5060.134 Safari/537.36" "www.italianfilmfestivalstlouis.com"
118.184.177.41 - - [11/Oct/2022:20:41:29 -0700] "GET / HTTP/1.1" 200 682 "-" "Sogou web spider/4.0(+http://www.sogou.com/docs/help/webmasters.htm#07)" "www.italianfilmfestivalstlouis.com"
114.119.149.90 - - [11/Oct/2022:20:46:00 -0700] "GET /2015/ci_vediamo_it.html HTTP/1.1" 200 2995 "http://italianfilmfestivalstlouis.com/2015/directions_st_louis_it.html" "Mozilla/5.0 (Linux; Android 7.0;) AppleWebKit/537.36 (KHTML, like Gecko) Mobile Safari/537.36 (compatible; PetalBot;+https://webmaster.petalsearch.com/site/petalbot)" "italianfilmfestivalstlouis.com"
114.119.149.71 - - [11/Oct/2022:20:48:34 -0700] "GET /2015/contact_it.html HTTP/1.1" 200 2592 "https://www.italianfilmfestivalstlouis.com/2015/thanks_it.html" "Mozilla/5.0 (Linux; Android 7.0;) AppleWebKit/537.36 (KHTML, like Gecko) Mobile Safari/537.36 (compatible; PetalBot;+https://webmaster.petalsearch.com/site/petalbot)" "www.italianfilmfestivalstlouis.com"
114.119.149.83 - - [11/Oct/2022:20:58:54 -0700] "GET /index_files/cgi-bin/error.html HTTP/1.1" 200 306 "-" "Mozilla/5.0 (Linux; Android 7.0;) AppleWebKit/537.36 (KHTML, like Gecko) Mobile Safari/537.36 (compatible; PetalBot;+https://webmaster.petalsearch.com/site/petalbot)" "italianfilmfestivalstlouis.com"
114.119.149.71 - - [11/Oct/2022:21:02:10 -0700] "GET /2015/index_it.html HTTP/1.1" 200 2989 "https://www.italianfilmfestivalstlouis.com/2015/thanks_it.html" "Mozilla/5.0 (Linux; Android 7.0;) AppleWebKit/537.36 (KHTML, like Gecko) Mobile Safari/537.36 (compatible; PetalBot;+https://webmaster.petalsearch.com/site/petalbot)" "www.italianfilmfestivalstlouis.com"
114.119.149.83 - - [11/Oct/2022:21:18:20 -0700] "GET /2009/film4_stl.html HTTP/1.1" 200 2837 "http://italianfilmfestivalstlouis.com/2009/film1_stl.html" "Mozilla/5.0 (Linux; Android 7.0;) AppleWebKit/537.36 (KHTML, like Gecko) Mobile Safari/537.36 (compatible; PetalBot;+https://webmaster.petalsearch.com/site/petalbot)" "italianfilmfestivalstlouis.com"
114.119.149.71 - - [11/Oct/2022:21:23:23 -0700] "GET /2014/sponsors.html HTTP/1.1" 200 3133 "https://www.italianfilmfestivalstlouis.com/2014/viva_liberta.html" "Mozilla/5.0 (Linux; Android 7.0;) AppleWebKit/537.36 (KHTML, like Gecko) Mobile Safari/537.36 (compatible; PetalBot;+https://webmaster.petalsearch.com/site/petalbot)" "www.italianfilmfestivalstlouis.com"
114.119.149.90 - - [11/Oct/2022:21:27:43 -0700] "GET /2016/contact_it.html HTTP/1.1" 200 2349 "http://www.italianfilmfestivalstlouis.com/2016/emergency_exit_it.html" "Mozilla/5.0 (Linux; Android 7.0;) AppleWebKit/537.36 (KHTML, like Gecko) Mobile Safari/537.36 (compatible; PetalBot;+https://webmaster.petalsearch.com/site/petalbot)" "www.italianfilmfestivalstlouis.com"
114.119.149.90 - - [11/Oct/2022:21:48:48 -0700] "GET /2010/sponsors_it.html HTTP/1.1" 200 3151 "http://italianfilmfestivalstlouis.com/2010/directions_st_louis_it.html" "Mozilla/5.0 (Linux; Android 7.0;) AppleWebKit/537.36 (KHTML, like Gecko) Mobile Safari/537.36 (compatible; PetalBot;+https://webmaster.petalsearch.com/site/petalbot)" "italianfilmfestivalstlouis.com"
17.121.113.104 - - [11/Oct/2022:22:03:48 -0700] "GET /robots.txt HTTP/1.1" 404 88 "-" "Mozilla/5.0 (Macintosh; Intel Mac OS X 10_15_5) AppleWebKit/605.1.15 (KHTML, like Gecko) Version/13.1.1 Safari/605.1.15 (Applebot/0.1; +http://www.apple.com/go/applebot)" "www.italianfilmfestivalstlouis.com"
17.121.113.104 - - [11/Oct/2022:22:03:48 -0700] "GET /2006/indice_files/caterina.html HTTP/1.1" 200 2570 "-" "Mozilla/5.0 (Macintosh; Intel Mac OS X 10_15_5) AppleWebKit/605.1.15 (KHTML, like Gecko) Version/13.1.1 Safari/605.1.15 (Applebot/0.1; +http://www.apple.com/go/applebot)" "www.italianfilmfestivalstlouis.com"
114.119.149.90 - - [11/Oct/2022:22:06:07 -0700] "GET /2013/sponsors_it.html HTTP/1.1" 200 3061 "http://italianfilmfestivalstlouis.com/2013/directions_st_louis_it.html" "Mozilla/5.0 (Linux; Android 7.0;) AppleWebKit/537.36 (KHTML, like Gecko) Mobile Safari/537.36 (compatible; PetalBot;+https://webmaster.petalsearch.com/site/petalbot)" "italianfilmfestivalstlouis.com"
54.36.148.7 - - [11/Oct/2022:22:31:59 -0700] "GET /robots.txt HTTP/1.1" 404 88 "-" "Mozilla/5.0 (compatible; AhrefsBot/7.0; +http://ahrefs.com/robot/)" "italianfilmfestivalstlouis.com"
34.97.131.230 - - [11/Oct/2022:23:00:40 -0700] "POST / HTTP/1.1" 404 88 "-" "Mozilla/5.0 (X11; Linux x86_64) AppleWebKit/537.36 (KHTML, like Gecko) Chrome/81.0.4044.129 Safari/537.36" "italianfilmfestivalstlouis.com"
35.231.53.175 - - [11/Oct/2022:23:18:12 -0700] "GET /robots.txt HTTP/1.1" 404 88 "-" "ZoominfoBot (zoominfobot at zoominfo dot com)" "italianfilmfestivalstlouis.com"
35.231.53.175 - - [11/Oct/2022:23:18:12 -0700] "GET / HTTP/1.1" 200 682 "-" "ZoominfoBot (zoominfobot at zoominfo dot com)" "italianfilmfestivalstlouis.com"
66.249.79.41 - - [12/Oct/2022:00:14:36 -0700] "GET /robots.txt HTTP/1.1" 404 88 "-" "Mozilla/5.0 (compatible; Googlebot/2.1; +http://www.google.com/bot.html)" "italianfilmfestivalstlouis.com"
66.249.79.51 - - [12/Oct/2022:00:20:21 -0700] "GET /ads.txt HTTP/1.1" 404 88 "-" "Mozilla/5.0 (compatible; Googlebot/2.1; +http://www.google.com/bot.html)" "italianfilmfestivalstlouis.com"
35.164.216.82 - - [12/Oct/2022:00:28:02 -0700] "GET / HTTP/1.1" 200 682 "-" "Mozilla/5.0 (X11; Linux x86_64) AppleWebKit/537.36 (KHTML, like Gecko) Chrome/83.0.4103.97 Safari/537.36" "italianfilmfestivalstlouis.com"
34.220.95.28 - - [12/Oct/2022:00:28:33 -0700] "GET /favicon.ico HTTP/1.1" 404 88 "-" "Mozilla/5.0 (X11; Linux x86_64) AppleWebKit/537.36 (KHTML, like Gecko) Chrome/83.0.4103.97 Safari/537.36" "italianfilmfestivalstlouis.com"
34.220.95.28 - - [12/Oct/2022:00:28:36 -0700] "GET / HTTP/1.1" 200 682 "-" "Mozilla/5.0 (X11; Linux x86_64) AppleWebKit/537.36 (KHTML, like Gecko) Chrome/83.0.4103.97 Safari/537.36" "italianfilmfestivalstlouis.com"
93.158.90.161 - - [12/Oct/2022:00:30:58 -0700] "GET /robots.txt HTTP/1.1" 404 88 "-" "Mozilla/5.0 (iPad; CPU OS 6_0 like Mac OS X) AppleWebKit/536.26 (KHTML, like Gecko) Version/6.0 Mobile/10A5355d Safari/8536.25" "italianfilmfestivalstlouis.com"
93.158.90.168 - - [12/Oct/2022:00:30:59 -0700] "GET /humans.txt HTTP/1.1" 404 88 "-" "Mozilla/5.0 (iPad; CPU OS 6_0 like Mac OS X) AppleWebKit/536.26 (KHTML, like Gecko) Version/6.0 Mobile/10A5355d Safari/8536.25" "italianfilmfestivalstlouis.com"
93.158.90.161 - - [12/Oct/2022:00:30:59 -0700] "GET /ads.txt HTTP/1.1" 404 88 "-" "Mozilla/5.0 (iPad; CPU OS 6_0 like Mac OS X) AppleWebKit/536.26 (KHTML, like Gecko) Version/6.0 Mobile/10A5355d Safari/8536.25" "italianfilmfestivalstlouis.com"
93.158.90.156 - - [12/Oct/2022:00:31:00 -0700] "GET / HTTP/1.1" 200 682 "-" "Mozilla/5.0 (iPad; CPU OS 6_0 like Mac OS X) AppleWebKit/536.26 (KHTML, like Gecko) Version/6.0 Mobile/10A5355d Safari/8536.25" "italianfilmfestivalstlouis.com"
5.102.173.71 - - [12/Oct/2022:00:53:02 -0700] "GET /robots.txt HTTP/1.1" 404 88 "-" "Mozilla/5.0 (compatible; MojeekBot/0.11; +https://www.mojeek.com/bot.html)" "www.italianfilmfestivalstlouis.com"
5.102.173.71 - - [12/Oct/2022:00:53:02 -0700] "GET /2017/dove_vanno.html HTTP/1.1" 200 2622 "-" "Mozilla/5.0 (compatible; MojeekBot/0.11; +https://www.mojeek.com/bot.html)" "www.italianfilmfestivalstlouis.com"
123.125.109.98 - - [12/Oct/2022:01:19:16 -0700] "GET / HTTP/1.1" 200 682 "-" "Sogou web spider/4.0(+http://www.sogou.com/docs/help/webmasters.htm#07)" "italianfilmfestivalstlouis.com"
35.196.55.139 - - [12/Oct/2022:01:38:46 -0700] "GET / HTTP/1.1" 200 682 "-" "ZoominfoBot (zoominfobot at zoominfo dot com)" "italianfilmfestivalstlouis.com"
123.183.224.77 - - [12/Oct/2022:01:42:43 -0700] "GET / HTTP/1.1" 200 682 "-" "Sogou web spider/4.0(+http://www.sogou.com/docs/help/webmasters.htm#07)" "www.italianfilmfestivalstlouis.com"
114.119.149.90 - - [12/Oct/2022:01:57:58 -0700] "GET /images?M=D HTTP/1.1" 301 1419 "http://italianfilmfestivalstlouis.com/images?M=A" "Mozilla/5.0 (Linux; Android 7.0;) AppleWebKit/537.36 (KHTML, like Gecko) Mobile Safari/537.36 (compatible; PetalBot;+https://webmaster.petalsearch.com/site/petalbot)" "italianfilmfestivalstlouis.com"
114.119.149.90 - - [12/Oct/2022:01:57:59 -0700] "GET /images/?M=D HTTP/1.1" 200 696 "http://italianfilmfestivalstlouis.com/images?M=A" "Mozilla/5.0 (Linux; Android 7.0;) AppleWebKit/537.36 (KHTML, like Gecko) Mobile Safari/537.36 (compatible; PetalBot;+https://webmaster.petalsearch.com/site/petalbot)" "italianfilmfestivalstlouis.com"
114.119.149.90 - - [12/Oct/2022:02:01:18 -0700] "GET /2012/scialla.html HTTP/1.1" 200 2630 "http://www.italianfilmfestivalstlouis.com/2012/thanks.html" "Mozilla/5.0 (Linux; Android 7.0;) AppleWebKit/537.36 (KHTML, like Gecko) Mobile Safari/537.36 (compatible; PetalBot;+https://webmaster.petalsearch.com/site/petalbot)" "www.italianfilmfestivalstlouis.com"
111.207.155.211 - - [12/Oct/2022:02:18:43 -0700] "GET / HTTP/1.1" 200 3789 "-" "Mozilla/5.0 Firefox/35.0" "italianfilmfestivalstlouis.com"
77.75.79.31 - - [12/Oct/2022:02:22:23 -0700] "GET /2013/ HTTP/1.1" 304 - "-" "Mozilla/5.0 (compatible; SeznamBot/4.0-RC1; +http://napoveda.seznam.cz/seznambot-intro/)" "www.italianfilmfestivalstlouis.com"
114.119.149.71 - - [12/Oct/2022:02:37:56 -0700] "GET /index_files/cgi-bin?D=A HTTP/1.1" 301 1431 "http://www.italianfilmfestivalstlouis.com/index_files/cgi-bin?N=A" "Mozilla/5.0 (Linux; Android 7.0;) AppleWebKit/537.36 (KHTML, like Gecko) Mobile Safari/537.36 (compatible; PetalBot;+https://webmaster.petalsearch.com/site/petalbot)" "www.italianfilmfestivalstlouis.com"
114.119.149.71 - - [12/Oct/2022:02:37:58 -0700] "GET /index_files/cgi-bin/?D=A HTTP/1.1" 200 581 "http://www.italianfilmfestivalstlouis.com/index_files/cgi-bin?N=A" "Mozilla/5.0 (Linux; Android 7.0;) AppleWebKit/537.36 (KHTML, like Gecko) Mobile Safari/537.36 (compatible; PetalBot;+https://webmaster.petalsearch.com/site/petalbot)" "www.italianfilmfestivalstlouis.com"
114.119.149.90 - - [12/Oct/2022:02:42:53 -0700] "GET /2012/sponsors_it.html HTTP/1.1" 200 3146 "http://www.italianfilmfestivalstlouis.com/2012/awards_it.html" "Mozilla/5.0 (Linux; Android 7.0;) AppleWebKit/537.36 (KHTML, like Gecko) Mobile Safari/537.36 (compatible; PetalBot;+https://webmaster.petalsearch.com/site/petalbot)" "www.italianfilmfestivalstlouis.com"
114.119.149.71 - - [12/Oct/2022:02:46:44 -0700] "GET /images HTTP/1.1" 301 1416 "https://www.italianfilmfestivalstlouis.com?C=S%3BO%3DA" "Mozilla/5.0 (Linux; Android 7.0;) AppleWebKit/537.36 (KHTML, like Gecko) Mobile Safari/537.36 (compatible; PetalBot;+https://webmaster.petalsearch.com/site/petalbot)" "www.italianfilmfestivalstlouis.com"
114.119.149.71 - - [12/Oct/2022:02:46:45 -0700] "GET /images/ HTTP/1.1" 200 696 "https://www.italianfilmfestivalstlouis.com?C=S%3BO%3DA" "Mozilla/5.0 (Linux; Android 7.0;) AppleWebKit/537.36 (KHTML, like Gecko) Mobile Safari/537.36 (compatible; PetalBot;+https://webmaster.petalsearch.com/site/petalbot)" "www.italianfilmfestivalstlouis.com"
114.119.134.41 - - [12/Oct/2022:02:58:19 -0700] "GET /robots.txt HTTP/1.1" 404 88 "-" "Mozilla/5.0 (compatible;PetalBot;+https://webmaster.petalsearch.com/site/petalbot)" "www.italianfilmfestivalstlouis.com"
93.124.96.101 - - [12/Oct/2022:03:12:32 -0700] "GET / HTTP/1.1" 200 3789 "-" "Mozilla/5.0 (Windows NT 6.3; Win64; x64) AppleWebKit/537.36 (KHTML, like Gecko) Chrome/75.0.3770.100 Safari/537.36" "www.italianfilmfestivalstlouis.com"
114.119.149.90 - - [12/Oct/2022:03:22:38 -0700] "GET /2015 HTTP/1.1" 301 1419 "https://www.italianfilmfestivalstlouis.com?C=S%3BO%3DA" "Mozilla/5.0 (Linux; Android 7.0;) AppleWebKit/537.36 (KHTML, like Gecko) Mobile Safari/537.36 (compatible; PetalBot;+https://webmaster.petalsearch.com/site/petalbot)" "www.italianfilmfestivalstlouis.com"
114.119.149.90 - - [12/Oct/2022:03:22:39 -0700] "GET /2015/ HTTP/1.1" 200 2899 "https://www.italianfilmfestivalstlouis.com?C=S%3BO%3DA" "Mozilla/5.0 (Linux; Android 7.0;) AppleWebKit/537.36 (KHTML, like Gecko) Mobile Safari/537.36 (compatible; PetalBot;+https://webmaster.petalsearch.com/site/petalbot)" "www.italianfilmfestivalstlouis.com"
114.119.149.71 - - [12/Oct/2022:03:30:15 -0700] "GET /2016/se_Dio_vuole_it.html HTTP/1.1" 200 2820 "http://italianfilmfestivalstlouis.com/2016/palio_it.html" "Mozilla/5.0 (Linux; Android 7.0;) AppleWebKit/537.36 (KHTML, like Gecko) Mobile Safari/537.36 (compatible; PetalBot;+https://webmaster.petalsearch.com/site/petalbot)" "italianfilmfestivalstlouis.com"
220.230.168.3 - - [12/Oct/2022:03:30:27 -0700] "GET /2010/assets/RAGAZZAlocandina.jpg HTTP/1.1" 200 44382 "-" "Mozilla/5.0 (X11; Ubuntu; Linux x86_64; rv:80.0) Gecko/20100101 Firefox/80.0" "italianfilmfestivalstlouis.com"
114.119.149.71 - - [12/Oct/2022:03:32:42 -0700] "GET /2017/belli_it.html HTTP/1.1" 200 2841 "https://www.italianfilmfestivalstlouis.com/2017/belli.html" "Mozilla/5.0 (Linux; Android 7.0;) AppleWebKit/537.36 (KHTML, like Gecko) Mobile Safari/537.36 (compatible; PetalBot;+https://webmaster.petalsearch.com/site/petalbot)" "www.italianfilmfestivalstlouis.com"
66.249.79.53 - - [12/Oct/2022:03:36:12 -0700] "GET /robots.txt HTTP/1.1" 404 88 "-" "Mozilla/5.0 (compatible; Googlebot/2.1; +http://www.google.com/bot.html)" "italianfilmfestivalstlouis.com"
66.249.79.48 - - [12/Oct/2022:03:36:57 -0700] "GET /ads.txt HTTP/1.1" 404 88 "-" "Mozilla/5.0 (compatible; Googlebot/2.1; +http://www.google.com/bot.html)" "italianfilmfestivalstlouis.com"
114.119.149.83 - - [12/Oct/2022:03:37:15 -0700] "GET /2011/sponsors.html HTTP/1.1" 200 3153 "http://www.italianfilmfestivalstlouis.com/2011/18_anni_dopo.html" "Mozilla/5.0 (Linux; Android 7.0;) AppleWebKit/537.36 (KHTML, like Gecko) Mobile Safari/537.36 (compatible; PetalBot;+https://webmaster.petalsearch.com/site/petalbot)" "www.italianfilmfestivalstlouis.com"
114.119.149.83 - - [12/Oct/2022:03:49:00 -0700] "GET /2015/awards.html HTTP/1.1" 200 2870 "https://www.italianfilmfestivalstlouis.com/2015/contact.html" "Mozilla/5.0 (Linux; Android 7.0;) AppleWebKit/537.36 (KHTML, like Gecko) Mobile Safari/537.36 (compatible; PetalBot;+https://webmaster.petalsearch.com/site/petalbot)" "www.italianfilmfestivalstlouis.com"
114.119.149.83 - - [12/Oct/2022:03:55:56 -0700] "GET /2006/indice_files/sponsors.html HTTP/1.1" 200 2766 "https://italianfilmfestivalstlouis.com/2006/indice_files/about.html" "Mozilla/5.0 (Linux; Android 7.0;) AppleWebKit/537.36 (KHTML, like Gecko) Mobile Safari/537.36 (compatible; PetalBot;+https://webmaster.petalsearch.com/site/petalbot)" "italianfilmfestivalstlouis.com"
114.119.149.83 - - [12/Oct/2022:04:02:54 -0700] "GET /2017/sponsors.html HTTP/1.1" 200 3150 "https://italianfilmfestivalstlouis.com/2017/directions_st_louis.html" "Mozilla/5.0 (Linux; Android 7.0;) AppleWebKit/537.36 (KHTML, like Gecko) Mobile Safari/537.36 (compatible; PetalBot;+https://webmaster.petalsearch.com/site/petalbot)" "italianfilmfestivalstlouis.com"
192.99.15.17 - - [12/Oct/2022:04:04:51 -0700] "GET /robots.txt HTTP/1.1" 404 73 "-" "Mozilla/5.0 (compatible; MJ12bot/v1.4.8; http://mj12bot.com/)" "italianfilmfestivalstlouis.com"
192.99.15.17 - - [12/Oct/2022:04:04:53 -0700] "GET /2012/benvenuti_al_sud.html HTTP/1.1" 200 2937 "-" "Mozilla/5.0 (compatible; MJ12bot/v1.4.8; http://mj12bot.com/)" "italianfilmfestivalstlouis.com"
192.99.15.17 - - [12/Oct/2022:04:04:55 -0700] "GET /2012/fughe_e_approdi.html HTTP/1.1" 200 2956 "-" "Mozilla/5.0 (compatible; MJ12bot/v1.4.8; http://mj12bot.com/)" "italianfilmfestivalstlouis.com"
192.99.15.17 - - [12/Oct/2022:04:04:56 -0700] "GET /2012/immaturi.html HTTP/1.1" 200 2818 "-" "Mozilla/5.0 (compatible; MJ12bot/v1.4.8; http://mj12bot.com/)" "italianfilmfestivalstlouis.com"
192.99.15.17 - - [12/Oct/2022:04:04:58 -0700] "GET /2012/into_paradiso.html HTTP/1.1" 200 2970 "-" "Mozilla/5.0 (compatible; MJ12bot/v1.4.8; http://mj12bot.com/)" "italianfilmfestivalstlouis.com"
192.99.15.17 - - [12/Oct/2022:04:05:00 -0700] "GET /2012/la_kryptonite_nella_borsa.html HTTP/1.1" 200 2699 "-" "Mozilla/5.0 (compatible; MJ12bot/v1.4.8; http://mj12bot.com/)" "italianfilmfestivalstlouis.com"
192.99.15.17 - - [12/Oct/2022:04:05:02 -0700] "GET /2012/matrimoni_e_altri_disastri.html HTTP/1.1" 200 2759 "-" "Mozilla/5.0 (compatible; MJ12bot/v1.4.8; http://mj12bot.com/)" "italianfilmfestivalstlouis.com"
192.99.15.17 - - [12/Oct/2022:04:05:04 -0700] "GET /2012/noi_credevamo.html HTTP/1.1" 200 2997 "-" "Mozilla/5.0 (compatible; MJ12bot/v1.4.8; http://mj12bot.com/)" "italianfilmfestivalstlouis.com"
192.99.15.17 - - [12/Oct/2022:04:05:05 -0700] "GET /2012/scialla.html HTTP/1.1" 200 2630 "-" "Mozilla/5.0 (compatible; MJ12bot/v1.4.8; http://mj12bot.com/)" "italianfilmfestivalstlouis.com"
192.99.15.17 - - [12/Oct/2022:04:05:07 -0700] "GET /2012/una_vita_tranquilla.html HTTP/1.1" 200 2868 "-" "Mozilla/5.0 (compatible; MJ12bot/v1.4.8; http://mj12bot.com/)" "italianfilmfestivalstlouis.com"
192.99.15.17 - - [12/Oct/2022:04:05:09 -0700] "GET /index_files/about.html HTTP/1.1" 200 2276 "-" "Mozilla/5.0 (compatible; MJ12bot/v1.4.8; http://mj12bot.com/)" "italianfilmfestivalstlouis.com"
192.99.15.17 - - [12/Oct/2022:04:05:11 -0700] "GET /index_files/award.html HTTP/1.1" 200 2321 "-" "Mozilla/5.0 (compatible; MJ12bot/v1.4.8; http://mj12bot.com/)" "italianfilmfestivalstlouis.com"
192.99.15.17 - - [12/Oct/2022:04:05:13 -0700] "GET /index_files/becomesponsor.html HTTP/1.1" 200 2758 "-" "Mozilla/5.0 (compatible; MJ12bot/v1.4.8; http://mj12bot.com/)" "italianfilmfestivalstlouis.com"
192.99.15.17 - - [12/Oct/2022:04:05:14 -0700] "GET /index_files/becomesponsor_error.html HTTP/1.1" 200 2745 "-" "Mozilla/5.0 (compatible; MJ12bot/v1.4.8; http://mj12bot.com/)" "italianfilmfestivalstlouis.com"
192.99.15.17 - - [12/Oct/2022:04:05:16 -0700] "GET /index_files/becomesponsor_success.html HTTP/1.1" 200 2064 "-" "Mozilla/5.0 (compatible; MJ12bot/v1.4.8; http://mj12bot.com/)" "italianfilmfestivalstlouis.com"
192.99.15.17 - - [12/Oct/2022:04:05:17 -0700] "GET /index_files/cachedata.xml HTTP/1.1" 200 492 "-" "Mozilla/5.0 (compatible; MJ12bot/v1.4.8; http://mj12bot.com/)" "italianfilmfestivalstlouis.com"
192.99.15.17 - - [12/Oct/2022:04:05:19 -0700] "GET /index_files/cgi-bin/ HTTP/1.1" 200 581 "-" "Mozilla/5.0 (compatible; MJ12bot/v1.4.8; http://mj12bot.com/)" "italianfilmfestivalstlouis.com"
192.99.15.17 - - [12/Oct/2022:04:05:21 -0700] "GET /index_files/credits.html HTTP/1.1" 200 2072 "-" "Mozilla/5.0 (compatible; MJ12bot/v1.4.8; http://mj12bot.com/)" "italianfilmfestivalstlouis.com"
192.99.15.17 - - [12/Oct/2022:04:05:23 -0700] "GET /index_files/manuale.html HTTP/1.1" 200 2761 "-" "Mozilla/5.0 (compatible; MJ12bot/v1.4.8; http://mj12bot.com/)" "italianfilmfestivalstlouis.com"
192.99.15.17 - - [12/Oct/2022:04:05:24 -0700] "GET /index_files/sponsors.html HTTP/1.1" 200 2751 "-" "Mozilla/5.0 (compatible; MJ12bot/v1.4.8; http://mj12bot.com/)" "italianfilmfestivalstlouis.com"
192.99.15.17 - - [12/Oct/2022:04:05:25 -0700] "GET /robots.txt HTTP/1.1" 404 73 "-" "Mozilla/5.0 (compatible; MJ12bot/v1.4.8; http://mj12bot.com/)" "www.italianfilmfestivalstlouis.com"
192.99.15.17 - - [12/Oct/2022:04:05:27 -0700] "GET /2006/index_files/about.html HTTP/1.1" 200 2309 "-" "Mozilla/5.0 (compatible; MJ12bot/v1.4.8; http://mj12bot.com/)" "www.italianfilmfestivalstlouis.com"
192.99.15.17 - - [12/Oct/2022:04:05:28 -0700] "GET /2006/index_files/award.html HTTP/1.1" 200 2354 "-" "Mozilla/5.0 (compatible; MJ12bot/v1.4.8; http://mj12bot.com/)" "www.italianfilmfestivalstlouis.com"
192.99.15.17 - - [12/Oct/2022:04:05:30 -0700] "GET /2006/indice_files/about.html HTTP/1.1" 200 2322 "-" "Mozilla/5.0 (compatible; MJ12bot/v1.4.8; http://mj12bot.com/)" "www.italianfilmfestivalstlouis.com"
192.99.15.17 - - [12/Oct/2022:04:06:13 -0700] "GET /2006/indice_files/caterina.html HTTP/1.1" 200 2570 "-" "Mozilla/5.0 (compatible; MJ12bot/v1.4.8; http://mj12bot.com/)" "www.italianfilmfestivalstlouis.com"
192.99.15.17 - - [12/Oct/2022:04:06:15 -0700] "GET /2006/indice_files/contact.html HTTP/1.1" 200 2238 "-" "Mozilla/5.0 (compatible; MJ12bot/v1.4.8; http://mj12bot.com/)" "www.italianfilmfestivalstlouis.com"
192.99.15.17 - - [12/Oct/2022:04:06:16 -0700] "GET /2006/indice_files/credits.html HTTP/1.1" 200 2097 "-" "Mozilla/5.0 (compatible; MJ12bot/v1.4.8; http://mj12bot.com/)" "www.italianfilmfestivalstlouis.com"
192.99.15.17 - - [12/Oct/2022:04:06:18 -0700] "GET /2006/indice_files/sponsors.html HTTP/1.1" 200 2766 "-" "Mozilla/5.0 (compatible; MJ12bot/v1.4.8; http://mj12bot.com/)" "www.italianfilmfestivalstlouis.com"
114.119.135.212 - - [12/Oct/2022:04:17:11 -0700] "GET /2010a/thanks.html HTTP/1.1" 200 1830 "https://www.italianfilmfestivalstlouis.com/2010a/press.html" "Mozilla/5.0 (Linux; Android 7.0;) AppleWebKit/537.36 (KHTML, like Gecko) Mobile Safari/537.36 (compatible; PetalBot;+https://webmaster.petalsearch.com/site/petalbot)" "www.italianfilmfestivalstlouis.com"
114.119.149.83 - - [12/Oct/2022:04:19:35 -0700] "GET /2016/noi_e_la_giulia.html HTTP/1.1" 200 2861 "http://www.italianfilmfestivalstlouis.com/2016/io_arlecchino.html" "Mozilla/5.0 (Linux; Android 7.0;) AppleWebKit/537.36 (KHTML, like Gecko) Mobile Safari/537.36 (compatible; PetalBot;+https://webmaster.petalsearch.com/site/petalbot)" "www.italianfilmfestivalstlouis.com"
157.55.39.151 - - [12/Oct/2022:04:24:39 -0700] "GET / HTTP/1.1" 200 682 "-" "Mozilla/5.0 (compatible; bingbot/2.0; +http://www.bing.com/bingbot.htm)" "www.italianfilmfestivalstlouis.com"
17.121.114.197 - - [12/Oct/2022:04:47:45 -0700] "GET /robots.txt HTTP/1.1" 404 88 "-" "Mozilla/5.0 (Macintosh; Intel Mac OS X 10_15_5) AppleWebKit/605.1.15 (KHTML, like Gecko) Version/13.1.1 Safari/605.1.15 (Applebot/0.1; +http://www.apple.com/go/applebot)" "www.italianfilmfestivalstlouis.com"
17.121.114.197 - - [12/Oct/2022:04:47:45 -0700] "GET /index_files/filelist.xml HTTP/1.1" 200 197 "-" "Mozilla/5.0 (Macintosh; Intel Mac OS X 10_15_5) AppleWebKit/605.1.15 (KHTML, like Gecko) Version/13.1.1 Safari/605.1.15 (Applebot/0.1; +http://www.apple.com/go/applebot)" "www.italianfilmfestivalstlouis.com"
114.119.149.78 - - [12/Oct/2022:04:50:50 -0700] "GET /2016/assets/STLCCmap.pdf HTTP/1.1" 200 125547 "https://italianfilmfestivalstlouis.com/2016/directions_st_louis.html" "Mozilla/5.0 (Linux; Android 7.0;) AppleWebKit/537.36 (KHTML, like Gecko) Mobile Safari/537.36 (compatible; PetalBot;+https://webmaster.petalsearch.com/site/petalbot)" "italianfilmfestivalstlouis.com"
114.119.135.212 - - [12/Oct/2022:04:53:19 -0700] "GET /2010/mid_august_lunch_it.html HTTP/1.1" 200 2756 "https://www.italianfilmfestivalstlouis.com/2010/the_girl_by_the_lake_it.html" "Mozilla/5.0 (Linux; Android 7.0;) AppleWebKit/537.36 (KHTML, like Gecko) Mobile Safari/537.36 (compatible; PetalBot;+https://webmaster.petalsearch.com/site/petalbot)" "www.italianfilmfestivalstlouis.com"
118.184.177.42 - - [12/Oct/2022:04:56:44 -0700] "GET / HTTP/1.1" 200 682 "-" "Sogou web spider/4.0(+http://www.sogou.com/docs/help/webmasters.htm#07)" "italianfilmfestivalstlouis.com"
114.119.149.78 - - [12/Oct/2022:05:05:05 -0700] "GET /Templates?S=A HTTP/1.1" 301 1427 "https://www.italianfilmfestivalstlouis.com/Templates?N=A" "Mozilla/5.0 (Linux; Android 7.0;) AppleWebKit/537.36 (KHTML, like Gecko) Mobile Safari/537.36 (compatible; PetalBot;+https://webmaster.petalsearch.com/site/petalbot)" "www.italianfilmfestivalstlouis.com"
114.119.149.78 - - [12/Oct/2022:05:05:07 -0700] "GET /Templates/?S=A HTTP/1.1" 200 383 "https://www.italianfilmfestivalstlouis.com/Templates?N=A" "Mozilla/5.0 (Linux; Android 7.0;) AppleWebKit/537.36 (KHTML, like Gecko) Mobile Safari/537.36 (compatible; PetalBot;+https://webmaster.petalsearch.com/site/petalbot)" "www.italianfilmfestivalstlouis.com"
114.119.135.212 - - [12/Oct/2022:05:07:46 -0700] "GET /2013/contact.html HTTP/1.1" 200 2346 "http://italianfilmfestivalstlouis.com/2013/terraferma.html" "Mozilla/5.0 (Linux; Android 7.0;) AppleWebKit/537.36 (KHTML, like Gecko) Mobile Safari/537.36 (compatible; PetalBot;+https://webmaster.petalsearch.com/site/petalbot)" "italianfilmfestivalstlouis.com"
114.119.149.83 - - [12/Oct/2022:05:21:15 -0700] "GET /2013/stato_il_figlio.html HTTP/1.1" 200 2941 "https://www.italianfilmfestivalstlouis.com/2013/stato_il_figlio_it.html" "Mozilla/5.0 (Linux; Android 7.0;) AppleWebKit/537.36 (KHTML, like Gecko) Mobile Safari/537.36 (compatible; PetalBot;+https://webmaster.petalsearch.com/site/petalbot)" "www.italianfilmfestivalstlouis.com"
123.125.109.98 - - [12/Oct/2022:05:38:56 -0700] "GET / HTTP/1.1" 200 682 "-" "Sogou web spider/4.0(+http://www.sogou.com/docs/help/webmasters.htm#07)" "www.italianfilmfestivalstlouis.com"
114.119.149.71 - - [12/Oct/2022:05:45:30 -0700] "GET /2014/contact.html HTTP/1.1" 200 2528 "https://www.italianfilmfestivalstlouis.com/2014/migliore_offerta.html" "Mozilla/5.0 (Linux; Android 7.0;) AppleWebKit/537.36 (KHTML, like Gecko) Mobile Safari/537.36 (compatible; PetalBot;+https://webmaster.petalsearch.com/site/petalbot)" "www.italianfilmfestivalstlouis.com"
114.119.149.78 - - [12/Oct/2022:05:47:54 -0700] "GET /2011/happy_family.html HTTP/1.1" 200 2803 "https://www.italianfilmfestivalstlouis.com/2011/index_it.html" "Mozilla/5.0 (Linux; Android 7.0;) AppleWebKit/537.36 (KHTML, like Gecko) Mobile Safari/537.36 (compatible; PetalBot;+https://webmaster.petalsearch.com/site/petalbot)" "www.italianfilmfestivalstlouis.com"
114.119.149.71 - - [12/Oct/2022:05:50:47 -0700] "GET /index_files?C=N%3BO%3DD HTTP/1.1" 301 1434 "http://www.italianfilmfestivalstlouis.com/index_files?M=D" "Mozilla/5.0 (Linux; Android 7.0;) AppleWebKit/537.36 (KHTML, like Gecko) Mobile Safari/537.36 (compatible; PetalBot;+https://webmaster.petalsearch.com/site/petalbot)" "www.italianfilmfestivalstlouis.com"
114.119.149.71 - - [12/Oct/2022:05:50:47 -0700] "GET /index_files/?C=N%3BO%3DD HTTP/1.1" 200 1004 "http://www.italianfilmfestivalstlouis.com/index_files?M=D" "Mozilla/5.0 (Linux; Android 7.0;) AppleWebKit/537.36 (KHTML, like Gecko) Mobile Safari/537.36 (compatible; PetalBot;+https://webmaster.petalsearch.com/site/petalbot)" "www.italianfilmfestivalstlouis.com"
114.119.149.78 - - [12/Oct/2022:06:07:06 -0700] "GET /2011/generazione_mille_euro.html HTTP/1.1" 200 2753 "https://italianfilmfestivalstlouis.com/2011/generazione_mille_euro_it.html" "Mozilla/5.0 (Linux; Android 7.0;) AppleWebKit/537.36 (KHTML, like Gecko) Mobile Safari/537.36 (compatible; PetalBot;+https://webmaster.petalsearch.com/site/petalbot)" "italianfilmfestivalstlouis.com"
114.119.149.83 - - [12/Oct/2022:06:09:37 -0700] "GET /2009/film3_stl_it.html HTTP/1.1" 200 2883 "https://www.italianfilmfestivalstlouis.com/2009/fiilm1_stl_it.html" "Mozilla/5.0 (Linux; Android 7.0;) AppleWebKit/537.36 (KHTML, like Gecko) Mobile Safari/537.36 (compatible; PetalBot;+https://webmaster.petalsearch.com/site/petalbot)" "www.italianfilmfestivalstlouis.com"
114.119.149.83 - - [12/Oct/2022:06:22:39 -0700] "GET /index_files/cgi-bin/?C=N%3BO%3DD HTTP/1.1" 200 581 "http://www.italianfilmfestivalstlouis.com/index_files/cgi-bin?S=D" "Mozilla/5.0 (Linux; Android 7.0;) AppleWebKit/537.36 (KHTML, like Gecko) Mobile Safari/537.36 (compatible; PetalBot;+https://webmaster.petalsearch.com/site/petalbot)" "www.italianfilmfestivalstlouis.com"
157.55.39.52 - - [12/Oct/2022:06:28:26 -0700] "GET / HTTP/1.1" 200 682 "-" "Mozilla/5.0 (compatible; bingbot/2.0; +http://www.bing.com/bingbot.htm)" "www.italianfilmfestivalstlouis.com"
114.119.149.83 - - [12/Oct/2022:06:44:39 -0700] "GET /2017 HTTP/1.1" 301 1414 "http://italianfilmfestivalstlouis.com/" "Mozilla/5.0 (Linux; Android 7.0;) AppleWebKit/537.36 (KHTML, like Gecko) Mobile Safari/537.36 (compatible; PetalBot;+https://webmaster.petalsearch.com/site/petalbot)" "italianfilmfestivalstlouis.com"
114.119.149.83 - - [12/Oct/2022:06:44:39 -0700] "GET /2017/ HTTP/1.1" 200 2975 "http://italianfilmfestivalstlouis.com/" "Mozilla/5.0 (Linux; Android 7.0;) AppleWebKit/537.36 (KHTML, like Gecko) Mobile Safari/537.36 (compatible; PetalBot;+https://webmaster.petalsearch.com/site/petalbot)" "italianfilmfestivalstlouis.com"
157.55.39.52 - - [12/Oct/2022:06:48:37 -0700] "GET /2008/film2_stl.html HTTP/1.1" 200 2916 "-" "Mozilla/5.0 (compatible; bingbot/2.0; +http://www.bing.com/bingbot.htm)" "italianfilmfestivalstlouis.com"
54.36.148.231 - - [12/Oct/2022:07:04:29 -0700] "GET /robots.txt HTTP/1.1" 404 88 "-" "Mozilla/5.0 (compatible; AhrefsBot/7.0; +http://ahrefs.com/robot/)" "www.italianfilmfestivalstlouis.com"
114.119.149.90 - - [12/Oct/2022:07:10:49 -0700] "GET /SpryAssets/?C=D%3BO%3DA HTTP/1.1" 200 315 "http://www.italianfilmfestivalstlouis.com/SpryAssets?C=N%3BO%3DD" "Mozilla/5.0 (Linux; Android 7.0;) AppleWebKit/537.36 (KHTML, like Gecko) Mobile Safari/537.36 (compatible; PetalBot;+https://webmaster.petalsearch.com/site/petalbot)" "www.italianfilmfestivalstlouis.com"
114.119.149.78 - - [12/Oct/2022:07:33:06 -0700] "GET /2012/una_vita_tranquilla_it.html HTTP/1.1" 200 2858 "http://www.italianfilmfestivalstlouis.com/2012/benvenuti_al_sud_it.html" "Mozilla/5.0 (Linux; Android 7.0;) AppleWebKit/537.36 (KHTML, like Gecko) Mobile Safari/537.36 (compatible; PetalBot;+https://webmaster.petalsearch.com/site/petalbot)" "www.italianfilmfestivalstlouis.com"
114.119.135.212 - - [12/Oct/2022:08:04:18 -0700] "GET /tmp HTTP/1.1" 301 1418 "https://www.italianfilmfestivalstlouis.com?C=S%3BO%3DA" "Mozilla/5.0 (Linux; Android 7.0;) AppleWebKit/537.36 (KHTML, like Gecko) Mobile Safari/537.36 (compatible; PetalBot;+https://webmaster.petalsearch.com/site/petalbot)" "www.italianfilmfestivalstlouis.com"
114.119.135.212 - - [12/Oct/2022:08:04:22 -0700] "GET /tmp/ HTTP/1.1" 403 170 "https://www.italianfilmfestivalstlouis.com?C=S%3BO%3DA" "Mozilla/5.0 (Linux; Android 7.0;) AppleWebKit/537.36 (KHTML, like Gecko) Mobile Safari/537.36 (compatible; PetalBot;+https://webmaster.petalsearch.com/site/petalbot)" "www.italianfilmfestivalstlouis.com"
54.36.148.147 - - [12/Oct/2022:08:11:45 -0700] "GET /robots.txt HTTP/1.1" 404 88 "-" "Mozilla/5.0 (compatible; AhrefsBot/7.0; +http://ahrefs.com/robot/)" "italianfilmfestivalstlouis.com"
114.119.149.83 - - [12/Oct/2022:08:17:25 -0700] "GET /2009/film4_stl_it.html HTTP/1.1" 200 2927 "http://italianfilmfestivalstlouis.com/2009/film4_stl.html" "Mozilla/5.0 (Linux; Android 7.0;) AppleWebKit/537.36 (KHTML, like Gecko) Mobile Safari/537.36 (compatible; PetalBot;+https://webmaster.petalsearch.com/site/petalbot)" "italianfilmfestivalstlouis.com"
51.158.103.247 - - [12/Oct/2022:08:20:04 -0700] "GET / HTTP/1.1" 200 3789 "-" "-" "italianfilmfestivalstlouis.com"
114.119.149.90 - - [12/Oct/2022:08:35:14 -0700] "GET /2008/film6_stl.html HTTP/1.1" 200 3034 "http://italianfilmfestivalstlouis.com/2008/film2_stl.html" "Mozilla/5.0 (Linux; Android 7.0;) AppleWebKit/537.36 (KHTML, like Gecko) Mobile Safari/537.36 (compatible; PetalBot;+https://webmaster.petalsearch.com/site/petalbot)" "italianfilmfestivalstlouis.com"
114.119.149.90 - - [12/Oct/2022:09:30:18 -0700] "GET /2007?M=D HTTP/1.1" 301 1419 "http://italianfilmfestivalstlouis.com/2007?M=A" "Mozilla/5.0 (Linux; Android 7.0;) AppleWebKit/537.36 (KHTML, like Gecko) Mobile Safari/537.36 (compatible; PetalBot;+https://webmaster.petalsearch.com/site/petalbot)" "italianfilmfestivalstlouis.com"
114.119.149.90 - - [12/Oct/2022:09:30:18 -0700] "GET /2007/?M=D HTTP/1.1" 200 312 "http://italianfilmfestivalstlouis.com/2007?M=A" "Mozilla/5.0 (Linux; Android 7.0;) AppleWebKit/537.36 (KHTML, like Gecko) Mobile Safari/537.36 (compatible; PetalBot;+https://webmaster.petalsearch.com/site/petalbot)" "italianfilmfestivalstlouis.com"
114.119.149.78 - - [12/Oct/2022:09:51:04 -0700] "GET /2015/ultima_ruota.html HTTP/1.1" 200 3000 "http://italianfilmfestivalstlouis.com/2015/awards.html" "Mozilla/5.0 (Linux; Android 7.0;) AppleWebKit/537.36 (KHTML, like Gecko) Mobile Safari/537.36 (compatible; PetalBot;+https://webmaster.petalsearch.com/site/petalbot)" "italianfilmfestivalstlouis.com"
185.191.171.22 - - [12/Oct/2022:10:02:59 -0700] "GET /robots.txt HTTP/1.1" 404 88 "-" "Mozilla/5.0 (compatible; SemrushBot/7~bl; +http://www.semrush.com/bot.html)" "italianfilmfestivalstlouis.com"
185.191.171.38 - - [12/Oct/2022:10:02:59 -0700] "GET /2017/awards_it.html HTTP/1.1" 200 2692 "-" "Mozilla/5.0 (compatible; SemrushBot/7~bl; +http://www.semrush.com/bot.html)" "italianfilmfestivalstlouis.com"
185.191.171.25 - - [12/Oct/2022:10:04:06 -0700] "GET /2010a/press_it.html HTTP/1.1" 200 2135 "-" "Mozilla/5.0 (compatible; SemrushBot/7~bl; +http://www.semrush.com/bot.html)" "italianfilmfestivalstlouis.com"
207.46.13.144 - - [12/Oct/2022:10:25:21 -0700] "GET /index_files/centopassi.html HTTP/1.1" 304 - "-" "Mozilla/5.0 (compatible; bingbot/2.0; +http://www.bing.com/bingbot.htm)" "www.italianfilmfestivalstlouis.com"
51.222.253.14 - - [12/Oct/2022:10:32:28 -0700] "GET /robots.txt HTTP/1.1" 404 88 "-" "Mozilla/5.0 (compatible; AhrefsBot/7.0; +http://ahrefs.com/robot/)" "italianfilmfestivalstlouis.com"
5.188.62.21 - - [12/Oct/2022:10:38:56 -0700] "GET / HTTP/1.1" 200 682 "-" "Mozilla/5.0 (Windows NT 10.0; Win64; x64) AppleWebKit/537.36 (KHTML, like Gecko) Chrome/100.0.4896.127 Safari/537.36" "italianfilmfestivalstlouis.com"
114.119.149.78 - - [12/Oct/2022:10:42:02 -0700] "GET /images?D=A HTTP/1.1" 301 1419 "http://italianfilmfestivalstlouis.com/images?M=A" "Mozilla/5.0 (Linux; Android 7.0;) AppleWebKit/537.36 (KHTML, like Gecko) Mobile Safari/537.36 (compatible; PetalBot;+https://webmaster.petalsearch.com/site/petalbot)" "italianfilmfestivalstlouis.com"
114.119.149.78 - - [12/Oct/2022:10:42:08 -0700] "GET /images/?D=A HTTP/1.1" 200 696 "http://italianfilmfestivalstlouis.com/images?M=A" "Mozilla/5.0 (Linux; Android 7.0;) AppleWebKit/537.36 (KHTML, like Gecko) Mobile Safari/537.36 (compatible; PetalBot;+https://webmaster.petalsearch.com/site/petalbot)" "italianfilmfestivalstlouis.com"
185.191.171.13 - - [12/Oct/2022:10:46:44 -0700] "GET /robots.txt HTTP/1.1" 404 88 "-" "Mozilla/5.0 (compatible; SemrushBot/7~bl; +http://www.semrush.com/bot.html)" "www.italianfilmfestivalstlouis.com"
185.191.171.22 - - [12/Oct/2022:10:46:44 -0700] "GET /2016/la_buca.html HTTP/1.1" 200 2754 "-" "Mozilla/5.0 (compatible; SemrushBot/7~bl; +http://www.semrush.com/bot.html)" "www.italianfilmfestivalstlouis.com"
185.191.171.14 - - [12/Oct/2022:10:48:02 -0700] "GET /2013/awards_it.html HTTP/1.1" 200 2412 "-" "Mozilla/5.0 (compatible; SemrushBot/7~bl; +http://www.semrush.com/bot.html)" "italianfilmfestivalstlouis.com"
185.191.171.37 - - [12/Oct/2022:10:56:33 -0700] "GET /2016/se_Dio_vuole.html HTTP/1.1" 200 2774 "-" "Mozilla/5.0 (compatible; SemrushBot/7~bl; +http://www.semrush.com/bot.html)" "italianfilmfestivalstlouis.com"
5.188.62.21 - - [12/Oct/2022:10:58:37 -0700] "GET / HTTP/1.1" 200 682 "http://italianfilmfestivalstlouis.com/" "Mozilla/5.0 (Windows NT 6.1; WOW64) AppleWebKit/537.36 (KHTML, like Gecko) Chrome/100.0.4895.86 Safari/537.36" "italianfilmfestivalstlouis.com"
5.188.62.21 - - [12/Oct/2022:10:58:42 -0700] "GET /admin/ HTTP/1.1" 404 88 "http://italianfilmfestivalstlouis.com/" "Mozilla/5.0 (Windows NT 6.1; WOW64) AppleWebKit/537.36 (KHTML, like Gecko) Chrome/100.0.4895.86 Safari/537.36" "italianfilmfestivalstlouis.com"
185.191.171.16 - - [12/Oct/2022:11:01:23 -0700] "GET /2016/noi_e_la_giulia.html HTTP/1.1" 200 2861 "-" "Mozilla/5.0 (compatible; SemrushBot/7~bl; +http://www.semrush.com/bot.html)" "italianfilmfestivalstlouis.com"
185.191.171.20 - - [12/Oct/2022:11:05:52 -0700] "GET /robots.txt HTTP/1.1" 404 88 "-" "Mozilla/5.0 (compatible; SemrushBot/7~bl; +http://www.semrush.com/bot.html)" "italianfilmfestivalstlouis.com"
185.191.171.26 - - [12/Oct/2022:11:06:43 -0700] "GET /2015/capitale_umano_it.html HTTP/1.1" 200 3181 "-" "Mozilla/5.0 (compatible; SemrushBot/7~bl; +http://www.semrush.com/bot.html)" "italianfilmfestivalstlouis.com"
114.119.149.90 - - [12/Oct/2022:11:10:37 -0700] "GET /2016/noi_e_la_giulia_it.html HTTP/1.1" 200 2962 "http://italianfilmfestivalstlouis.com/2016/palio_it.html" "Mozilla/5.0 (Linux; Android 7.0;) AppleWebKit/537.36 (KHTML, like Gecko) Mobile Safari/537.36 (compatible; PetalBot;+https://webmaster.petalsearch.com/site/petalbot)" "italianfilmfestivalstlouis.com"
114.119.135.212 - - [12/Oct/2022:11:14:02 -0700] "GET /Templates HTTP/1.1" 301 1422 "https://italianfilmfestivalstlouis.com?C=D%3BO%3DA" "Mozilla/5.0 (Linux; Android 7.0;) AppleWebKit/537.36 (KHTML, like Gecko) Mobile Safari/537.36 (compatible; PetalBot;+https://webmaster.petalsearch.com/site/petalbot)" "italianfilmfestivalstlouis.com"
114.119.135.212 - - [12/Oct/2022:11:14:03 -0700] "GET /Templates/ HTTP/1.1" 200 383 "https://italianfilmfestivalstlouis.com?C=D%3BO%3DA" "Mozilla/5.0 (Linux; Android 7.0;) AppleWebKit/537.36 (KHTML, like Gecko) Mobile Safari/537.36 (compatible; PetalBot;+https://webmaster.petalsearch.com/site/petalbot)" "italianfilmfestivalstlouis.com"
114.119.149.71 - - [12/Oct/2022:11:17:49 -0700] "GET /2017/press.html HTTP/1.1" 200 2082 "https://www.italianfilmfestivalstlouis.com/2017/belli.html" "Mozilla/5.0 (Linux; Android 7.0;) AppleWebKit/537.36 (KHTML, like Gecko) Mobile Safari/537.36 (compatible; PetalBot;+https://webmaster.petalsearch.com/site/petalbot)" "www.italianfilmfestivalstlouis.com"
185.191.171.7 - - [12/Oct/2022:11:23:10 -0700] "GET /2013/stato_il_figlio.html HTTP/1.1" 200 2941 "-" "Mozilla/5.0 (compatible; SemrushBot/7~bl; +http://www.semrush.com/bot.html)" "italianfilmfestivalstlouis.com"
